{"id":120,"date":"2024-06-06T12:03:19","date_gmt":"2024-06-06T09:03:19","guid":{"rendered":"https:\/\/digipooli.teknologiateollisuus.fi\/?page_id=120"},"modified":"2025-06-23T12:37:23","modified_gmt":"2025-06-23T09:37:23","slug":"tietoa-meista","status":"publish","type":"page","link":"https:\/\/teknologiateollisuus.fi\/digipooli\/tietoa-meista\/","title":{"rendered":"Mik\u00e4 Digipooli &#8211; mist\u00e4 on kyse?"},"content":{"rendered":"\n<div class=\"em-block-hero hero-has-background-color has-background has-violet-background-color collapse media-position-right \">\n\t<div class=\"em-block-hero__container\">\n\t\t<div class=\"em-block-hero__content\">\n\t\t\t<div class=\"yoast-breadcrumbs\"><span><span><a href=\"https:\/\/teknologiateollisuus.fi\/digipooli\/\">Etusivu<\/a><\/span> <span class=\"separator\"><\/span> <span class=\"breadcrumb_last\" aria-current=\"page\">Mik\u00e4 Digipooli &#8211; mist\u00e4 on kyse?<\/span><\/span><\/div>\t\t\t\n<h1 class=\"wp-block-heading\" id=\"h-digipooli\">Digipooli<\/h1>\n\n<p>Huoltovarmuusorganisaation Digipooli<\/p>\n\t\t\t<div class=\"em-block-hero__modified-date\"> P\u00e4ivitetty 23.06.2025 klo 12:37<\/div>\t\t<\/div>\n\t\t\t\t\t<figure class=\"em-block-hero__image\">\n\t\t\t\t\t\t\t<\/figure>\n\t\t\t<\/div>\n<\/div>\n\n\n\n<p>Digipooli toimii Huoltovarmuusorganisaatiossa ICT alan varautumisen kehitt\u00e4j\u00e4n\u00e4 ja muiden alojen ICT varautumisen tukijana. Digipooli toimii Teknologiateollisuudessa osana &#8221;Ennakointi ja Varautuminen&#8221; tiimi\u00e4 &#8221;Toimialat ja liiketoiminnan jatkuvuus&#8221; yksik\u00f6ss\u00e4.<\/p>\n\n\n\n<div class=\"wp-block-group alignfull is-style-color-bar has-violet-color has-light-gray-background-color has-text-color has-background has-link-color wp-elements-a8e88041a2b2edaf61c911ad70ba6aca is-layout-constrained wp-block-group-is-layout-constrained\">\n<figure class=\"wp-block-pullquote\"><blockquote><p>Purpose \/ Tarkoitus: <br><strong>Suomen digitaalisen huoltovarmuuden vahvistaminen<\/strong><br><br>Missio\/Tavoite: <br><strong>Suomalaisilla yrityksill\u00e4 on ymm\u00e4rrys, tahto ja kyky toimia Digitaalisen huoltovarmuuden vahvistamiseksi<\/strong><\/p><cite>Digipoolin OKR (Objectives and keyresults) 2025<\/cite><\/blockquote><\/figure>\n<\/div>\n\n\n\n<p>Digipooli kehitt\u00e4\u00e4 ICT-alan jatkuvuuden- ja riskienhallintaa sek\u00e4 varautumista. P\u00e4\u00e4m\u00e4\u00e4r\u00e4n\u00e4 sparrata yritykset parempaan suoritukseen n\u00e4iss\u00e4 aiheissa.<\/p>\n\n\n\n<p>Digipooli on yritysten ja viranomaisten yhteisty\u00f6h\u00f6n perustuva luottamusverkosto, joka edist\u00e4\u00e4 yhteiskunnan digitaalista turvallisuutta. Vahvistamme yritysten kyky\u00e4 ennakoida h\u00e4iri\u00f6tilanteita ja toipua niist\u00e4, sill\u00e4 iskunkest\u00e4v\u00e4 digitaalinen yhteiskunta rakennetaan yhdess\u00e4. Autamme yrityksi\u00e4 menestym\u00e4\u00e4n vastuullisesti ja turvallisesti.<\/p>\n\n\n\n<p>Digipoolin toiminnan tavoitteita (O l. Objectives) kuvataan n\u00e4in:<\/p>\n\n\n\n<ul class=\"wp-block-list\">\n<li>O1: Parannamme Digipoolin yritysten ymm\u00e4rryst\u00e4 ja kyky\u00e4 varautua normaaliolojen h\u00e4iri\u00f6tilanteisiin ja poikkeusoloihin<\/li>\n\n\n\n<li>O2: Vahvistamme muiden poolien yritysten digitaalista huoltovarmuutta tarjoamalla asiantuntijuutta ja harjoituksia osaamisen kehitt\u00e4misen tueksi<\/li>\n\n\n\n<li>O3: Digipooli tuottaa tietoa ja n\u00e4kemyst\u00e4 ketter\u00e4ll\u00e4 p\u00e4\u00e4t\u00f6ksenteolla<\/li>\n<\/ul>\n\n\n\n<p>.<\/p>\n\n\n\n<figure class=\"wp-block-image size-full\"><img loading=\"lazy\" decoding=\"async\" width=\"650\" height=\"350\" src=\"https:\/\/digipooli.teknologiateollisuus.fi\/wp-content\/uploads\/sites\/12\/2024\/08\/DPRyhmat.jpg\" alt=\"\" class=\"wp-image-210\" srcset=\"https:\/\/teknologiateollisuus.fi\/digipooli\/wp-content\/uploads\/sites\/12\/2024\/08\/DPRyhmat.jpg 650w, https:\/\/teknologiateollisuus.fi\/digipooli\/wp-content\/uploads\/sites\/12\/2024\/08\/DPRyhmat-400x215.jpg 400w\" sizes=\"auto, (max-width: 650px) 100vw, 650px\" \/><\/figure>\n\n\n\n<p>Verkostoomme kuuluu toista sataa alan yrityst\u00e4 ja niiden edustajia. Lis\u00e4ksi mukana toiminnassa ovat kaikki oleelliset viranomaiset. Poolin toimintaa ohjataan Teknologiateollisuus Ry:st\u00e4, miss\u00e4 Digipoolin parissa ty\u00f6skentelee useita henkil\u00f6it\u00e4.<\/p>\n\n\n\n<p>Digipoolissa toimii Ryhmi\u00e4 ja jaoksia &#8211; ryhm\u00e4t edustavat pysyvi\u00e4 rakenteita ja jaokset m\u00e4\u00e4r\u00e4aikaisia rakenteita. Jaokset edist\u00e4v\u00e4t huoltovarmuutta teema-aiheissaan m\u00e4\u00e4riteltyjen tavoitteiden toteuttamiseksi. 2025 toimivia ryhmi\u00e4 ja jaoksia ovat:<\/p>\n\n\n\n<p>&#8211; <strong>Johtoryhm\u00e4<\/strong> &#8211; m\u00e4\u00e4rittelee strategiamme &#8211; tavoitteet ja painopisteet tuleville vuosille. Elinkeinoel\u00e4m\u00e4n vet\u00e4m\u00e4 ryhm\u00e4, miss\u00e4 ovat mukana aihealueella relevanttien viranomaisten edustus.<\/p>\n\n\n\n<p>&#8211; <strong>Kyberryhm\u00e4 <\/strong>&#8211; edustaa n\u00e4kemyst\u00e4 Kyber aiheisen kehityksen tilasta eri toimialoilla. Elinkeinoel\u00e4m\u00e4n edustajia huoltovarmuusorganisaation eri aloilta.\u00a0<\/p>\n\n\n\n<p>&#8211; <strong>ICT-ryhm\u00e4<\/strong> &#8211; edustaa ICT aiheista tarjoomaa huoltovarmuusorganisaatiolle sek\u00e4 ICT yritysten oman varautumisen tilaa. Otos Digipoolin verkoston yrityksist\u00e4 &#8211; merkitt\u00e4vi\u00e4 ICT palvelutuottajia.<\/p>\n\n\n\n<p>&#8211; <strong>Pilvipalvelut jaos<\/strong> &#8211; edist\u00e4\u00e4 pilvipalveluiden k\u00e4ytt\u00f6\u00e4 varautumisen v\u00e4lineen\u00e4 sek\u00e4 huoltovarmuutta edist\u00e4v\u00e4n p\u00e4\u00e4t\u00f6ksentekoprosessin k\u00e4ytt\u00f6\u00e4 yrityksiss\u00e4 &#8211; Huoltovarmuusorganisaation pilvipalveluita hy\u00f6dynt\u00e4vi\u00e4 yrityksi\u00e4, pilvipalveluita hy\u00f6dynt\u00e4vi\u00e4 julkishallinnon edustajia sek\u00e4 palvelutuottajia.<\/p>\n\n\n\n<p>&#8211; <strong>Datacenter palvelut jaos<\/strong> &#8211; edist\u00e4\u00e4 konesalipalveluiden huoltovarmuutta ja konesalipalveluita osana kotimaista j\u00e4rjestelm\u00e4\u00e4 &#8211; huoltovarmuusorganisaation yritysedustusta &#8211; palveluiden k\u00e4ytt\u00e4ji\u00e4 ja tarjoajia.<\/p>\n\n\n\n<p>&#8211; <strong>Tietoturvapalvelut (DFIR) jaos<\/strong> &#8211; edist\u00e4\u00e4 palveluiden k\u00e4ytt\u00f6\u00e4 ja saatavuutta ja sit\u00e4 kautta huoltovarmuutta huoltovarmuusorganisaation yrityksiss\u00e4 &#8211; huoltovarmuusorganisaation yritysedustusta &#8211; palveluiden k\u00e4ytt\u00e4ji\u00e4 ja tarjoajia.<\/p>\n\n\n\n<p>Lue lis\u00e4\u00e4 huoltovarmuusorganisaatiosta (HVO) ja digipoolista Huoltovarmuuskeskuksen sivuilta:<\/p>\n\n\n\n<div class=\"wp-block-evermade-links em-block-links has-columns-1\">\n<a\n\tclass=\"wp-block-evermade-external-link em-block-link is-external   has-subtitle\"\n\thref=\"https:\/\/\"\n\taria-label=\"Avaa uudessa v\u00e4lilehdess\u00e4\"\n\ttarget=\"_blank\"\n\trel=\"noopener noreferrer\"\n>\n\t<div class=\"em-block-link__content\">\n\t\t<span class=\"em-block-link__title\">\n\t\t\thttps:\/\/www.huoltovarmuuskeskus.fi\/huoltovarmuusorganisaatio\t\t<\/span>\n\t\t\t\t\t<span class=\"em-block-link__subtitle\">\n\t\t\t\tTietoa Huoltovarmuusorganisaatiosta (HVO)\t\t\t<\/span>\n\t\t\t<\/div>\n\t<div class=\"em-block-link__arrow\"><\/div>\n\t<div class=\"em-block-link__pressable\"><\/div>\n<\/a>\n\n\n\n<a\n\tclass=\"wp-block-evermade-external-link em-block-link is-external   has-subtitle\"\n\thref=\"https:\/\/\"\n\taria-label=\"Avaa uudessa v\u00e4lilehdess\u00e4\"\n\ttarget=\"_blank\"\n\trel=\"noopener noreferrer\"\n>\n\t<div class=\"em-block-link__content\">\n\t\t<span class=\"em-block-link__title\">\n\t\t\thttps:\/\/www.huoltovarmuuskeskus.fi\/toimialat\t\t<\/span>\n\t\t\t\t\t<span class=\"em-block-link__subtitle\">\n\t\t\t\tHuoltovarmuusorganisaation toimialoista\t\t\t<\/span>\n\t\t\t<\/div>\n\t<div class=\"em-block-link__arrow\"><\/div>\n\t<div class=\"em-block-link__pressable\"><\/div>\n<\/a>\n\n\n\n<a\n\tclass=\"wp-block-evermade-external-link em-block-link is-external   has-subtitle\"\n\thref=\"https:\/\/\"\n\taria-label=\"Avaa uudessa v\u00e4lilehdess\u00e4\"\n\ttarget=\"_blank\"\n\trel=\"noopener noreferrer\"\n>\n\t<div class=\"em-block-link__content\">\n\t\t<span class=\"em-block-link__title\">\n\t\t\thttps:\/\/www.huoltovarmuuskeskus.fi\/toimialat\/tietoyhteiskunta\/poolit\t\t<\/span>\n\t\t\t\t\t<span class=\"em-block-link__subtitle\">\n\t\t\t\tDigipoolista Huoltovarmuuskeskuksen sivuilla\t\t\t<\/span>\n\t\t\t<\/div>\n\t<div class=\"em-block-link__arrow\"><\/div>\n\t<div class=\"em-block-link__pressable\"><\/div>\n<\/a>\n<\/div>\n","protected":false},"excerpt":{"rendered":"<p>Digipooli toimii Huoltovarmuusorganisaatiossa ICT alan varautumisen kehitt\u00e4j\u00e4n\u00e4 ja muiden alojen ICT varautumisen tukijana. Digipooli toimii Teknologiateollisuudessa osana &#8221;Ennakointi ja Varautuminen&#8221; tiimi\u00e4 &#8221;Toimialat ja liiketoiminnan jatkuvuus&#8221; yksik\u00f6ss\u00e4. Purpose \/ Tarkoitus: Suomen digitaalisen huoltovarmuuden vahvistaminen Missio\/Tavoite: Suomalaisilla yrityksill\u00e4 on ymm\u00e4rrys, tahto ja kyky toimia Digitaalisen huoltovarmuuden vahvistamiseksi Digipoolin OKR (Objectives and keyresults) 2025 Digipooli kehitt\u00e4\u00e4 ICT-alan jatkuvuuden- [&hellip;]<\/p>\n","protected":false},"author":8,"featured_media":540,"parent":0,"menu_order":0,"comment_status":"closed","ping_status":"closed","template":"","meta":{"_acf_changed":false,"_relevanssi_hide_post":"","_relevanssi_hide_content":"","_relevanssi_pin_for_all":"","_relevanssi_pin_keywords":"","_relevanssi_unpin_keywords":"","_relevanssi_related_keywords":"","_relevanssi_related_include_ids":"","_relevanssi_related_exclude_ids":"","_relevanssi_related_no_append":"","_relevanssi_related_not_related":"","_relevanssi_related_posts":"56,53,55,54,57,48","_relevanssi_noindex_reason":"","inline_featured_image":false,"footnotes":""},"class_list":["post-120","page","type-page","status-publish","has-post-thumbnail","hentry"],"acf":[],"yoast_head":"<!-- This site is optimized with the Yoast SEO Premium plugin v27.1 (Yoast SEO v27.3) - https:\/\/yoast.com\/product\/yoast-seo-premium-wordpress\/ -->\n<title>Mik\u00e4 Digipooli - mist\u00e4 on kyse? - Digipooli<\/title>\n<meta name=\"robots\" content=\"index, follow, max-snippet:-1, max-image-preview:large, max-video-preview:-1\" \/>\n<link rel=\"canonical\" href=\"https:\/\/teknologiateollisuus.fi\/digipooli\/tietoa-meista\/\" \/>\n<meta property=\"og:locale\" content=\"fi_FI\" \/>\n<meta property=\"og:type\" content=\"article\" \/>\n<meta property=\"og:title\" content=\"Mik\u00e4 Digipooli - mist\u00e4 on kyse?\" \/>\n<meta property=\"og:description\" content=\"Digipooli toimii Huoltovarmuusorganisaatiossa ICT alan varautumisen kehitt\u00e4j\u00e4n\u00e4 ja muiden alojen ICT varautumisen tukijana. Digipooli toimii Teknologiateollisuudessa osana &#8221;Ennakointi ja Varautuminen&#8221; tiimi\u00e4 &#8221;Toimialat ja liiketoiminnan jatkuvuus&#8221; yksik\u00f6ss\u00e4. Purpose \/ Tarkoitus: Suomen digitaalisen huoltovarmuuden vahvistaminen Missio\/Tavoite: Suomalaisilla yrityksill\u00e4 on ymm\u00e4rrys, tahto ja kyky toimia Digitaalisen huoltovarmuuden vahvistamiseksi Digipoolin OKR (Objectives and keyresults) 2025 Digipooli kehitt\u00e4\u00e4 ICT-alan jatkuvuuden- [&hellip;]\" \/>\n<meta property=\"og:url\" content=\"https:\/\/teknologiateollisuus.fi\/digipooli\/tietoa-meista\/\" \/>\n<meta property=\"og:site_name\" content=\"Digipooli\" \/>\n<meta property=\"article:modified_time\" content=\"2025-06-23T09:37:23+00:00\" \/>\n<meta property=\"og:image\" content=\"https:\/\/teknologiateollisuus.fi\/digipooli\/wp-content\/uploads\/sites\/12\/2025\/03\/hvo_digipooli_logo_pysty_rgb_03_pieni.png\" \/>\n\t<meta property=\"og:image:width\" content=\"800\" \/>\n\t<meta property=\"og:image:height\" content=\"436\" \/>\n\t<meta property=\"og:image:type\" content=\"image\/png\" \/>\n<meta name=\"twitter:card\" content=\"summary_large_image\" \/>\n<meta name=\"twitter:label1\" content=\"Arvioitu lukuaika\" \/>\n\t<meta name=\"twitter:data1\" content=\"3 minuuttia\" \/>\n<script type=\"application\/ld+json\" class=\"yoast-schema-graph\">{\"@context\":\"https:\\\/\\\/schema.org\",\"@graph\":[{\"@type\":\"WebPage\",\"@id\":\"https:\\\/\\\/teknologiateollisuus.fi\\\/digipooli\\\/tietoa-meista\\\/\",\"url\":\"https:\\\/\\\/teknologiateollisuus.fi\\\/digipooli\\\/tietoa-meista\\\/\",\"name\":\"Mik\u00e4 Digipooli - mist\u00e4 on kyse? - Digipooli\",\"isPartOf\":{\"@id\":\"https:\\\/\\\/teknologiateollisuus.fi\\\/digipooli\\\/#website\"},\"primaryImageOfPage\":{\"@id\":\"https:\\\/\\\/teknologiateollisuus.fi\\\/digipooli\\\/tietoa-meista\\\/#primaryimage\"},\"image\":{\"@id\":\"https:\\\/\\\/teknologiateollisuus.fi\\\/digipooli\\\/tietoa-meista\\\/#primaryimage\"},\"thumbnailUrl\":\"https:\\\/\\\/teknologiateollisuus.fi\\\/digipooli\\\/wp-content\\\/uploads\\\/sites\\\/12\\\/2025\\\/03\\\/hvo_digipooli_logo_pysty_rgb_03_pieni.png\",\"datePublished\":\"2024-06-06T09:03:19+00:00\",\"dateModified\":\"2025-06-23T09:37:23+00:00\",\"breadcrumb\":{\"@id\":\"https:\\\/\\\/teknologiateollisuus.fi\\\/digipooli\\\/tietoa-meista\\\/#breadcrumb\"},\"inLanguage\":\"fi\",\"potentialAction\":[{\"@type\":\"ReadAction\",\"target\":[\"https:\\\/\\\/teknologiateollisuus.fi\\\/digipooli\\\/tietoa-meista\\\/\"]}]},{\"@type\":\"ImageObject\",\"inLanguage\":\"fi\",\"@id\":\"https:\\\/\\\/teknologiateollisuus.fi\\\/digipooli\\\/tietoa-meista\\\/#primaryimage\",\"url\":\"https:\\\/\\\/teknologiateollisuus.fi\\\/digipooli\\\/wp-content\\\/uploads\\\/sites\\\/12\\\/2025\\\/03\\\/hvo_digipooli_logo_pysty_rgb_03_pieni.png\",\"contentUrl\":\"https:\\\/\\\/teknologiateollisuus.fi\\\/digipooli\\\/wp-content\\\/uploads\\\/sites\\\/12\\\/2025\\\/03\\\/hvo_digipooli_logo_pysty_rgb_03_pieni.png\",\"width\":800,\"height\":436},{\"@type\":\"BreadcrumbList\",\"@id\":\"https:\\\/\\\/teknologiateollisuus.fi\\\/digipooli\\\/tietoa-meista\\\/#breadcrumb\",\"itemListElement\":[{\"@type\":\"ListItem\",\"position\":1,\"name\":\"Etusivu\",\"item\":\"https:\\\/\\\/teknologiateollisuus.fi\\\/digipooli\\\/\"},{\"@type\":\"ListItem\",\"position\":2,\"name\":\"Mik\u00e4 Digipooli &#8211; mist\u00e4 on kyse?\"}]},{\"@type\":\"WebSite\",\"@id\":\"https:\\\/\\\/teknologiateollisuus.fi\\\/digipooli\\\/#website\",\"url\":\"https:\\\/\\\/teknologiateollisuus.fi\\\/digipooli\\\/\",\"name\":\"Digipooli\",\"description\":\"\",\"potentialAction\":[{\"@type\":\"SearchAction\",\"target\":{\"@type\":\"EntryPoint\",\"urlTemplate\":\"https:\\\/\\\/teknologiateollisuus.fi\\\/digipooli\\\/?s={search_term_string}\"},\"query-input\":{\"@type\":\"PropertyValueSpecification\",\"valueRequired\":true,\"valueName\":\"search_term_string\"}}],\"inLanguage\":\"fi\"}]}<\/script>\n<!-- \/ Yoast SEO Premium plugin. -->","yoast_head_json":{"title":"Mik\u00e4 Digipooli - mist\u00e4 on kyse? - Digipooli","robots":{"index":"index","follow":"follow","max-snippet":"max-snippet:-1","max-image-preview":"max-image-preview:large","max-video-preview":"max-video-preview:-1"},"canonical":"https:\/\/teknologiateollisuus.fi\/digipooli\/tietoa-meista\/","og_locale":"fi_FI","og_type":"article","og_title":"Mik\u00e4 Digipooli - mist\u00e4 on kyse?","og_description":"Digipooli toimii Huoltovarmuusorganisaatiossa ICT alan varautumisen kehitt\u00e4j\u00e4n\u00e4 ja muiden alojen ICT varautumisen tukijana. Digipooli toimii Teknologiateollisuudessa osana &#8221;Ennakointi ja Varautuminen&#8221; tiimi\u00e4 &#8221;Toimialat ja liiketoiminnan jatkuvuus&#8221; yksik\u00f6ss\u00e4. Purpose \/ Tarkoitus: Suomen digitaalisen huoltovarmuuden vahvistaminen Missio\/Tavoite: Suomalaisilla yrityksill\u00e4 on ymm\u00e4rrys, tahto ja kyky toimia Digitaalisen huoltovarmuuden vahvistamiseksi Digipoolin OKR (Objectives and keyresults) 2025 Digipooli kehitt\u00e4\u00e4 ICT-alan jatkuvuuden- [&hellip;]","og_url":"https:\/\/teknologiateollisuus.fi\/digipooli\/tietoa-meista\/","og_site_name":"Digipooli","article_modified_time":"2025-06-23T09:37:23+00:00","og_image":[{"width":800,"height":436,"url":"https:\/\/teknologiateollisuus.fi\/digipooli\/wp-content\/uploads\/sites\/12\/2025\/03\/hvo_digipooli_logo_pysty_rgb_03_pieni.png","type":"image\/png"}],"twitter_card":"summary_large_image","twitter_misc":{"Arvioitu lukuaika":"3 minuuttia"},"schema":{"@context":"https:\/\/schema.org","@graph":[{"@type":"WebPage","@id":"https:\/\/teknologiateollisuus.fi\/digipooli\/tietoa-meista\/","url":"https:\/\/teknologiateollisuus.fi\/digipooli\/tietoa-meista\/","name":"Mik\u00e4 Digipooli - mist\u00e4 on kyse? - Digipooli","isPartOf":{"@id":"https:\/\/teknologiateollisuus.fi\/digipooli\/#website"},"primaryImageOfPage":{"@id":"https:\/\/teknologiateollisuus.fi\/digipooli\/tietoa-meista\/#primaryimage"},"image":{"@id":"https:\/\/teknologiateollisuus.fi\/digipooli\/tietoa-meista\/#primaryimage"},"thumbnailUrl":"https:\/\/teknologiateollisuus.fi\/digipooli\/wp-content\/uploads\/sites\/12\/2025\/03\/hvo_digipooli_logo_pysty_rgb_03_pieni.png","datePublished":"2024-06-06T09:03:19+00:00","dateModified":"2025-06-23T09:37:23+00:00","breadcrumb":{"@id":"https:\/\/teknologiateollisuus.fi\/digipooli\/tietoa-meista\/#breadcrumb"},"inLanguage":"fi","potentialAction":[{"@type":"ReadAction","target":["https:\/\/teknologiateollisuus.fi\/digipooli\/tietoa-meista\/"]}]},{"@type":"ImageObject","inLanguage":"fi","@id":"https:\/\/teknologiateollisuus.fi\/digipooli\/tietoa-meista\/#primaryimage","url":"https:\/\/teknologiateollisuus.fi\/digipooli\/wp-content\/uploads\/sites\/12\/2025\/03\/hvo_digipooli_logo_pysty_rgb_03_pieni.png","contentUrl":"https:\/\/teknologiateollisuus.fi\/digipooli\/wp-content\/uploads\/sites\/12\/2025\/03\/hvo_digipooli_logo_pysty_rgb_03_pieni.png","width":800,"height":436},{"@type":"BreadcrumbList","@id":"https:\/\/teknologiateollisuus.fi\/digipooli\/tietoa-meista\/#breadcrumb","itemListElement":[{"@type":"ListItem","position":1,"name":"Etusivu","item":"https:\/\/teknologiateollisuus.fi\/digipooli\/"},{"@type":"ListItem","position":2,"name":"Mik\u00e4 Digipooli &#8211; mist\u00e4 on kyse?"}]},{"@type":"WebSite","@id":"https:\/\/teknologiateollisuus.fi\/digipooli\/#website","url":"https:\/\/teknologiateollisuus.fi\/digipooli\/","name":"Digipooli","description":"","potentialAction":[{"@type":"SearchAction","target":{"@type":"EntryPoint","urlTemplate":"https:\/\/teknologiateollisuus.fi\/digipooli\/?s={search_term_string}"},"query-input":{"@type":"PropertyValueSpecification","valueRequired":true,"valueName":"search_term_string"}}],"inLanguage":"fi"}]}},"lang":"fi","translations":{"fi":120},"pll_sync_post":[],"_links":{"self":[{"href":"https:\/\/teknologiateollisuus.fi\/digipooli\/wp-json\/wp\/v2\/pages\/120","targetHints":{"allow":["GET"]}}],"collection":[{"href":"https:\/\/teknologiateollisuus.fi\/digipooli\/wp-json\/wp\/v2\/pages"}],"about":[{"href":"https:\/\/teknologiateollisuus.fi\/digipooli\/wp-json\/wp\/v2\/types\/page"}],"author":[{"embeddable":true,"href":"https:\/\/teknologiateollisuus.fi\/digipooli\/wp-json\/wp\/v2\/users\/8"}],"replies":[{"embeddable":true,"href":"https:\/\/teknologiateollisuus.fi\/digipooli\/wp-json\/wp\/v2\/comments?post=120"}],"version-history":[{"count":4,"href":"https:\/\/teknologiateollisuus.fi\/digipooli\/wp-json\/wp\/v2\/pages\/120\/revisions"}],"predecessor-version":[{"id":629,"href":"https:\/\/teknologiateollisuus.fi\/digipooli\/wp-json\/wp\/v2\/pages\/120\/revisions\/629"}],"wp:featuredmedia":[{"embeddable":true,"href":"https:\/\/teknologiateollisuus.fi\/digipooli\/wp-json\/wp\/v2\/media\/540"}],"wp:attachment":[{"href":"https:\/\/teknologiateollisuus.fi\/digipooli\/wp-json\/wp\/v2\/media?parent=120"}],"curies":[{"name":"wp","href":"https:\/\/api.w.org\/{rel}","templated":true}]}}