{"id":708,"date":"2025-09-29T12:38:21","date_gmt":"2025-09-29T09:38:21","guid":{"rendered":"https:\/\/teknologiateollisuus.fi\/digipooli\/?page_id=708"},"modified":"2025-09-29T12:38:22","modified_gmt":"2025-09-29T09:38:22","slug":"dc-jaos","status":"publish","type":"page","link":"https:\/\/teknologiateollisuus.fi\/digipooli\/dc-jaos\/","title":{"rendered":"DC-jaos"},"content":{"rendered":"\n<div class=\"em-block-hero hero-has-background-color has-background has-turquoise-background-color has-image media-position-right \">\n\t<div class=\"em-block-hero__container\">\n\t\t<div class=\"em-block-hero__content\">\n\t\t\t<div class=\"yoast-breadcrumbs\"><span><span><a href=\"https:\/\/teknologiateollisuus.fi\/digipooli\/\">Etusivu<\/a><\/span> <span class=\"separator\"><\/span> <span class=\"breadcrumb_last\" aria-current=\"page\">DC-jaos<\/span><\/span><\/div>\t\t\t\n<h1 class=\"wp-block-heading\" id=\"h-datakeskusjaos-dc\">Datakeskusjaos (DC)<\/h1>\n\n<p><\/p>\n\t\t\t<div class=\"em-block-hero__modified-date\"> P\u00e4ivitetty 29.09.2025 klo 12:38<\/div>\t\t<\/div>\n\t\t\t\t\t<figure class=\"em-block-hero__image\">\n\t\t\t\t<img loading=\"lazy\" decoding=\"async\" width=\"1200\" height=\"800\" src=\"https:\/\/teknologiateollisuus.fi\/digipooli\/wp-content\/uploads\/sites\/12\/2024\/09\/digipooli_kuva_6.jpg\" class=\"attachment-hero size-hero\" alt=\"\" srcset=\"https:\/\/teknologiateollisuus.fi\/digipooli\/wp-content\/uploads\/sites\/12\/2024\/09\/digipooli_kuva_6.jpg 1200w, https:\/\/teknologiateollisuus.fi\/digipooli\/wp-content\/uploads\/sites\/12\/2024\/09\/digipooli_kuva_6-400x267.jpg 400w, https:\/\/teknologiateollisuus.fi\/digipooli\/wp-content\/uploads\/sites\/12\/2024\/09\/digipooli_kuva_6-968x645.jpg 968w, https:\/\/teknologiateollisuus.fi\/digipooli\/wp-content\/uploads\/sites\/12\/2024\/09\/digipooli_kuva_6-768x512.jpg 768w\" sizes=\"auto, (max-width: 1200px) 100vw, 1200px\" \/>\t\t\t<\/figure>\n\t\t\t<\/div>\n<\/div>\n\n\n\n<div class=\"wp-block-group alignfull is-style-color-bar has-violet-color has-light-gray-background-color has-text-color has-background has-link-color wp-elements-85ef8fb4976f4b149826ff82d29ca4e4 is-layout-constrained wp-block-group-is-layout-constrained\">\n<figure class=\"wp-block-pullquote\"><blockquote><p>Digipoolin Datakeskusjaos (DC-jaos) on yksi Digipoolin toimivista yhteisty\u00f6ryhmist\u00e4. Se keskittyy DC-toimijoiden huoltovarmuuskriittisyytt\u00e4 edist\u00e4v\u00e4\u00e4n yhteisty\u00f6h\u00f6n.<br><\/p><\/blockquote><\/figure>\n<\/div>\n\n\n\n<p>Datakeskusjaos (DC-jaos) on Huoltovarmuusorganisaatio (HVO) Digipoolin kyseisell\u00e4 toimialla toimivien huoltovarmuuskriittisten organisaatioiden yhteisty\u00f6ryhm\u00e4.<\/p>\n\n\n\n<p>Jaoksen tarkoituksena on mm. selvitt\u00e4\u00e4 miten huoltovarmuus ja varautuminen etenee sek\u00e4 miten se liittyy DC-palveluiden toimintaan? Jaoksessa nostetaan esiin asioita, jotka edesauttavat huoltovarmuuden toteutumista ja k\u00e4ynnistet\u00e4\u00e4n tarvittaessa n\u00e4it\u00e4 toimia tukevia projekteja, jne.\u00a0 Datakeskukset ovat keskeinen osa Suomen huoltovarmuutta ja ne ovat digitaalisen tiedon ja palveluiden turvaajia. <\/p>\n\n\n\n<p>DC-jaos on julkaissut oman kommenttinsa artikkelina keskusteluun datakeskuksista: <a href=\"https:\/\/teknologiateollisuus.fi\/digipooli\/datakeskukset-suomen-huoltovarmuudessa\/\">Datakeskukset Suomen huoltovarmuudessa<\/a>  (linkki artikkeliin).<\/p>\n\n\n\n<h2 class=\"wp-block-heading\" id=\"h-\"><\/h2>\n\n\n\n<article class=\"em-block-contact-card is-style-default\">\n\n\t<div class=\"em-block-contact-card__image\">\n\t\t\t\t\t<img loading=\"lazy\" decoding=\"async\" width=\"225\" height=\"300\" src=\"https:\/\/teknologiateollisuus.fi\/digipooli\/wp-content\/uploads\/sites\/12\/2024\/08\/Tero.jpg\" class=\"attachment-portrait size-portrait\" alt=\"\" \/>\t\t\t<\/div>\n\t<div class=\"em-block-contact-card__content-wrapper\">\n\t\t<div class=\"em-block-contact-card__content\">\n\t\t\t\t\t\t<h3 class=\"em-block-contact-card__title\"><a target=\"_self\" href=\"https:\/\/teknologiateollisuus.fi\/digipooli\/contacts\/poolisihteeri-2\/\">Tero Oittinen<\/a><\/h3>\n\t\t\t\t\t\t\t<span class=\"em-block-contact-card__job_title\">Erityisasiantuntija Digipooli<\/span>\n\t\t\t\t\t\t<span class=\"em-block-contact-card__organisation\">Teknologiateollisuus ry \/ HVO Digipooli<\/span>\n\t\t<\/div>\n\t\t<div class=\"em-block-contact-card__content\">\n\t\t\t\t\t\t<address class=\"em-block-contact-card__contact-details\">\n\t\t\t\t<span class=\"em-block-contact-card__phone\">\n\t\t\t\t\t<a href=\"tel:+358406289005\">+358406289005<\/a>\n\t\t\t\t<\/span>\n\t\t\t\t<span class=\"em-block-contact-card__email\">\n\t\t\t\t\t<a href=\"mailto:tero.oittinen@teknologiateollisuus.fi\">tero.oittinen@teknologiateollisuus.fi<\/a>\n\t\t\t\t<\/span>\n\t\t\t<\/address>\n\t\t\t\t\t<\/div>\n\t<\/div>\n\n<\/article>\n","protected":false},"excerpt":{"rendered":"<p>Digipoolin Datakeskusjaos (DC-jaos) on yksi Digipoolin toimivista yhteisty\u00f6ryhmist\u00e4. Se keskittyy DC-toimijoiden huoltovarmuuskriittisyytt\u00e4 edist\u00e4v\u00e4\u00e4n yhteisty\u00f6h\u00f6n. Datakeskusjaos (DC-jaos) on Huoltovarmuusorganisaatio (HVO) Digipoolin kyseisell\u00e4 toimialla toimivien huoltovarmuuskriittisten organisaatioiden yhteisty\u00f6ryhm\u00e4. Jaoksen tarkoituksena on mm. selvitt\u00e4\u00e4 miten huoltovarmuus ja varautuminen etenee sek\u00e4 miten se liittyy DC-palveluiden toimintaan? Jaoksessa nostetaan esiin asioita, jotka edesauttavat huoltovarmuuden toteutumista ja k\u00e4ynnistet\u00e4\u00e4n tarvittaessa n\u00e4it\u00e4 toimia [&hellip;]<\/p>\n","protected":false},"author":519,"featured_media":308,"parent":0,"menu_order":0,"comment_status":"closed","ping_status":"closed","template":"","meta":{"_acf_changed":false,"_relevanssi_hide_post":"","_relevanssi_hide_content":"","_relevanssi_pin_for_all":"","_relevanssi_pin_keywords":"","_relevanssi_unpin_keywords":"","_relevanssi_related_keywords":"","_relevanssi_related_include_ids":"","_relevanssi_related_exclude_ids":"","_relevanssi_related_no_append":"","_relevanssi_related_not_related":"","_relevanssi_related_posts":"1","_relevanssi_noindex_reason":"","inline_featured_image":false,"footnotes":""},"class_list":["post-708","page","type-page","status-publish","has-post-thumbnail","hentry"],"acf":[],"yoast_head":"<!-- This site is optimized with the Yoast SEO Premium plugin v27.1 (Yoast SEO v27.3) - https:\/\/yoast.com\/product\/yoast-seo-premium-wordpress\/ -->\n<title>DC-jaos - Digipooli<\/title>\n<meta name=\"robots\" content=\"index, follow, max-snippet:-1, max-image-preview:large, max-video-preview:-1\" \/>\n<link rel=\"canonical\" href=\"https:\/\/teknologiateollisuus.fi\/digipooli\/dc-jaos\/\" \/>\n<meta property=\"og:locale\" content=\"fi_FI\" \/>\n<meta property=\"og:type\" content=\"article\" \/>\n<meta property=\"og:title\" content=\"DC-jaos\" \/>\n<meta property=\"og:description\" content=\"Digipoolin Datakeskusjaos (DC-jaos) on yksi Digipoolin toimivista yhteisty\u00f6ryhmist\u00e4. Se keskittyy DC-toimijoiden huoltovarmuuskriittisyytt\u00e4 edist\u00e4v\u00e4\u00e4n yhteisty\u00f6h\u00f6n. Datakeskusjaos (DC-jaos) on Huoltovarmuusorganisaatio (HVO) Digipoolin kyseisell\u00e4 toimialla toimivien huoltovarmuuskriittisten organisaatioiden yhteisty\u00f6ryhm\u00e4. Jaoksen tarkoituksena on mm. selvitt\u00e4\u00e4 miten huoltovarmuus ja varautuminen etenee sek\u00e4 miten se liittyy DC-palveluiden toimintaan? Jaoksessa nostetaan esiin asioita, jotka edesauttavat huoltovarmuuden toteutumista ja k\u00e4ynnistet\u00e4\u00e4n tarvittaessa n\u00e4it\u00e4 toimia [&hellip;]\" \/>\n<meta property=\"og:url\" content=\"https:\/\/teknologiateollisuus.fi\/digipooli\/dc-jaos\/\" \/>\n<meta property=\"og:site_name\" content=\"Digipooli\" \/>\n<meta property=\"article:modified_time\" content=\"2025-09-29T09:38:22+00:00\" \/>\n<meta property=\"og:image\" content=\"https:\/\/teknologiateollisuus.fi\/digipooli\/wp-content\/uploads\/sites\/12\/2024\/09\/digipooli_kuva_6.jpg\" \/>\n\t<meta property=\"og:image:width\" content=\"1200\" \/>\n\t<meta property=\"og:image:height\" content=\"800\" \/>\n\t<meta property=\"og:image:type\" content=\"image\/jpeg\" \/>\n<meta name=\"twitter:card\" content=\"summary_large_image\" \/>\n<meta name=\"twitter:label1\" content=\"Arvioitu lukuaika\" \/>\n\t<meta name=\"twitter:data1\" content=\"1 minuutti\" \/>\n<script type=\"application\/ld+json\" class=\"yoast-schema-graph\">{\"@context\":\"https:\\\/\\\/schema.org\",\"@graph\":[{\"@type\":\"WebPage\",\"@id\":\"https:\\\/\\\/teknologiateollisuus.fi\\\/digipooli\\\/dc-jaos\\\/\",\"url\":\"https:\\\/\\\/teknologiateollisuus.fi\\\/digipooli\\\/dc-jaos\\\/\",\"name\":\"DC-jaos - Digipooli\",\"isPartOf\":{\"@id\":\"https:\\\/\\\/teknologiateollisuus.fi\\\/digipooli\\\/#website\"},\"primaryImageOfPage\":{\"@id\":\"https:\\\/\\\/teknologiateollisuus.fi\\\/digipooli\\\/dc-jaos\\\/#primaryimage\"},\"image\":{\"@id\":\"https:\\\/\\\/teknologiateollisuus.fi\\\/digipooli\\\/dc-jaos\\\/#primaryimage\"},\"thumbnailUrl\":\"https:\\\/\\\/teknologiateollisuus.fi\\\/digipooli\\\/wp-content\\\/uploads\\\/sites\\\/12\\\/2024\\\/09\\\/digipooli_kuva_6.jpg\",\"datePublished\":\"2025-09-29T09:38:21+00:00\",\"dateModified\":\"2025-09-29T09:38:22+00:00\",\"breadcrumb\":{\"@id\":\"https:\\\/\\\/teknologiateollisuus.fi\\\/digipooli\\\/dc-jaos\\\/#breadcrumb\"},\"inLanguage\":\"fi\",\"potentialAction\":[{\"@type\":\"ReadAction\",\"target\":[\"https:\\\/\\\/teknologiateollisuus.fi\\\/digipooli\\\/dc-jaos\\\/\"]}]},{\"@type\":\"ImageObject\",\"inLanguage\":\"fi\",\"@id\":\"https:\\\/\\\/teknologiateollisuus.fi\\\/digipooli\\\/dc-jaos\\\/#primaryimage\",\"url\":\"https:\\\/\\\/teknologiateollisuus.fi\\\/digipooli\\\/wp-content\\\/uploads\\\/sites\\\/12\\\/2024\\\/09\\\/digipooli_kuva_6.jpg\",\"contentUrl\":\"https:\\\/\\\/teknologiateollisuus.fi\\\/digipooli\\\/wp-content\\\/uploads\\\/sites\\\/12\\\/2024\\\/09\\\/digipooli_kuva_6.jpg\",\"width\":1200,\"height\":800},{\"@type\":\"BreadcrumbList\",\"@id\":\"https:\\\/\\\/teknologiateollisuus.fi\\\/digipooli\\\/dc-jaos\\\/#breadcrumb\",\"itemListElement\":[{\"@type\":\"ListItem\",\"position\":1,\"name\":\"Etusivu\",\"item\":\"https:\\\/\\\/teknologiateollisuus.fi\\\/digipooli\\\/\"},{\"@type\":\"ListItem\",\"position\":2,\"name\":\"DC-jaos\"}]},{\"@type\":\"WebSite\",\"@id\":\"https:\\\/\\\/teknologiateollisuus.fi\\\/digipooli\\\/#website\",\"url\":\"https:\\\/\\\/teknologiateollisuus.fi\\\/digipooli\\\/\",\"name\":\"Digipooli\",\"description\":\"\",\"potentialAction\":[{\"@type\":\"SearchAction\",\"target\":{\"@type\":\"EntryPoint\",\"urlTemplate\":\"https:\\\/\\\/teknologiateollisuus.fi\\\/digipooli\\\/?s={search_term_string}\"},\"query-input\":{\"@type\":\"PropertyValueSpecification\",\"valueRequired\":true,\"valueName\":\"search_term_string\"}}],\"inLanguage\":\"fi\"}]}<\/script>\n<!-- \/ Yoast SEO Premium plugin. -->","yoast_head_json":{"title":"DC-jaos - Digipooli","robots":{"index":"index","follow":"follow","max-snippet":"max-snippet:-1","max-image-preview":"max-image-preview:large","max-video-preview":"max-video-preview:-1"},"canonical":"https:\/\/teknologiateollisuus.fi\/digipooli\/dc-jaos\/","og_locale":"fi_FI","og_type":"article","og_title":"DC-jaos","og_description":"Digipoolin Datakeskusjaos (DC-jaos) on yksi Digipoolin toimivista yhteisty\u00f6ryhmist\u00e4. Se keskittyy DC-toimijoiden huoltovarmuuskriittisyytt\u00e4 edist\u00e4v\u00e4\u00e4n yhteisty\u00f6h\u00f6n. Datakeskusjaos (DC-jaos) on Huoltovarmuusorganisaatio (HVO) Digipoolin kyseisell\u00e4 toimialla toimivien huoltovarmuuskriittisten organisaatioiden yhteisty\u00f6ryhm\u00e4. Jaoksen tarkoituksena on mm. selvitt\u00e4\u00e4 miten huoltovarmuus ja varautuminen etenee sek\u00e4 miten se liittyy DC-palveluiden toimintaan? Jaoksessa nostetaan esiin asioita, jotka edesauttavat huoltovarmuuden toteutumista ja k\u00e4ynnistet\u00e4\u00e4n tarvittaessa n\u00e4it\u00e4 toimia [&hellip;]","og_url":"https:\/\/teknologiateollisuus.fi\/digipooli\/dc-jaos\/","og_site_name":"Digipooli","article_modified_time":"2025-09-29T09:38:22+00:00","og_image":[{"width":1200,"height":800,"url":"https:\/\/teknologiateollisuus.fi\/digipooli\/wp-content\/uploads\/sites\/12\/2024\/09\/digipooli_kuva_6.jpg","type":"image\/jpeg"}],"twitter_card":"summary_large_image","twitter_misc":{"Arvioitu lukuaika":"1 minuutti"},"schema":{"@context":"https:\/\/schema.org","@graph":[{"@type":"WebPage","@id":"https:\/\/teknologiateollisuus.fi\/digipooli\/dc-jaos\/","url":"https:\/\/teknologiateollisuus.fi\/digipooli\/dc-jaos\/","name":"DC-jaos - Digipooli","isPartOf":{"@id":"https:\/\/teknologiateollisuus.fi\/digipooli\/#website"},"primaryImageOfPage":{"@id":"https:\/\/teknologiateollisuus.fi\/digipooli\/dc-jaos\/#primaryimage"},"image":{"@id":"https:\/\/teknologiateollisuus.fi\/digipooli\/dc-jaos\/#primaryimage"},"thumbnailUrl":"https:\/\/teknologiateollisuus.fi\/digipooli\/wp-content\/uploads\/sites\/12\/2024\/09\/digipooli_kuva_6.jpg","datePublished":"2025-09-29T09:38:21+00:00","dateModified":"2025-09-29T09:38:22+00:00","breadcrumb":{"@id":"https:\/\/teknologiateollisuus.fi\/digipooli\/dc-jaos\/#breadcrumb"},"inLanguage":"fi","potentialAction":[{"@type":"ReadAction","target":["https:\/\/teknologiateollisuus.fi\/digipooli\/dc-jaos\/"]}]},{"@type":"ImageObject","inLanguage":"fi","@id":"https:\/\/teknologiateollisuus.fi\/digipooli\/dc-jaos\/#primaryimage","url":"https:\/\/teknologiateollisuus.fi\/digipooli\/wp-content\/uploads\/sites\/12\/2024\/09\/digipooli_kuva_6.jpg","contentUrl":"https:\/\/teknologiateollisuus.fi\/digipooli\/wp-content\/uploads\/sites\/12\/2024\/09\/digipooli_kuva_6.jpg","width":1200,"height":800},{"@type":"BreadcrumbList","@id":"https:\/\/teknologiateollisuus.fi\/digipooli\/dc-jaos\/#breadcrumb","itemListElement":[{"@type":"ListItem","position":1,"name":"Etusivu","item":"https:\/\/teknologiateollisuus.fi\/digipooli\/"},{"@type":"ListItem","position":2,"name":"DC-jaos"}]},{"@type":"WebSite","@id":"https:\/\/teknologiateollisuus.fi\/digipooli\/#website","url":"https:\/\/teknologiateollisuus.fi\/digipooli\/","name":"Digipooli","description":"","potentialAction":[{"@type":"SearchAction","target":{"@type":"EntryPoint","urlTemplate":"https:\/\/teknologiateollisuus.fi\/digipooli\/?s={search_term_string}"},"query-input":{"@type":"PropertyValueSpecification","valueRequired":true,"valueName":"search_term_string"}}],"inLanguage":"fi"}]}},"lang":"fi","translations":{"fi":708},"pll_sync_post":[],"_links":{"self":[{"href":"https:\/\/teknologiateollisuus.fi\/digipooli\/wp-json\/wp\/v2\/pages\/708","targetHints":{"allow":["GET"]}}],"collection":[{"href":"https:\/\/teknologiateollisuus.fi\/digipooli\/wp-json\/wp\/v2\/pages"}],"about":[{"href":"https:\/\/teknologiateollisuus.fi\/digipooli\/wp-json\/wp\/v2\/types\/page"}],"author":[{"embeddable":true,"href":"https:\/\/teknologiateollisuus.fi\/digipooli\/wp-json\/wp\/v2\/users\/519"}],"replies":[{"embeddable":true,"href":"https:\/\/teknologiateollisuus.fi\/digipooli\/wp-json\/wp\/v2\/comments?post=708"}],"version-history":[{"count":6,"href":"https:\/\/teknologiateollisuus.fi\/digipooli\/wp-json\/wp\/v2\/pages\/708\/revisions"}],"predecessor-version":[{"id":715,"href":"https:\/\/teknologiateollisuus.fi\/digipooli\/wp-json\/wp\/v2\/pages\/708\/revisions\/715"}],"wp:featuredmedia":[{"embeddable":true,"href":"https:\/\/teknologiateollisuus.fi\/digipooli\/wp-json\/wp\/v2\/media\/308"}],"wp:attachment":[{"href":"https:\/\/teknologiateollisuus.fi\/digipooli\/wp-json\/wp\/v2\/media?parent=708"}],"curies":[{"name":"wp","href":"https:\/\/api.w.org\/{rel}","templated":true}]}}