{"id":120,"date":"2024-06-06T12:03:19","date_gmt":"2024-06-06T09:03:19","guid":{"rendered":"https:\/\/emobility.teknologiateollisuus.fi\/?page_id=120"},"modified":"2025-07-15T13:53:19","modified_gmt":"2025-07-15T10:53:19","slug":"tietoa-meista","status":"publish","type":"page","link":"https:\/\/teknologiateollisuus.fi\/emobility\/tietoa-meista\/","title":{"rendered":"Tietoa meist\u00e4"},"content":{"rendered":"\n<div class=\"em-block-hero hero-has-background-color has-background has-violet-background-color has-image media-position-background \">\n\t<div class=\"em-block-hero__container\">\n\t\t<div class=\"em-block-hero__content\">\n\t\t\t<div class=\"yoast-breadcrumbs\"><span><span><a href=\"https:\/\/teknologiateollisuus.fi\/emobility\/\">Etusivu<\/a><\/span> <span class=\"separator\"><\/span> <span class=\"breadcrumb_last\" aria-current=\"page\">Tietoa meist\u00e4<\/span><\/span><\/div>\t\t\t\n<h1 class=\"wp-block-heading\" id=\"h-sahkoinen-liikenne-ry\">S\u00e4hk\u00f6inen liikenne ry<\/h1>\n\n<p><\/p>\n\t\t\t<div class=\"em-block-hero__modified-date\"> P\u00e4ivitetty 15.07.2025 klo 13:53<\/div>\t\t<\/div>\n\t\t\t\t\t<figure class=\"em-block-hero__image\">\n\t\t\t\t<img loading=\"lazy\" decoding=\"async\" width=\"2121\" height=\"1414\" src=\"https:\/\/teknologiateollisuus.fi\/emobility\/wp-content\/uploads\/sites\/9\/2024\/06\/Teknotyonantajat-iStock_17.jpg\" class=\"attachment-hero size-hero\" alt=\"Ihmisi\u00e4 toimistossa\" srcset=\"https:\/\/teknologiateollisuus.fi\/emobility\/wp-content\/uploads\/sites\/9\/2024\/06\/Teknotyonantajat-iStock_17.jpg 2121w, https:\/\/teknologiateollisuus.fi\/emobility\/wp-content\/uploads\/sites\/9\/2024\/06\/Teknotyonantajat-iStock_17-400x267.jpg 400w, https:\/\/teknologiateollisuus.fi\/emobility\/wp-content\/uploads\/sites\/9\/2024\/06\/Teknotyonantajat-iStock_17-968x645.jpg 968w, https:\/\/teknologiateollisuus.fi\/emobility\/wp-content\/uploads\/sites\/9\/2024\/06\/Teknotyonantajat-iStock_17-768x512.jpg 768w, https:\/\/teknologiateollisuus.fi\/emobility\/wp-content\/uploads\/sites\/9\/2024\/06\/Teknotyonantajat-iStock_17-1536x1024.jpg 1536w, https:\/\/teknologiateollisuus.fi\/emobility\/wp-content\/uploads\/sites\/9\/2024\/06\/Teknotyonantajat-iStock_17-2048x1365.jpg 2048w, https:\/\/teknologiateollisuus.fi\/emobility\/wp-content\/uploads\/sites\/9\/2024\/06\/Teknotyonantajat-iStock_17-1300x867.jpg 1300w, https:\/\/teknologiateollisuus.fi\/emobility\/wp-content\/uploads\/sites\/9\/2024\/06\/Teknotyonantajat-iStock_17-1440x960.jpg 1440w\" sizes=\"auto, (max-width: 2121px) 100vw, 2121px\" \/>\t\t\t<\/figure>\n\t\t\t<\/div>\n<\/div>\n\n\n\n<h2 class=\"wp-block-heading\" id=\"h-sahkoinen-liikenne-yha-vahvempi-talousveturi\"><strong>S\u00e4hk\u00f6inen liikenne &#8211; yh\u00e4 vahvempi talousveturi<\/strong><\/h2>\n\n\n\n<p>S\u00e4hk\u00f6isen liikenteen kokonaisuus on kasvanut yh\u00e4 merkitt\u00e4v\u00e4mm\u00e4ksi uuden liiketoiminnan l\u00e4hteeksi ja talouden uudistajaksi. Latausinfran rakentaminen, latauspalveluliiketoiminta, erilaiset huolto- ja yll\u00e4pitotoiminnot, energialiiketoiminta, liikkumisen palvelut sek\u00e4 autokauppa kasvavat liikenteen s\u00e4hk\u00f6istymisen tahdissa digitaalisia ratkaisuja hy\u00f6dynt\u00e4en.<\/p>\n\n\n\n<p>Tieliikenteen &nbsp;s\u00e4hk\u00f6istymisess\u00e4 yhdistyv\u00e4t, fossiilittoman liikenteen p\u00e4\u00e4st\u00f6v\u00e4hennystavoitteet ja uuden liiketoiminnan positiiviset talousvaikutukset. Uusiutuvan s\u00e4hk\u00f6n p\u00e4\u00e4st\u00f6tt\u00f6myys ja s\u00e4hk\u00f6isten ratkaisujen erinomainen energiatehokkuus ovat vahva perusta koko tieliikenteelle. S\u00e4hk\u00f6istyminen lis\u00e4\u00e4 tieliikenteen energiak\u00e4yt\u00f6n kotimaisuusastetta.<\/p>\n\n\n\n<h2 class=\"wp-block-heading\" id=\"h-sahkoinen-liikenne-ry-n-missio-ja-visio\" id=\"sahkoinen-liikenne-ryn-missio-ja-visio\">S\u00e4hk\u00f6inen liikenne ry:n missio ja visio<\/h2>\n\n\n\n<p><strong>Missio:<\/strong> Viemme Suomen kohti s\u00e4hk\u00f6taloutta maksimoimalla s\u00e4hk\u00f6iset kilometrit ja s\u00e4hk\u00f6isen liikenteen investoinnit.<\/p>\n\n\n\n<p><strong>Visio: <\/strong>Suomi on s\u00e4hk\u00f6isen liikenteen k\u00e4rkimaa, jonka toimintaymp\u00e4rist\u00f6 edist\u00e4\u00e4 yksityisen sektorin ja kuluttajien investointeja liikenteen s\u00e4hk\u00f6istymiseen.<\/p>\n\n\n\n<p>S\u00e4hk\u00f6inen liikenne on vahva talouden uudistaja ja liiketoiminnan l\u00e4hde, joka edist\u00e4\u00e4 Suomen kilpailukyky\u00e4, p\u00e4\u00e4st\u00f6tt\u00f6myyskehityst\u00e4 ja huoltovarmuutta. S\u00e4hk\u00f6inen liikenne vahvistaa kotimaisten yritysten liiketoimintaa sek\u00e4 taloudellista, energiatehokasta ja uusiutuvaan kotimaiseen energiaan pohjautuvaa laadukasta liikkumista.<\/p>\n\n\n\n<h2 class=\"wp-block-heading\" id=\"h-yhdistyksen-tavoitteet\" id=\"yhdistyksen-tavoitteet\">Yhdistyksen tavoitteet<\/h2>\n\n\n\n<ul class=\"wp-block-list\">\n<li>Nostaa s\u00e4hk\u00f6 tieliikenteen keskeisimm\u00e4ksi k\u00e4ytt\u00f6voimaksi henkil\u00f6liikenteest\u00e4 jakeluliikenteeseen ja raskaaseen liikenteeseen<\/li>\n\n\n\n<li>Tukea hiilet\u00f6nt\u00e4 ja p\u00e4\u00e4st\u00f6t\u00f6nt\u00e4 liikennett\u00e4<\/li>\n\n\n\n<li>Edist\u00e4\u00e4 kattavaa ja \u00e4lyk\u00e4st\u00e4 latausinfraa, joka liitt\u00e4\u00e4 s\u00e4hk\u00f6autot osaksi tulevaisuuden energiaj\u00e4rjestelm\u00e4\u00e4<\/li>\n<\/ul>\n\n\n\n<h2 class=\"wp-block-heading\" id=\"h-jasenyys\" id=\"jasenyys\">J\u00e4senyys<\/h2>\n\n\n\n<p>S\u00e4hk\u00f6inen liikenne ry on vaikuttaja- ja asiantuntijaorganisaatio, jonka j\u00e4senet edustavat s\u00e4hk\u00f6isen liikenteen toimialan eri osa-alueita. Lue lis\u00e4\u00e4 <a href=\"https:\/\/teknologiateollisuus.fi\/emobility\/wp-content\/uploads\/sites\/9\/2025\/07\/Sahkoinen_liikenne_04-1-1.pdf\">j\u00e4senesitteest\u00e4<\/a>.<\/p>\n\n\n\n<p>Yhdistykseen kuuluu j\u00e4senen\u00e4 noin 44 yrityst\u00e4 ja yhteis\u00f6\u00e4. Yhdistyksell\u00e4 voi olla varsinaisia j\u00e4seni\u00e4, yhteistoimintaj\u00e4seni\u00e4 ja kannatusj\u00e4seni\u00e4.<\/p>\n\n\n\n<p><strong>Varsinaisiksi j\u00e4seniksi<\/strong>&nbsp;Yhdistyksen hallitus voi hyv\u00e4ksy\u00e4 hyv\u00e4maineisiksi tunnettuja suomalaisia oikeuskelpoisia yhteis\u00f6j\u00e4, joiden toiminta liittyy s\u00e4hk\u00f6iseen liikenteeseen ja joilla on y-tunnus.<\/p>\n\n\n\n<p><strong>Yhteistoimintaj\u00e4seneksi<\/strong>&nbsp;Yhdistyksen hallitus voi hyv\u00e4ksy\u00e4 oikeuskelpoisia yhteis\u00f6j\u00e4, jotka haluavat toimia yhteisty\u00f6ss\u00e4 kehitt\u00e4\u00e4kseen s\u00e4hk\u00f6isen liikenteen toimialaa.<\/p>\n\n\n\n<p><strong>Kannatusj\u00e4seneksi<\/strong>&nbsp;Yhdistyksen hallitus voi hyv\u00e4ksy\u00e4 oikeuskelpoisia yhteis\u00f6j\u00e4, jotka haluavat tukea Yhdistyksen tarkoitusta ja toimintaa.&nbsp;Hallitus vahvistaa kannatusj\u00e4senet vuosittain.<\/p>\n\n\n\n<p><strong><a href=\"https:\/\/teknologiateollisuus.fi\/emobility\/wp-content\/uploads\/sites\/9\/2024\/09\/Sahkoinen-liikenne-ry-SAANNOT-2019-11-25.pdf\">Yhdistyksen s\u00e4\u00e4nn\u00f6t<\/a><\/strong><\/p>\n\n\n\n<p><a href=\"https:\/\/teknologiateollisuus.fi\/emobility\/tietoa-meista\/liity-jaseneksi\/\"><strong>LIITY J\u00c4SENEKSI<\/strong><\/a><\/p>\n","protected":false},"excerpt":{"rendered":"<p>S\u00e4hk\u00f6inen liikenne &#8211; yh\u00e4 vahvempi talousveturi S\u00e4hk\u00f6isen liikenteen kokonaisuus on kasvanut yh\u00e4 merkitt\u00e4v\u00e4mm\u00e4ksi uuden liiketoiminnan l\u00e4hteeksi ja talouden uudistajaksi. Latausinfran rakentaminen, latauspalveluliiketoiminta, erilaiset huolto- ja yll\u00e4pitotoiminnot, energialiiketoiminta, liikkumisen palvelut sek\u00e4 autokauppa kasvavat liikenteen s\u00e4hk\u00f6istymisen tahdissa digitaalisia ratkaisuja hy\u00f6dynt\u00e4en. Tieliikenteen &nbsp;s\u00e4hk\u00f6istymisess\u00e4 yhdistyv\u00e4t, fossiilittoman liikenteen p\u00e4\u00e4st\u00f6v\u00e4hennystavoitteet ja uuden liiketoiminnan positiiviset talousvaikutukset. Uusiutuvan s\u00e4hk\u00f6n p\u00e4\u00e4st\u00f6tt\u00f6myys ja s\u00e4hk\u00f6isten ratkaisujen [&hellip;]<\/p>\n","protected":false},"author":8,"featured_media":0,"parent":0,"menu_order":0,"comment_status":"closed","ping_status":"closed","template":"","meta":{"_acf_changed":false,"_relevanssi_hide_post":"","_relevanssi_hide_content":"","_relevanssi_pin_for_all":"","_relevanssi_pin_keywords":"","_relevanssi_unpin_keywords":"","_relevanssi_related_keywords":"","_relevanssi_related_include_ids":"","_relevanssi_related_exclude_ids":"","_relevanssi_related_no_append":"","_relevanssi_related_not_related":"","_relevanssi_related_posts":"56,53,55,54,57,48","_relevanssi_noindex_reason":"","inline_featured_image":false,"footnotes":""},"class_list":["post-120","page","type-page","status-publish","hentry"],"acf":[],"yoast_head":"<!-- This site is optimized with the Yoast SEO Premium plugin v27.1 (Yoast SEO v27.4) - https:\/\/yoast.com\/product\/yoast-seo-premium-wordpress\/ -->\n<title>Tietoa meist\u00e4 - S\u00e4hk\u00f6inen liikenne<\/title>\n<meta name=\"robots\" content=\"index, follow, max-snippet:-1, max-image-preview:large, max-video-preview:-1\" \/>\n<link rel=\"canonical\" href=\"https:\/\/teknologiateollisuus.fi\/emobility\/tietoa-meista\/\" \/>\n<meta property=\"og:locale\" content=\"fi_FI\" \/>\n<meta property=\"og:type\" content=\"article\" \/>\n<meta property=\"og:title\" content=\"Tietoa meist\u00e4\" \/>\n<meta property=\"og:description\" content=\"S\u00e4hk\u00f6inen liikenne &#8211; yh\u00e4 vahvempi talousveturi S\u00e4hk\u00f6isen liikenteen kokonaisuus on kasvanut yh\u00e4 merkitt\u00e4v\u00e4mm\u00e4ksi uuden liiketoiminnan l\u00e4hteeksi ja talouden uudistajaksi. Latausinfran rakentaminen, latauspalveluliiketoiminta, erilaiset huolto- ja yll\u00e4pitotoiminnot, energialiiketoiminta, liikkumisen palvelut sek\u00e4 autokauppa kasvavat liikenteen s\u00e4hk\u00f6istymisen tahdissa digitaalisia ratkaisuja hy\u00f6dynt\u00e4en. Tieliikenteen &nbsp;s\u00e4hk\u00f6istymisess\u00e4 yhdistyv\u00e4t, fossiilittoman liikenteen p\u00e4\u00e4st\u00f6v\u00e4hennystavoitteet ja uuden liiketoiminnan positiiviset talousvaikutukset. Uusiutuvan s\u00e4hk\u00f6n p\u00e4\u00e4st\u00f6tt\u00f6myys ja s\u00e4hk\u00f6isten ratkaisujen [&hellip;]\" \/>\n<meta property=\"og:url\" content=\"https:\/\/teknologiateollisuus.fi\/emobility\/tietoa-meista\/\" \/>\n<meta property=\"og:site_name\" content=\"S\u00e4hk\u00f6inen liikenne\" \/>\n<meta property=\"article:modified_time\" content=\"2025-07-15T10:53:19+00:00\" \/>\n<meta name=\"twitter:card\" content=\"summary_large_image\" \/>\n<meta name=\"twitter:label1\" content=\"Arvioitu lukuaika\" \/>\n\t<meta name=\"twitter:data1\" content=\"2 minuuttia\" \/>\n<script type=\"application\/ld+json\" class=\"yoast-schema-graph\">{\"@context\":\"https:\\\/\\\/schema.org\",\"@graph\":[{\"@type\":\"WebPage\",\"@id\":\"https:\\\/\\\/teknologiateollisuus.fi\\\/emobility\\\/tietoa-meista\\\/\",\"url\":\"https:\\\/\\\/teknologiateollisuus.fi\\\/emobility\\\/tietoa-meista\\\/\",\"name\":\"Tietoa meist\u00e4 - S\u00e4hk\u00f6inen liikenne\",\"isPartOf\":{\"@id\":\"https:\\\/\\\/teknologiateollisuus.fi\\\/emobility\\\/#website\"},\"datePublished\":\"2024-06-06T09:03:19+00:00\",\"dateModified\":\"2025-07-15T10:53:19+00:00\",\"breadcrumb\":{\"@id\":\"https:\\\/\\\/teknologiateollisuus.fi\\\/emobility\\\/tietoa-meista\\\/#breadcrumb\"},\"inLanguage\":\"fi\",\"potentialAction\":[{\"@type\":\"ReadAction\",\"target\":[\"https:\\\/\\\/teknologiateollisuus.fi\\\/emobility\\\/tietoa-meista\\\/\"]}]},{\"@type\":\"BreadcrumbList\",\"@id\":\"https:\\\/\\\/teknologiateollisuus.fi\\\/emobility\\\/tietoa-meista\\\/#breadcrumb\",\"itemListElement\":[{\"@type\":\"ListItem\",\"position\":1,\"name\":\"Etusivu\",\"item\":\"https:\\\/\\\/teknologiateollisuus.fi\\\/emobility\\\/\"},{\"@type\":\"ListItem\",\"position\":2,\"name\":\"Tietoa meist\u00e4\"}]},{\"@type\":\"WebSite\",\"@id\":\"https:\\\/\\\/teknologiateollisuus.fi\\\/emobility\\\/#website\",\"url\":\"https:\\\/\\\/teknologiateollisuus.fi\\\/emobility\\\/\",\"name\":\"S\u00e4hk\u00f6inen liikenne\",\"description\":\"\",\"potentialAction\":[{\"@type\":\"SearchAction\",\"target\":{\"@type\":\"EntryPoint\",\"urlTemplate\":\"https:\\\/\\\/teknologiateollisuus.fi\\\/emobility\\\/?s={search_term_string}\"},\"query-input\":{\"@type\":\"PropertyValueSpecification\",\"valueRequired\":true,\"valueName\":\"search_term_string\"}}],\"inLanguage\":\"fi\"}]}<\/script>\n<!-- \/ Yoast SEO Premium plugin. -->","yoast_head_json":{"title":"Tietoa meist\u00e4 - S\u00e4hk\u00f6inen liikenne","robots":{"index":"index","follow":"follow","max-snippet":"max-snippet:-1","max-image-preview":"max-image-preview:large","max-video-preview":"max-video-preview:-1"},"canonical":"https:\/\/teknologiateollisuus.fi\/emobility\/tietoa-meista\/","og_locale":"fi_FI","og_type":"article","og_title":"Tietoa meist\u00e4","og_description":"S\u00e4hk\u00f6inen liikenne &#8211; yh\u00e4 vahvempi talousveturi S\u00e4hk\u00f6isen liikenteen kokonaisuus on kasvanut yh\u00e4 merkitt\u00e4v\u00e4mm\u00e4ksi uuden liiketoiminnan l\u00e4hteeksi ja talouden uudistajaksi. Latausinfran rakentaminen, latauspalveluliiketoiminta, erilaiset huolto- ja yll\u00e4pitotoiminnot, energialiiketoiminta, liikkumisen palvelut sek\u00e4 autokauppa kasvavat liikenteen s\u00e4hk\u00f6istymisen tahdissa digitaalisia ratkaisuja hy\u00f6dynt\u00e4en. Tieliikenteen &nbsp;s\u00e4hk\u00f6istymisess\u00e4 yhdistyv\u00e4t, fossiilittoman liikenteen p\u00e4\u00e4st\u00f6v\u00e4hennystavoitteet ja uuden liiketoiminnan positiiviset talousvaikutukset. Uusiutuvan s\u00e4hk\u00f6n p\u00e4\u00e4st\u00f6tt\u00f6myys ja s\u00e4hk\u00f6isten ratkaisujen [&hellip;]","og_url":"https:\/\/teknologiateollisuus.fi\/emobility\/tietoa-meista\/","og_site_name":"S\u00e4hk\u00f6inen liikenne","article_modified_time":"2025-07-15T10:53:19+00:00","twitter_card":"summary_large_image","twitter_misc":{"Arvioitu lukuaika":"2 minuuttia"},"schema":{"@context":"https:\/\/schema.org","@graph":[{"@type":"WebPage","@id":"https:\/\/teknologiateollisuus.fi\/emobility\/tietoa-meista\/","url":"https:\/\/teknologiateollisuus.fi\/emobility\/tietoa-meista\/","name":"Tietoa meist\u00e4 - S\u00e4hk\u00f6inen liikenne","isPartOf":{"@id":"https:\/\/teknologiateollisuus.fi\/emobility\/#website"},"datePublished":"2024-06-06T09:03:19+00:00","dateModified":"2025-07-15T10:53:19+00:00","breadcrumb":{"@id":"https:\/\/teknologiateollisuus.fi\/emobility\/tietoa-meista\/#breadcrumb"},"inLanguage":"fi","potentialAction":[{"@type":"ReadAction","target":["https:\/\/teknologiateollisuus.fi\/emobility\/tietoa-meista\/"]}]},{"@type":"BreadcrumbList","@id":"https:\/\/teknologiateollisuus.fi\/emobility\/tietoa-meista\/#breadcrumb","itemListElement":[{"@type":"ListItem","position":1,"name":"Etusivu","item":"https:\/\/teknologiateollisuus.fi\/emobility\/"},{"@type":"ListItem","position":2,"name":"Tietoa meist\u00e4"}]},{"@type":"WebSite","@id":"https:\/\/teknologiateollisuus.fi\/emobility\/#website","url":"https:\/\/teknologiateollisuus.fi\/emobility\/","name":"S\u00e4hk\u00f6inen liikenne","description":"","potentialAction":[{"@type":"SearchAction","target":{"@type":"EntryPoint","urlTemplate":"https:\/\/teknologiateollisuus.fi\/emobility\/?s={search_term_string}"},"query-input":{"@type":"PropertyValueSpecification","valueRequired":true,"valueName":"search_term_string"}}],"inLanguage":"fi"}]}},"lang":"fi","translations":{"fi":120},"pll_sync_post":[],"_links":{"self":[{"href":"https:\/\/teknologiateollisuus.fi\/emobility\/wp-json\/wp\/v2\/pages\/120","targetHints":{"allow":["GET"]}}],"collection":[{"href":"https:\/\/teknologiateollisuus.fi\/emobility\/wp-json\/wp\/v2\/pages"}],"about":[{"href":"https:\/\/teknologiateollisuus.fi\/emobility\/wp-json\/wp\/v2\/types\/page"}],"author":[{"embeddable":true,"href":"https:\/\/teknologiateollisuus.fi\/emobility\/wp-json\/wp\/v2\/users\/8"}],"replies":[{"embeddable":true,"href":"https:\/\/teknologiateollisuus.fi\/emobility\/wp-json\/wp\/v2\/comments?post=120"}],"version-history":[{"count":18,"href":"https:\/\/teknologiateollisuus.fi\/emobility\/wp-json\/wp\/v2\/pages\/120\/revisions"}],"predecessor-version":[{"id":765,"href":"https:\/\/teknologiateollisuus.fi\/emobility\/wp-json\/wp\/v2\/pages\/120\/revisions\/765"}],"wp:attachment":[{"href":"https:\/\/teknologiateollisuus.fi\/emobility\/wp-json\/wp\/v2\/media?parent=120"}],"curies":[{"name":"wp","href":"https:\/\/api.w.org\/{rel}","templated":true}]}}