{"id":126,"date":"2024-06-06T12:07:52","date_gmt":"2024-06-06T09:07:52","guid":{"rendered":"https:\/\/emobility.teknologiateollisuus.fi\/?page_id=126"},"modified":"2025-05-05T13:39:28","modified_gmt":"2025-05-05T10:39:28","slug":"arjen-alykas-sahkoautoilu","status":"publish","type":"page","link":"https:\/\/teknologiateollisuus.fi\/emobility\/sahkoinen-liikenne\/arjen-alykas-sahkoautoilu\/","title":{"rendered":"Tietoa s\u00e4hk\u00f6autoilusta"},"content":{"rendered":"\n<div class=\"em-block-hero hero-has-background-color has-background has-petrol-background-color has-image media-position-right \">\n\t<div class=\"em-block-hero__container\">\n\t\t<div class=\"em-block-hero__content\">\n\t\t\t<div class=\"yoast-breadcrumbs\"><span><span><a href=\"https:\/\/teknologiateollisuus.fi\/emobility\/\">Etusivu<\/a><\/span> <span class=\"separator\"><\/span> <span><a href=\"https:\/\/teknologiateollisuus.fi\/emobility\/sahkoinen-liikenne\/\">S\u00e4hk\u00f6inen tieliikenne<\/a><\/span> <span class=\"separator\"><\/span> <span class=\"breadcrumb_last\" aria-current=\"page\">Tietoa s\u00e4hk\u00f6autoilusta<\/span><\/span><\/div>\t\t\t\n<h1 class=\"wp-block-heading\" id=\"h-tietoa-sahkoautoilusta\">Tietoa s\u00e4hk\u00f6autoilusta<\/h1>\n\n<p><\/p>\n\t\t\t<div class=\"em-block-hero__modified-date\"> P\u00e4ivitetty 05.05.2025 klo 13:39<\/div>\t\t<\/div>\n\t\t\t\t\t<figure class=\"em-block-hero__image\">\n\t\t\t\t<img loading=\"lazy\" decoding=\"async\" width=\"1044\" height=\"696\" src=\"https:\/\/teknologiateollisuus.fi\/emobility\/wp-content\/uploads\/sites\/9\/2025\/04\/Pienitiedosto_Sahk_liikenne_8245.jpeg\" class=\"attachment-hero size-hero\" alt=\"S\u00e4hk\u00f6inen liikenne\" srcset=\"https:\/\/teknologiateollisuus.fi\/emobility\/wp-content\/uploads\/sites\/9\/2025\/04\/Pienitiedosto_Sahk_liikenne_8245.jpeg 1044w, https:\/\/teknologiateollisuus.fi\/emobility\/wp-content\/uploads\/sites\/9\/2025\/04\/Pienitiedosto_Sahk_liikenne_8245-400x267.jpeg 400w, https:\/\/teknologiateollisuus.fi\/emobility\/wp-content\/uploads\/sites\/9\/2025\/04\/Pienitiedosto_Sahk_liikenne_8245-968x645.jpeg 968w, https:\/\/teknologiateollisuus.fi\/emobility\/wp-content\/uploads\/sites\/9\/2025\/04\/Pienitiedosto_Sahk_liikenne_8245-768x512.jpeg 768w\" sizes=\"auto, (max-width: 1044px) 100vw, 1044px\" \/>\t\t\t<\/figure>\n\t\t\t<\/div>\n<\/div>\n\n\n\n<p>S\u00e4hk\u00f6autot kiinnostavat suomalaisia, mutta auton ominaisuuksiin, k\u00e4ytt\u00f6\u00f6n ja lataukseen liittyy my\u00f6s ep\u00e4luuloja ja jopa v\u00e4\u00e4ri\u00e4 tietoja. Uusi S\u00e4hk\u00f6autoillen.fi-tietopaketti tarjoaa asiantuntijatietoa kansantajuisesti s\u00e4hk\u00f6autoilusta kuluttajille, taloyhti\u00f6ille ja ty\u00f6nantajille.<\/p>\n\n\n\n<p>Arjen s\u00e4hk\u00f6autoiluun liittyvien aiheiden lis\u00e4ksi p\u00e4\u00e4st\u00f6t ja kierr\u00e4tett\u00e4vyys her\u00e4tt\u00e4v\u00e4t kysymyksi\u00e4. Sivustolle koottiin tuoreinta saatavilla olevaa tietoa valmistuksen ja materiaalien ilmastovaikutuksista sek\u00e4 k\u00e4yt\u00f6n p\u00e4\u00e4st\u00f6ist\u00e4.<br><br>Lue lis\u00e4\u00e4 <a href=\"https:\/\/eur01.safelinks.protection.outlook.com\/?url=http%3A%2F%2Fwww.sahkoautoillen.fi%2F&amp;data=05%7C01%7Cantton.lounasheimo%40teknologiateollisuus.fi%7C449cfb409af24c72b37b08db66837f23%7Cf76946dcd9fc4b0882aadb1d2a9b8ed0%7C0%7C0%7C638216487179644882%7CUnknown%7CTWFpbGZsb3d8eyJWIjoiMC4wLjAwMDAiLCJQIjoiV2luMzIiLCJBTiI6Ik1haWwiLCJXVCI6Mn0%3D%7C3000%7C%7C%7C&amp;sdata=nLIriSLP9F2vMBlKopun4fpUnyPk0nZIKRofUa0lusY%3D&amp;reserved=0\" target=\"_blank\" rel=\"noreferrer noopener\">www.sahkoautoillen.fi<\/a><\/p>\n\n\n\n<div class=\"wp-block-evermade-links em-block-links has-columns-1\">\n<a\n\tclass=\"wp-block-evermade-external-link em-block-link is-external   has-subtitle\"\n\thref=\"https:\/\/www.youtube.com\/channel\/UCHURyAFe_KS7Ri3IGCJ1zIA\"\n\taria-label=\"Avaa uudessa v\u00e4lilehdess\u00e4\"\n\ttarget=\"_blank\"\n\trel=\"noopener noreferrer\"\n>\n\t<div class=\"em-block-link__content\">\n\t\t<span class=\"em-block-link__title\">\n\t\t\tS\u00e4hk\u00f6inen liikenne Electro Mobile\t\t<\/span>\n\t\t\t\t\t<span class=\"em-block-link__subtitle\">\n\t\t\t\tTutustu TechFinland &#8211; Electro Mobility Youtube -kanavaan\t\t\t<\/span>\n\t\t\t<\/div>\n\t<div class=\"em-block-link__arrow\"><\/div>\n\t<div class=\"em-block-link__pressable\"><\/div>\n<\/a>\n<\/div>\n\n\n\n<p><em>Yl\u00e4kuva: Liisa Takala<\/em><\/p>\n\n\n\n<p><\/p>\n","protected":false},"excerpt":{"rendered":"<p>S\u00e4hk\u00f6autot kiinnostavat suomalaisia, mutta auton ominaisuuksiin, k\u00e4ytt\u00f6\u00f6n ja lataukseen liittyy my\u00f6s ep\u00e4luuloja ja jopa v\u00e4\u00e4ri\u00e4 tietoja. Uusi S\u00e4hk\u00f6autoillen.fi-tietopaketti tarjoaa asiantuntijatietoa kansantajuisesti s\u00e4hk\u00f6autoilusta kuluttajille, taloyhti\u00f6ille ja ty\u00f6nantajille. Arjen s\u00e4hk\u00f6autoiluun liittyvien aiheiden lis\u00e4ksi p\u00e4\u00e4st\u00f6t ja kierr\u00e4tett\u00e4vyys her\u00e4tt\u00e4v\u00e4t kysymyksi\u00e4. Sivustolle koottiin tuoreinta saatavilla olevaa tietoa valmistuksen ja materiaalien ilmastovaikutuksista sek\u00e4 k\u00e4yt\u00f6n p\u00e4\u00e4st\u00f6ist\u00e4. Lue lis\u00e4\u00e4 www.sahkoautoillen.fi Yl\u00e4kuva: Liisa Takala<\/p>\n","protected":false},"author":8,"featured_media":0,"parent":622,"menu_order":1,"comment_status":"closed","ping_status":"closed","template":"","meta":{"_acf_changed":false,"_relevanssi_hide_post":"","_relevanssi_hide_content":"","_relevanssi_pin_for_all":"","_relevanssi_pin_keywords":"","_relevanssi_unpin_keywords":"","_relevanssi_related_keywords":"","_relevanssi_related_include_ids":"","_relevanssi_related_exclude_ids":"","_relevanssi_related_no_append":"","_relevanssi_related_not_related":"","_relevanssi_related_posts":"1","_relevanssi_noindex_reason":"","inline_featured_image":false,"footnotes":""},"class_list":["post-126","page","type-page","status-publish","hentry"],"acf":[],"yoast_head":"<!-- This site is optimized with the Yoast SEO Premium plugin v27.1 (Yoast SEO v27.3) - https:\/\/yoast.com\/product\/yoast-seo-premium-wordpress\/ -->\n<title>Tietoa s\u00e4hk\u00f6autoilusta - S\u00e4hk\u00f6inen liikenne<\/title>\n<meta name=\"robots\" content=\"index, follow, max-snippet:-1, max-image-preview:large, max-video-preview:-1\" \/>\n<link rel=\"canonical\" href=\"https:\/\/teknologiateollisuus.fi\/emobility\/sahkoinen-liikenne\/arjen-alykas-sahkoautoilu\/\" \/>\n<meta property=\"og:locale\" content=\"fi_FI\" \/>\n<meta property=\"og:type\" content=\"article\" \/>\n<meta property=\"og:title\" content=\"Tietoa s\u00e4hk\u00f6autoilusta\" \/>\n<meta property=\"og:description\" content=\"S\u00e4hk\u00f6autot kiinnostavat suomalaisia, mutta auton ominaisuuksiin, k\u00e4ytt\u00f6\u00f6n ja lataukseen liittyy my\u00f6s ep\u00e4luuloja ja jopa v\u00e4\u00e4ri\u00e4 tietoja. Uusi S\u00e4hk\u00f6autoillen.fi-tietopaketti tarjoaa asiantuntijatietoa kansantajuisesti s\u00e4hk\u00f6autoilusta kuluttajille, taloyhti\u00f6ille ja ty\u00f6nantajille. Arjen s\u00e4hk\u00f6autoiluun liittyvien aiheiden lis\u00e4ksi p\u00e4\u00e4st\u00f6t ja kierr\u00e4tett\u00e4vyys her\u00e4tt\u00e4v\u00e4t kysymyksi\u00e4. Sivustolle koottiin tuoreinta saatavilla olevaa tietoa valmistuksen ja materiaalien ilmastovaikutuksista sek\u00e4 k\u00e4yt\u00f6n p\u00e4\u00e4st\u00f6ist\u00e4. Lue lis\u00e4\u00e4 www.sahkoautoillen.fi Yl\u00e4kuva: Liisa Takala\" \/>\n<meta property=\"og:url\" content=\"https:\/\/teknologiateollisuus.fi\/emobility\/sahkoinen-liikenne\/arjen-alykas-sahkoautoilu\/\" \/>\n<meta property=\"og:site_name\" content=\"S\u00e4hk\u00f6inen liikenne\" \/>\n<meta property=\"article:modified_time\" content=\"2025-05-05T10:39:28+00:00\" \/>\n<meta name=\"twitter:card\" content=\"summary_large_image\" \/>\n<meta name=\"twitter:label1\" content=\"Arvioitu lukuaika\" \/>\n\t<meta name=\"twitter:data1\" content=\"1 minuutti\" \/>\n<script type=\"application\/ld+json\" class=\"yoast-schema-graph\">{\"@context\":\"https:\\\/\\\/schema.org\",\"@graph\":[{\"@type\":\"WebPage\",\"@id\":\"https:\\\/\\\/teknologiateollisuus.fi\\\/emobility\\\/sahkoinen-liikenne\\\/arjen-alykas-sahkoautoilu\\\/\",\"url\":\"https:\\\/\\\/teknologiateollisuus.fi\\\/emobility\\\/sahkoinen-liikenne\\\/arjen-alykas-sahkoautoilu\\\/\",\"name\":\"Tietoa s\u00e4hk\u00f6autoilusta - S\u00e4hk\u00f6inen liikenne\",\"isPartOf\":{\"@id\":\"https:\\\/\\\/teknologiateollisuus.fi\\\/emobility\\\/#website\"},\"datePublished\":\"2024-06-06T09:07:52+00:00\",\"dateModified\":\"2025-05-05T10:39:28+00:00\",\"breadcrumb\":{\"@id\":\"https:\\\/\\\/teknologiateollisuus.fi\\\/emobility\\\/sahkoinen-liikenne\\\/arjen-alykas-sahkoautoilu\\\/#breadcrumb\"},\"inLanguage\":\"fi\",\"potentialAction\":[{\"@type\":\"ReadAction\",\"target\":[\"https:\\\/\\\/teknologiateollisuus.fi\\\/emobility\\\/sahkoinen-liikenne\\\/arjen-alykas-sahkoautoilu\\\/\"]}]},{\"@type\":\"BreadcrumbList\",\"@id\":\"https:\\\/\\\/teknologiateollisuus.fi\\\/emobility\\\/sahkoinen-liikenne\\\/arjen-alykas-sahkoautoilu\\\/#breadcrumb\",\"itemListElement\":[{\"@type\":\"ListItem\",\"position\":1,\"name\":\"Etusivu\",\"item\":\"https:\\\/\\\/teknologiateollisuus.fi\\\/emobility\\\/\"},{\"@type\":\"ListItem\",\"position\":2,\"name\":\"S\u00e4hk\u00f6inen tieliikenne\",\"item\":\"https:\\\/\\\/teknologiateollisuus.fi\\\/emobility\\\/sahkoinen-liikenne\\\/\"},{\"@type\":\"ListItem\",\"position\":3,\"name\":\"Tietoa s\u00e4hk\u00f6autoilusta\"}]},{\"@type\":\"WebSite\",\"@id\":\"https:\\\/\\\/teknologiateollisuus.fi\\\/emobility\\\/#website\",\"url\":\"https:\\\/\\\/teknologiateollisuus.fi\\\/emobility\\\/\",\"name\":\"S\u00e4hk\u00f6inen liikenne\",\"description\":\"\",\"potentialAction\":[{\"@type\":\"SearchAction\",\"target\":{\"@type\":\"EntryPoint\",\"urlTemplate\":\"https:\\\/\\\/teknologiateollisuus.fi\\\/emobility\\\/?s={search_term_string}\"},\"query-input\":{\"@type\":\"PropertyValueSpecification\",\"valueRequired\":true,\"valueName\":\"search_term_string\"}}],\"inLanguage\":\"fi\"}]}<\/script>\n<!-- \/ Yoast SEO Premium plugin. -->","yoast_head_json":{"title":"Tietoa s\u00e4hk\u00f6autoilusta - S\u00e4hk\u00f6inen liikenne","robots":{"index":"index","follow":"follow","max-snippet":"max-snippet:-1","max-image-preview":"max-image-preview:large","max-video-preview":"max-video-preview:-1"},"canonical":"https:\/\/teknologiateollisuus.fi\/emobility\/sahkoinen-liikenne\/arjen-alykas-sahkoautoilu\/","og_locale":"fi_FI","og_type":"article","og_title":"Tietoa s\u00e4hk\u00f6autoilusta","og_description":"S\u00e4hk\u00f6autot kiinnostavat suomalaisia, mutta auton ominaisuuksiin, k\u00e4ytt\u00f6\u00f6n ja lataukseen liittyy my\u00f6s ep\u00e4luuloja ja jopa v\u00e4\u00e4ri\u00e4 tietoja. Uusi S\u00e4hk\u00f6autoillen.fi-tietopaketti tarjoaa asiantuntijatietoa kansantajuisesti s\u00e4hk\u00f6autoilusta kuluttajille, taloyhti\u00f6ille ja ty\u00f6nantajille. Arjen s\u00e4hk\u00f6autoiluun liittyvien aiheiden lis\u00e4ksi p\u00e4\u00e4st\u00f6t ja kierr\u00e4tett\u00e4vyys her\u00e4tt\u00e4v\u00e4t kysymyksi\u00e4. Sivustolle koottiin tuoreinta saatavilla olevaa tietoa valmistuksen ja materiaalien ilmastovaikutuksista sek\u00e4 k\u00e4yt\u00f6n p\u00e4\u00e4st\u00f6ist\u00e4. Lue lis\u00e4\u00e4 www.sahkoautoillen.fi Yl\u00e4kuva: Liisa Takala","og_url":"https:\/\/teknologiateollisuus.fi\/emobility\/sahkoinen-liikenne\/arjen-alykas-sahkoautoilu\/","og_site_name":"S\u00e4hk\u00f6inen liikenne","article_modified_time":"2025-05-05T10:39:28+00:00","twitter_card":"summary_large_image","twitter_misc":{"Arvioitu lukuaika":"1 minuutti"},"schema":{"@context":"https:\/\/schema.org","@graph":[{"@type":"WebPage","@id":"https:\/\/teknologiateollisuus.fi\/emobility\/sahkoinen-liikenne\/arjen-alykas-sahkoautoilu\/","url":"https:\/\/teknologiateollisuus.fi\/emobility\/sahkoinen-liikenne\/arjen-alykas-sahkoautoilu\/","name":"Tietoa s\u00e4hk\u00f6autoilusta - S\u00e4hk\u00f6inen liikenne","isPartOf":{"@id":"https:\/\/teknologiateollisuus.fi\/emobility\/#website"},"datePublished":"2024-06-06T09:07:52+00:00","dateModified":"2025-05-05T10:39:28+00:00","breadcrumb":{"@id":"https:\/\/teknologiateollisuus.fi\/emobility\/sahkoinen-liikenne\/arjen-alykas-sahkoautoilu\/#breadcrumb"},"inLanguage":"fi","potentialAction":[{"@type":"ReadAction","target":["https:\/\/teknologiateollisuus.fi\/emobility\/sahkoinen-liikenne\/arjen-alykas-sahkoautoilu\/"]}]},{"@type":"BreadcrumbList","@id":"https:\/\/teknologiateollisuus.fi\/emobility\/sahkoinen-liikenne\/arjen-alykas-sahkoautoilu\/#breadcrumb","itemListElement":[{"@type":"ListItem","position":1,"name":"Etusivu","item":"https:\/\/teknologiateollisuus.fi\/emobility\/"},{"@type":"ListItem","position":2,"name":"S\u00e4hk\u00f6inen tieliikenne","item":"https:\/\/teknologiateollisuus.fi\/emobility\/sahkoinen-liikenne\/"},{"@type":"ListItem","position":3,"name":"Tietoa s\u00e4hk\u00f6autoilusta"}]},{"@type":"WebSite","@id":"https:\/\/teknologiateollisuus.fi\/emobility\/#website","url":"https:\/\/teknologiateollisuus.fi\/emobility\/","name":"S\u00e4hk\u00f6inen liikenne","description":"","potentialAction":[{"@type":"SearchAction","target":{"@type":"EntryPoint","urlTemplate":"https:\/\/teknologiateollisuus.fi\/emobility\/?s={search_term_string}"},"query-input":{"@type":"PropertyValueSpecification","valueRequired":true,"valueName":"search_term_string"}}],"inLanguage":"fi"}]}},"lang":"fi","translations":{"fi":126},"pll_sync_post":[],"_links":{"self":[{"href":"https:\/\/teknologiateollisuus.fi\/emobility\/wp-json\/wp\/v2\/pages\/126","targetHints":{"allow":["GET"]}}],"collection":[{"href":"https:\/\/teknologiateollisuus.fi\/emobility\/wp-json\/wp\/v2\/pages"}],"about":[{"href":"https:\/\/teknologiateollisuus.fi\/emobility\/wp-json\/wp\/v2\/types\/page"}],"author":[{"embeddable":true,"href":"https:\/\/teknologiateollisuus.fi\/emobility\/wp-json\/wp\/v2\/users\/8"}],"replies":[{"embeddable":true,"href":"https:\/\/teknologiateollisuus.fi\/emobility\/wp-json\/wp\/v2\/comments?post=126"}],"version-history":[{"count":29,"href":"https:\/\/teknologiateollisuus.fi\/emobility\/wp-json\/wp\/v2\/pages\/126\/revisions"}],"predecessor-version":[{"id":734,"href":"https:\/\/teknologiateollisuus.fi\/emobility\/wp-json\/wp\/v2\/pages\/126\/revisions\/734"}],"up":[{"embeddable":true,"href":"https:\/\/teknologiateollisuus.fi\/emobility\/wp-json\/wp\/v2\/pages\/622"}],"wp:attachment":[{"href":"https:\/\/teknologiateollisuus.fi\/emobility\/wp-json\/wp\/v2\/media?parent=126"}],"curies":[{"name":"wp","href":"https:\/\/api.w.org\/{rel}","templated":true}]}}