{"id":26,"date":"2024-06-04T16:22:04","date_gmt":"2024-06-04T13:22:04","guid":{"rendered":"https:\/\/emobility.teknologiateollisuus.fi\/?page_id=26"},"modified":"2025-01-20T14:32:46","modified_gmt":"2025-01-20T12:32:46","slug":"tietoa-toimialasta","status":"publish","type":"page","link":"https:\/\/teknologiateollisuus.fi\/emobility\/tietoa-toimialasta\/","title":{"rendered":"Vaikutamme"},"content":{"rendered":"\n<div class=\"em-block-hero hero-has-background-color has-background has-violet-background-color has-image media-position-background \">\n\t<div class=\"em-block-hero__container\">\n\t\t<div class=\"em-block-hero__content\">\n\t\t\t<div class=\"yoast-breadcrumbs\"><span><span><a href=\"https:\/\/teknologiateollisuus.fi\/emobility\/\">Etusivu<\/a><\/span> <span class=\"separator\"><\/span> <span class=\"breadcrumb_last\" aria-current=\"page\">Vaikutamme<\/span><\/span><\/div>\t\t\t\n<h1 class=\"wp-block-heading\" id=\"vaikutamme\">Vaikutamme<\/h1>\n\n<p><\/p>\n\t\t\t<div class=\"em-block-hero__modified-date\"> P\u00e4ivitetty 20.01.2025 klo 14:32<\/div>\t\t<\/div>\n\t\t\t\t\t<figure class=\"em-block-hero__image\">\n\t\t\t\t<img loading=\"lazy\" decoding=\"async\" width=\"1500\" height=\"750\" src=\"https:\/\/teknologiateollisuus.fi\/emobility\/wp-content\/uploads\/sites\/9\/2024\/09\/abb-terra-360-keyvisual-commercial-fleet-render-dpi-copy.jpg\" class=\"attachment-hero size-hero\" alt=\"Latausasema\" srcset=\"https:\/\/teknologiateollisuus.fi\/emobility\/wp-content\/uploads\/sites\/9\/2024\/09\/abb-terra-360-keyvisual-commercial-fleet-render-dpi-copy.jpg 1500w, https:\/\/teknologiateollisuus.fi\/emobility\/wp-content\/uploads\/sites\/9\/2024\/09\/abb-terra-360-keyvisual-commercial-fleet-render-dpi-copy-400x200.jpg 400w, https:\/\/teknologiateollisuus.fi\/emobility\/wp-content\/uploads\/sites\/9\/2024\/09\/abb-terra-360-keyvisual-commercial-fleet-render-dpi-copy-968x484.jpg 968w, https:\/\/teknologiateollisuus.fi\/emobility\/wp-content\/uploads\/sites\/9\/2024\/09\/abb-terra-360-keyvisual-commercial-fleet-render-dpi-copy-768x384.jpg 768w, https:\/\/teknologiateollisuus.fi\/emobility\/wp-content\/uploads\/sites\/9\/2024\/09\/abb-terra-360-keyvisual-commercial-fleet-render-dpi-copy-1300x650.jpg 1300w, https:\/\/teknologiateollisuus.fi\/emobility\/wp-content\/uploads\/sites\/9\/2024\/09\/abb-terra-360-keyvisual-commercial-fleet-render-dpi-copy-1440x720.jpg 1440w\" sizes=\"auto, (max-width: 1500px) 100vw, 1500px\" \/>\t\t\t<\/figure>\n\t\t\t<\/div>\n<\/div>\n\n\n\n<h2 class=\"wp-block-heading\"><strong>Liikenteen s\u00e4hk\u00f6istyminen on globaali kasvuilmi\u00f6<\/strong><\/h2>\n\n\n\n<p>Liikenteen s\u00e4hk\u00f6istyminen on globaali kasvuilmi\u00f6, joka tarjoaa suomalaiselle osaamiselle valtaisan vientipotentiaalin s\u00e4hk\u00f6iseen liikenteeseen kytkeytyville ratkaisuille. S\u00e4hk\u00f6isen liikenteen edell\u00e4k\u00e4vij\u00e4yritykset ovat vahvasti mukana alansa globaalissa kehityksess\u00e4. Vahva suomalainen s\u00e4hk\u00f6tekninen osaaminen mahdollistaa kasvun ja luo uutta.<\/p>\n\n\n\n<p>IEA:n perusskenaarion mukaan s\u00e4hk\u00f6ajoneuvojen m\u00e4\u00e4r\u00e4 kasvaa vuoden 2021 reilusta 16 miljoonasta noin 200 miljoonaan s\u00e4hk\u00f6iseen ajoneuvoon vuoteen 2030 menness\u00e4. Ajoneuvokannan kasvun my\u00f6t\u00e4 julkinen latauspisteverkosto kasvaa 13 miljoonaan, mik\u00e4 vastaa jonkin verran alle 10 prosenttia kaikista latauspisteist\u00e4 mukaan lukien koti- ja ty\u00f6paikkalataus. S\u00e4hk\u00f6ajoneuvot kuluttavat energiaa vuonna 2030 arviolta 700 TWh vuodessa.<\/p>\n\n\n\n<h2 class=\"wp-block-heading\"><strong>Liikenteen s\u00e4hk\u00f6istyminen on systeemitason muutos<\/strong><\/h2>\n\n\n\n<p>Liikenteen s\u00e4hk\u00f6istyminen johtaa merkitt\u00e4v\u00e4\u00e4n systeemitason muutokseen, jossa s\u00e4hk\u00f6isen liikenteen klusterilla ja siihen kytkeytyv\u00e4ll\u00e4 monipuolisella osaamisella on merkitt\u00e4v\u00e4 rooli.<\/p>\n\n\n\n<p>S\u00e4hk\u00f6isen liikenteen osaamistarpeen selvitt\u00e4minen edist\u00e4\u00e4 koulutusohjelmien kehitt\u00e4mist\u00e4 ja parantaa osaajien saatavuutta. Osaajatarve kasvaa asentajatasolta, ohjelmisto-, palvelu- ja teknologiakehitykseen.<\/p>\n\n\n\n<p>S\u00e4hk\u00f6isen liikenteen kokonaisuus edellytt\u00e4\u00e4 monitasoista yhteensovittamista, jossa yhteiset pelis\u00e4\u00e4nn\u00f6t tarpeeksi kattavalle datan saatavuudelle lis\u00e4\u00e4v\u00e4t palvelutarjontaa mahdollistaen paremman k\u00e4ytt\u00e4j\u00e4kokemuksen. Digitaaliset laajasti dataa hy\u00f6dynt\u00e4v\u00e4t palvelut monipuolistuvat ja tarjoavat etuja monille s\u00e4hk\u00f6autoiluun liittyville osapuolille.<\/p>\n\n\n\n<p>Systeemitason muutoksen perustana on kattava, \u00e4lyk\u00e4s ja digitaalisesti liitetty latausverkosto, joka kytkeytyy saumattomasti \u00e4lykk\u00e4\u00e4seen, uusiutuvaan ja p\u00e4\u00e4st\u00f6tt\u00f6m\u00e4\u00e4n energiaan perustuvaan s\u00e4hk\u00f6energiaj\u00e4rjestelm\u00e4\u00e4n. 2-suuntaisen latauksen yleistyess\u00e4 l\u00e4hivuosina t\u00e4yss\u00e4hk\u00f6autot tarjoavat my\u00f6s tehoreservin, joka voi 2030-luvulla ylt\u00e4\u00e4 jopa ydinvoimalaa vastaavaan tehokapasiteettiin. Suurteholatauksen latauspalveluiden saatavuus kuljetusreiteill\u00e4 sek\u00e4 latauksen sovittaminen kuljetusketjuihin tuo uuden suunnitteluparametrin logistiikkaan.<\/p>\n\n\n\n<p>Investoinnit puhtaaseen s\u00e4\u00e4riippuvaisempaan s\u00e4hk\u00f6energiaan jatkuvat korkealla tasolla ja edellytt\u00e4v\u00e4t yh\u00e4 parempaa tuotannon ja kulutuksen yhteensovittamista. Kehittyneempi lataustekniikka ja latauspalvelut ohjaavat puhtaan s\u00e4hk\u00f6energian tehokkaammin latausk\u00e4ytt\u00f6\u00f6n ja alentavat tehopiikkej\u00e4.<\/p>\n\n\n\n<p>Systeemitason muutoksen edist\u00e4minen tasapainoisesti luo s\u00e4hk\u00f6isen liikenteen klusterille edellytykset rakentaa Suomesta kokonaisvaltainen s\u00e4hk\u00f6isen liikenteen edell\u00e4k\u00e4vij\u00e4.<\/p>\n","protected":false},"excerpt":{"rendered":"<p>Liikenteen s\u00e4hk\u00f6istyminen on globaali kasvuilmi\u00f6 Liikenteen s\u00e4hk\u00f6istyminen on globaali kasvuilmi\u00f6, joka tarjoaa suomalaiselle osaamiselle valtaisan vientipotentiaalin s\u00e4hk\u00f6iseen liikenteeseen kytkeytyville ratkaisuille. S\u00e4hk\u00f6isen liikenteen edell\u00e4k\u00e4vij\u00e4yritykset ovat vahvasti mukana alansa globaalissa kehityksess\u00e4. Vahva suomalainen s\u00e4hk\u00f6tekninen osaaminen mahdollistaa kasvun ja luo uutta. IEA:n perusskenaarion mukaan s\u00e4hk\u00f6ajoneuvojen m\u00e4\u00e4r\u00e4 kasvaa vuoden 2021 reilusta 16 miljoonasta noin 200 miljoonaan s\u00e4hk\u00f6iseen ajoneuvoon vuoteen [&hellip;]<\/p>\n","protected":false},"author":8,"featured_media":25,"parent":0,"menu_order":0,"comment_status":"closed","ping_status":"closed","template":"","meta":{"_acf_changed":false,"_relevanssi_hide_post":"","_relevanssi_hide_content":"","_relevanssi_pin_for_all":"","_relevanssi_pin_keywords":"","_relevanssi_unpin_keywords":"","_relevanssi_related_keywords":"","_relevanssi_related_include_ids":"","_relevanssi_related_exclude_ids":"","_relevanssi_related_no_append":"","_relevanssi_related_not_related":"","_relevanssi_related_posts":"1","_relevanssi_noindex_reason":"","inline_featured_image":false,"footnotes":""},"class_list":["post-26","page","type-page","status-publish","has-post-thumbnail","hentry"],"acf":[],"yoast_head":"<!-- This site is optimized with the Yoast SEO Premium plugin v27.1 (Yoast SEO v27.4) - https:\/\/yoast.com\/product\/yoast-seo-premium-wordpress\/ -->\n<title>Vaikutamme - S\u00e4hk\u00f6inen liikenne<\/title>\n<meta name=\"robots\" content=\"index, follow, max-snippet:-1, max-image-preview:large, max-video-preview:-1\" \/>\n<link rel=\"canonical\" href=\"https:\/\/teknologiateollisuus.fi\/emobility\/tietoa-toimialasta\/\" \/>\n<meta property=\"og:locale\" content=\"fi_FI\" \/>\n<meta property=\"og:type\" content=\"article\" \/>\n<meta property=\"og:title\" content=\"Vaikutamme\" \/>\n<meta property=\"og:description\" content=\"Liikenteen s\u00e4hk\u00f6istyminen on globaali kasvuilmi\u00f6 Liikenteen s\u00e4hk\u00f6istyminen on globaali kasvuilmi\u00f6, joka tarjoaa suomalaiselle osaamiselle valtaisan vientipotentiaalin s\u00e4hk\u00f6iseen liikenteeseen kytkeytyville ratkaisuille. S\u00e4hk\u00f6isen liikenteen edell\u00e4k\u00e4vij\u00e4yritykset ovat vahvasti mukana alansa globaalissa kehityksess\u00e4. Vahva suomalainen s\u00e4hk\u00f6tekninen osaaminen mahdollistaa kasvun ja luo uutta. IEA:n perusskenaarion mukaan s\u00e4hk\u00f6ajoneuvojen m\u00e4\u00e4r\u00e4 kasvaa vuoden 2021 reilusta 16 miljoonasta noin 200 miljoonaan s\u00e4hk\u00f6iseen ajoneuvoon vuoteen [&hellip;]\" \/>\n<meta property=\"og:url\" content=\"https:\/\/teknologiateollisuus.fi\/emobility\/tietoa-toimialasta\/\" \/>\n<meta property=\"og:site_name\" content=\"S\u00e4hk\u00f6inen liikenne\" \/>\n<meta property=\"article:modified_time\" content=\"2025-01-20T12:32:46+00:00\" \/>\n<meta property=\"og:image\" content=\"https:\/\/teknologiateollisuus.fi\/emobility\/wp-content\/uploads\/sites\/9\/2024\/06\/tekno-fallback.png\" \/>\n\t<meta property=\"og:image:width\" content=\"1300\" \/>\n\t<meta property=\"og:image:height\" content=\"975\" \/>\n\t<meta property=\"og:image:type\" content=\"image\/png\" \/>\n<meta name=\"twitter:card\" content=\"summary_large_image\" \/>\n<meta name=\"twitter:label1\" content=\"Arvioitu lukuaika\" \/>\n\t<meta name=\"twitter:data1\" content=\"2 minuuttia\" \/>\n<script type=\"application\/ld+json\" class=\"yoast-schema-graph\">{\"@context\":\"https:\\\/\\\/schema.org\",\"@graph\":[{\"@type\":\"WebPage\",\"@id\":\"https:\\\/\\\/teknologiateollisuus.fi\\\/emobility\\\/tietoa-toimialasta\\\/\",\"url\":\"https:\\\/\\\/teknologiateollisuus.fi\\\/emobility\\\/tietoa-toimialasta\\\/\",\"name\":\"Vaikutamme - S\u00e4hk\u00f6inen liikenne\",\"isPartOf\":{\"@id\":\"https:\\\/\\\/teknologiateollisuus.fi\\\/emobility\\\/#website\"},\"primaryImageOfPage\":{\"@id\":\"https:\\\/\\\/teknologiateollisuus.fi\\\/emobility\\\/tietoa-toimialasta\\\/#primaryimage\"},\"image\":{\"@id\":\"https:\\\/\\\/teknologiateollisuus.fi\\\/emobility\\\/tietoa-toimialasta\\\/#primaryimage\"},\"thumbnailUrl\":\"https:\\\/\\\/teknologiateollisuus.fi\\\/emobility\\\/wp-content\\\/uploads\\\/sites\\\/9\\\/2024\\\/06\\\/tekno-fallback.png\",\"datePublished\":\"2024-06-04T13:22:04+00:00\",\"dateModified\":\"2025-01-20T12:32:46+00:00\",\"breadcrumb\":{\"@id\":\"https:\\\/\\\/teknologiateollisuus.fi\\\/emobility\\\/tietoa-toimialasta\\\/#breadcrumb\"},\"inLanguage\":\"fi\",\"potentialAction\":[{\"@type\":\"ReadAction\",\"target\":[\"https:\\\/\\\/teknologiateollisuus.fi\\\/emobility\\\/tietoa-toimialasta\\\/\"]}]},{\"@type\":\"ImageObject\",\"inLanguage\":\"fi\",\"@id\":\"https:\\\/\\\/teknologiateollisuus.fi\\\/emobility\\\/tietoa-toimialasta\\\/#primaryimage\",\"url\":\"https:\\\/\\\/teknologiateollisuus.fi\\\/emobility\\\/wp-content\\\/uploads\\\/sites\\\/9\\\/2024\\\/06\\\/tekno-fallback.png\",\"contentUrl\":\"https:\\\/\\\/teknologiateollisuus.fi\\\/emobility\\\/wp-content\\\/uploads\\\/sites\\\/9\\\/2024\\\/06\\\/tekno-fallback.png\",\"width\":1300,\"height\":975},{\"@type\":\"BreadcrumbList\",\"@id\":\"https:\\\/\\\/teknologiateollisuus.fi\\\/emobility\\\/tietoa-toimialasta\\\/#breadcrumb\",\"itemListElement\":[{\"@type\":\"ListItem\",\"position\":1,\"name\":\"Etusivu\",\"item\":\"https:\\\/\\\/teknologiateollisuus.fi\\\/emobility\\\/\"},{\"@type\":\"ListItem\",\"position\":2,\"name\":\"Vaikutamme\"}]},{\"@type\":\"WebSite\",\"@id\":\"https:\\\/\\\/teknologiateollisuus.fi\\\/emobility\\\/#website\",\"url\":\"https:\\\/\\\/teknologiateollisuus.fi\\\/emobility\\\/\",\"name\":\"S\u00e4hk\u00f6inen liikenne\",\"description\":\"\",\"potentialAction\":[{\"@type\":\"SearchAction\",\"target\":{\"@type\":\"EntryPoint\",\"urlTemplate\":\"https:\\\/\\\/teknologiateollisuus.fi\\\/emobility\\\/?s={search_term_string}\"},\"query-input\":{\"@type\":\"PropertyValueSpecification\",\"valueRequired\":true,\"valueName\":\"search_term_string\"}}],\"inLanguage\":\"fi\"}]}<\/script>\n<!-- \/ Yoast SEO Premium plugin. -->","yoast_head_json":{"title":"Vaikutamme - S\u00e4hk\u00f6inen liikenne","robots":{"index":"index","follow":"follow","max-snippet":"max-snippet:-1","max-image-preview":"max-image-preview:large","max-video-preview":"max-video-preview:-1"},"canonical":"https:\/\/teknologiateollisuus.fi\/emobility\/tietoa-toimialasta\/","og_locale":"fi_FI","og_type":"article","og_title":"Vaikutamme","og_description":"Liikenteen s\u00e4hk\u00f6istyminen on globaali kasvuilmi\u00f6 Liikenteen s\u00e4hk\u00f6istyminen on globaali kasvuilmi\u00f6, joka tarjoaa suomalaiselle osaamiselle valtaisan vientipotentiaalin s\u00e4hk\u00f6iseen liikenteeseen kytkeytyville ratkaisuille. S\u00e4hk\u00f6isen liikenteen edell\u00e4k\u00e4vij\u00e4yritykset ovat vahvasti mukana alansa globaalissa kehityksess\u00e4. Vahva suomalainen s\u00e4hk\u00f6tekninen osaaminen mahdollistaa kasvun ja luo uutta. IEA:n perusskenaarion mukaan s\u00e4hk\u00f6ajoneuvojen m\u00e4\u00e4r\u00e4 kasvaa vuoden 2021 reilusta 16 miljoonasta noin 200 miljoonaan s\u00e4hk\u00f6iseen ajoneuvoon vuoteen [&hellip;]","og_url":"https:\/\/teknologiateollisuus.fi\/emobility\/tietoa-toimialasta\/","og_site_name":"S\u00e4hk\u00f6inen liikenne","article_modified_time":"2025-01-20T12:32:46+00:00","og_image":[{"width":1300,"height":975,"url":"https:\/\/teknologiateollisuus.fi\/emobility\/wp-content\/uploads\/sites\/9\/2024\/06\/tekno-fallback.png","type":"image\/png"}],"twitter_card":"summary_large_image","twitter_misc":{"Arvioitu lukuaika":"2 minuuttia"},"schema":{"@context":"https:\/\/schema.org","@graph":[{"@type":"WebPage","@id":"https:\/\/teknologiateollisuus.fi\/emobility\/tietoa-toimialasta\/","url":"https:\/\/teknologiateollisuus.fi\/emobility\/tietoa-toimialasta\/","name":"Vaikutamme - S\u00e4hk\u00f6inen liikenne","isPartOf":{"@id":"https:\/\/teknologiateollisuus.fi\/emobility\/#website"},"primaryImageOfPage":{"@id":"https:\/\/teknologiateollisuus.fi\/emobility\/tietoa-toimialasta\/#primaryimage"},"image":{"@id":"https:\/\/teknologiateollisuus.fi\/emobility\/tietoa-toimialasta\/#primaryimage"},"thumbnailUrl":"https:\/\/teknologiateollisuus.fi\/emobility\/wp-content\/uploads\/sites\/9\/2024\/06\/tekno-fallback.png","datePublished":"2024-06-04T13:22:04+00:00","dateModified":"2025-01-20T12:32:46+00:00","breadcrumb":{"@id":"https:\/\/teknologiateollisuus.fi\/emobility\/tietoa-toimialasta\/#breadcrumb"},"inLanguage":"fi","potentialAction":[{"@type":"ReadAction","target":["https:\/\/teknologiateollisuus.fi\/emobility\/tietoa-toimialasta\/"]}]},{"@type":"ImageObject","inLanguage":"fi","@id":"https:\/\/teknologiateollisuus.fi\/emobility\/tietoa-toimialasta\/#primaryimage","url":"https:\/\/teknologiateollisuus.fi\/emobility\/wp-content\/uploads\/sites\/9\/2024\/06\/tekno-fallback.png","contentUrl":"https:\/\/teknologiateollisuus.fi\/emobility\/wp-content\/uploads\/sites\/9\/2024\/06\/tekno-fallback.png","width":1300,"height":975},{"@type":"BreadcrumbList","@id":"https:\/\/teknologiateollisuus.fi\/emobility\/tietoa-toimialasta\/#breadcrumb","itemListElement":[{"@type":"ListItem","position":1,"name":"Etusivu","item":"https:\/\/teknologiateollisuus.fi\/emobility\/"},{"@type":"ListItem","position":2,"name":"Vaikutamme"}]},{"@type":"WebSite","@id":"https:\/\/teknologiateollisuus.fi\/emobility\/#website","url":"https:\/\/teknologiateollisuus.fi\/emobility\/","name":"S\u00e4hk\u00f6inen liikenne","description":"","potentialAction":[{"@type":"SearchAction","target":{"@type":"EntryPoint","urlTemplate":"https:\/\/teknologiateollisuus.fi\/emobility\/?s={search_term_string}"},"query-input":{"@type":"PropertyValueSpecification","valueRequired":true,"valueName":"search_term_string"}}],"inLanguage":"fi"}]}},"lang":"fi","translations":{"fi":26},"pll_sync_post":[],"_links":{"self":[{"href":"https:\/\/teknologiateollisuus.fi\/emobility\/wp-json\/wp\/v2\/pages\/26","targetHints":{"allow":["GET"]}}],"collection":[{"href":"https:\/\/teknologiateollisuus.fi\/emobility\/wp-json\/wp\/v2\/pages"}],"about":[{"href":"https:\/\/teknologiateollisuus.fi\/emobility\/wp-json\/wp\/v2\/types\/page"}],"author":[{"embeddable":true,"href":"https:\/\/teknologiateollisuus.fi\/emobility\/wp-json\/wp\/v2\/users\/8"}],"replies":[{"embeddable":true,"href":"https:\/\/teknologiateollisuus.fi\/emobility\/wp-json\/wp\/v2\/comments?post=26"}],"version-history":[{"count":16,"href":"https:\/\/teknologiateollisuus.fi\/emobility\/wp-json\/wp\/v2\/pages\/26\/revisions"}],"predecessor-version":[{"id":626,"href":"https:\/\/teknologiateollisuus.fi\/emobility\/wp-json\/wp\/v2\/pages\/26\/revisions\/626"}],"wp:featuredmedia":[{"embeddable":true,"href":"https:\/\/teknologiateollisuus.fi\/emobility\/wp-json\/wp\/v2\/media\/25"}],"wp:attachment":[{"href":"https:\/\/teknologiateollisuus.fi\/emobility\/wp-json\/wp\/v2\/media?parent=26"}],"curies":[{"name":"wp","href":"https:\/\/api.w.org\/{rel}","templated":true}]}}