{"id":663,"date":"2025-03-13T11:17:47","date_gmt":"2025-03-13T09:17:47","guid":{"rendered":"https:\/\/teknologiateollisuus.fi\/emobility\/?page_id=663"},"modified":"2025-09-02T11:16:08","modified_gmt":"2025-09-02T08:16:08","slug":"ajoneuvojen-paasto-ja-kustannuslaskurit","status":"publish","type":"page","link":"https:\/\/teknologiateollisuus.fi\/emobility\/sahkoinen-liikenne\/ajoneuvojen-paasto-ja-kustannuslaskurit\/","title":{"rendered":"Ajoneuvojen p\u00e4\u00e4st\u00f6- ja kustannuslaskurit"},"content":{"rendered":"\n<div class=\"em-block-hero hero-has-background-color has-background has-violet-background-color has-image media-position-right \">\n\t<div class=\"em-block-hero__container\">\n\t\t<div class=\"em-block-hero__content\">\n\t\t\t<div class=\"yoast-breadcrumbs\"><span><span><a href=\"https:\/\/teknologiateollisuus.fi\/emobility\/\">Etusivu<\/a><\/span> <span class=\"separator\"><\/span> <span><a href=\"https:\/\/teknologiateollisuus.fi\/emobility\/sahkoinen-liikenne\/\">S\u00e4hk\u00f6inen tieliikenne<\/a><\/span> <span class=\"separator\"><\/span> <span class=\"breadcrumb_last\" aria-current=\"page\">Ajoneuvojen p\u00e4\u00e4st\u00f6- ja kustannuslaskurit<\/span><\/span><\/div>\t\t\t\n<h1 class=\"wp-block-heading\" id=\"h-ajoneuvojen-paasto-ja-kustannuslaskurit\">Ajoneuvojen p\u00e4\u00e4st\u00f6- ja kustannuslaskurit<\/h1>\n\n<p><\/p>\n\t\t\t<div class=\"em-block-hero__modified-date\"> P\u00e4ivitetty 02.09.2025 klo 11:16<\/div>\t\t<\/div>\n\t\t\t\t\t<figure class=\"em-block-hero__image\">\n\t\t\t\t<img loading=\"lazy\" decoding=\"async\" width=\"1044\" height=\"696\" src=\"https:\/\/teknologiateollisuus.fi\/emobility\/wp-content\/uploads\/sites\/9\/2025\/04\/Pienitiedosto_Sahk_liikenne_8402.jpeg\" class=\"attachment-hero size-hero\" alt=\"S\u00e4hk\u00f6inen liikenne\" srcset=\"https:\/\/teknologiateollisuus.fi\/emobility\/wp-content\/uploads\/sites\/9\/2025\/04\/Pienitiedosto_Sahk_liikenne_8402.jpeg 1044w, https:\/\/teknologiateollisuus.fi\/emobility\/wp-content\/uploads\/sites\/9\/2025\/04\/Pienitiedosto_Sahk_liikenne_8402-400x267.jpeg 400w, https:\/\/teknologiateollisuus.fi\/emobility\/wp-content\/uploads\/sites\/9\/2025\/04\/Pienitiedosto_Sahk_liikenne_8402-968x645.jpeg 968w, https:\/\/teknologiateollisuus.fi\/emobility\/wp-content\/uploads\/sites\/9\/2025\/04\/Pienitiedosto_Sahk_liikenne_8402-768x512.jpeg 768w\" sizes=\"auto, (max-width: 1044px) 100vw, 1044px\" \/>\t\t\t<\/figure>\n\t\t\t<\/div>\n<\/div>\n\n\n\n<h2 class=\"wp-block-heading\" id=\"h-mita-maksaa-sahkoautolla-ajaminen\" id=\"mita-maksaa-sahkoautolla-ajaminen\">Mit\u00e4 maksaa s\u00e4hk\u00f6autolla ajaminen? <\/h2>\n\n\n\n<p>Alla olevista linkeist\u00e4 p\u00e4\u00e4set laskureihin, joilla voit vertailla eri k\u00e4ytt\u00f6voimilla toimivien henkil\u00f6autojen sek\u00e4 paketti- ja kuorma-autojen elinkaarip\u00e4\u00e4st\u00f6j\u00e4 ja kustannuksia.<br><br>Siirry <a href=\"https:\/\/ilmastopaneeli.fi\/autokalkulaattori\/\" target=\"_blank\" rel=\"noreferrer noopener\">henkil\u00f6autojen p\u00e4\u00e4st\u00f6- ja kustannuslaskuriin<\/a><br>Siirry <a href=\"https:\/\/rekkalaskuri.netlify.app\/\" target=\"_blank\" rel=\"noreferrer noopener\">paketti- ja kuorma-autojen p\u00e4\u00e4st\u00f6- ja kustannuslaskuriin<\/a><\/p>\n\n\n\n<p><\/p>\n\n\n\n<p><\/p>\n\n\n\n<p><\/p>\n\n\n\n<p><em>Yl\u00e4kuva: Liisa Takala<\/em><\/p>\n","protected":false},"excerpt":{"rendered":"<p>Mit\u00e4 maksaa s\u00e4hk\u00f6autolla ajaminen? Alla olevista linkeist\u00e4 p\u00e4\u00e4set laskureihin, joilla voit vertailla eri k\u00e4ytt\u00f6voimilla toimivien henkil\u00f6autojen sek\u00e4 paketti- ja kuorma-autojen elinkaarip\u00e4\u00e4st\u00f6j\u00e4 ja kustannuksia. Siirry henkil\u00f6autojen p\u00e4\u00e4st\u00f6- ja kustannuslaskuriinSiirry paketti- ja kuorma-autojen p\u00e4\u00e4st\u00f6- ja kustannuslaskuriin Yl\u00e4kuva: Liisa Takala<\/p>\n","protected":false},"author":52,"featured_media":0,"parent":622,"menu_order":0,"comment_status":"closed","ping_status":"closed","template":"","meta":{"_acf_changed":false,"_relevanssi_hide_post":"","_relevanssi_hide_content":"","_relevanssi_pin_for_all":"","_relevanssi_pin_keywords":"","_relevanssi_unpin_keywords":"","_relevanssi_related_keywords":"","_relevanssi_related_include_ids":"","_relevanssi_related_exclude_ids":"","_relevanssi_related_no_append":"","_relevanssi_related_not_related":"","_relevanssi_related_posts":"346,369,415,363,556,357","_relevanssi_noindex_reason":"","inline_featured_image":false,"footnotes":""},"class_list":["post-663","page","type-page","status-publish","hentry"],"acf":[],"yoast_head":"<!-- This site is optimized with the Yoast SEO Premium plugin v27.1 (Yoast SEO v27.4) - https:\/\/yoast.com\/product\/yoast-seo-premium-wordpress\/ -->\n<title>Ajoneuvojen p\u00e4\u00e4st\u00f6- ja kustannuslaskurit - S\u00e4hk\u00f6inen liikenne<\/title>\n<meta name=\"robots\" content=\"index, follow, max-snippet:-1, max-image-preview:large, max-video-preview:-1\" \/>\n<link rel=\"canonical\" href=\"https:\/\/teknologiateollisuus.fi\/emobility\/sahkoinen-liikenne\/ajoneuvojen-paasto-ja-kustannuslaskurit\/\" \/>\n<meta property=\"og:locale\" content=\"fi_FI\" \/>\n<meta property=\"og:type\" content=\"article\" \/>\n<meta property=\"og:title\" content=\"Ajoneuvojen p\u00e4\u00e4st\u00f6- ja kustannuslaskurit\" \/>\n<meta property=\"og:description\" content=\"Mit\u00e4 maksaa s\u00e4hk\u00f6autolla ajaminen? Alla olevista linkeist\u00e4 p\u00e4\u00e4set laskureihin, joilla voit vertailla eri k\u00e4ytt\u00f6voimilla toimivien henkil\u00f6autojen sek\u00e4 paketti- ja kuorma-autojen elinkaarip\u00e4\u00e4st\u00f6j\u00e4 ja kustannuksia. Siirry henkil\u00f6autojen p\u00e4\u00e4st\u00f6- ja kustannuslaskuriinSiirry paketti- ja kuorma-autojen p\u00e4\u00e4st\u00f6- ja kustannuslaskuriin Yl\u00e4kuva: Liisa Takala\" \/>\n<meta property=\"og:url\" content=\"https:\/\/teknologiateollisuus.fi\/emobility\/sahkoinen-liikenne\/ajoneuvojen-paasto-ja-kustannuslaskurit\/\" \/>\n<meta property=\"og:site_name\" content=\"S\u00e4hk\u00f6inen liikenne\" \/>\n<meta property=\"article:modified_time\" content=\"2025-09-02T08:16:08+00:00\" \/>\n<meta name=\"twitter:card\" content=\"summary_large_image\" \/>\n<meta name=\"twitter:label1\" content=\"Arvioitu lukuaika\" \/>\n\t<meta name=\"twitter:data1\" content=\"1 minuutti\" \/>\n<script type=\"application\/ld+json\" class=\"yoast-schema-graph\">{\"@context\":\"https:\\\/\\\/schema.org\",\"@graph\":[{\"@type\":\"WebPage\",\"@id\":\"https:\\\/\\\/teknologiateollisuus.fi\\\/emobility\\\/sahkoinen-liikenne\\\/ajoneuvojen-paasto-ja-kustannuslaskurit\\\/\",\"url\":\"https:\\\/\\\/teknologiateollisuus.fi\\\/emobility\\\/sahkoinen-liikenne\\\/ajoneuvojen-paasto-ja-kustannuslaskurit\\\/\",\"name\":\"Ajoneuvojen p\u00e4\u00e4st\u00f6- ja kustannuslaskurit - S\u00e4hk\u00f6inen liikenne\",\"isPartOf\":{\"@id\":\"https:\\\/\\\/teknologiateollisuus.fi\\\/emobility\\\/#website\"},\"datePublished\":\"2025-03-13T09:17:47+00:00\",\"dateModified\":\"2025-09-02T08:16:08+00:00\",\"breadcrumb\":{\"@id\":\"https:\\\/\\\/teknologiateollisuus.fi\\\/emobility\\\/sahkoinen-liikenne\\\/ajoneuvojen-paasto-ja-kustannuslaskurit\\\/#breadcrumb\"},\"inLanguage\":\"fi\",\"potentialAction\":[{\"@type\":\"ReadAction\",\"target\":[\"https:\\\/\\\/teknologiateollisuus.fi\\\/emobility\\\/sahkoinen-liikenne\\\/ajoneuvojen-paasto-ja-kustannuslaskurit\\\/\"]}]},{\"@type\":\"BreadcrumbList\",\"@id\":\"https:\\\/\\\/teknologiateollisuus.fi\\\/emobility\\\/sahkoinen-liikenne\\\/ajoneuvojen-paasto-ja-kustannuslaskurit\\\/#breadcrumb\",\"itemListElement\":[{\"@type\":\"ListItem\",\"position\":1,\"name\":\"Etusivu\",\"item\":\"https:\\\/\\\/teknologiateollisuus.fi\\\/emobility\\\/\"},{\"@type\":\"ListItem\",\"position\":2,\"name\":\"S\u00e4hk\u00f6inen tieliikenne\",\"item\":\"https:\\\/\\\/teknologiateollisuus.fi\\\/emobility\\\/sahkoinen-liikenne\\\/\"},{\"@type\":\"ListItem\",\"position\":3,\"name\":\"Ajoneuvojen p\u00e4\u00e4st\u00f6- ja kustannuslaskurit\"}]},{\"@type\":\"WebSite\",\"@id\":\"https:\\\/\\\/teknologiateollisuus.fi\\\/emobility\\\/#website\",\"url\":\"https:\\\/\\\/teknologiateollisuus.fi\\\/emobility\\\/\",\"name\":\"S\u00e4hk\u00f6inen liikenne\",\"description\":\"\",\"potentialAction\":[{\"@type\":\"SearchAction\",\"target\":{\"@type\":\"EntryPoint\",\"urlTemplate\":\"https:\\\/\\\/teknologiateollisuus.fi\\\/emobility\\\/?s={search_term_string}\"},\"query-input\":{\"@type\":\"PropertyValueSpecification\",\"valueRequired\":true,\"valueName\":\"search_term_string\"}}],\"inLanguage\":\"fi\"}]}<\/script>\n<!-- \/ Yoast SEO Premium plugin. -->","yoast_head_json":{"title":"Ajoneuvojen p\u00e4\u00e4st\u00f6- ja kustannuslaskurit - S\u00e4hk\u00f6inen liikenne","robots":{"index":"index","follow":"follow","max-snippet":"max-snippet:-1","max-image-preview":"max-image-preview:large","max-video-preview":"max-video-preview:-1"},"canonical":"https:\/\/teknologiateollisuus.fi\/emobility\/sahkoinen-liikenne\/ajoneuvojen-paasto-ja-kustannuslaskurit\/","og_locale":"fi_FI","og_type":"article","og_title":"Ajoneuvojen p\u00e4\u00e4st\u00f6- ja kustannuslaskurit","og_description":"Mit\u00e4 maksaa s\u00e4hk\u00f6autolla ajaminen? Alla olevista linkeist\u00e4 p\u00e4\u00e4set laskureihin, joilla voit vertailla eri k\u00e4ytt\u00f6voimilla toimivien henkil\u00f6autojen sek\u00e4 paketti- ja kuorma-autojen elinkaarip\u00e4\u00e4st\u00f6j\u00e4 ja kustannuksia. Siirry henkil\u00f6autojen p\u00e4\u00e4st\u00f6- ja kustannuslaskuriinSiirry paketti- ja kuorma-autojen p\u00e4\u00e4st\u00f6- ja kustannuslaskuriin Yl\u00e4kuva: Liisa Takala","og_url":"https:\/\/teknologiateollisuus.fi\/emobility\/sahkoinen-liikenne\/ajoneuvojen-paasto-ja-kustannuslaskurit\/","og_site_name":"S\u00e4hk\u00f6inen liikenne","article_modified_time":"2025-09-02T08:16:08+00:00","twitter_card":"summary_large_image","twitter_misc":{"Arvioitu lukuaika":"1 minuutti"},"schema":{"@context":"https:\/\/schema.org","@graph":[{"@type":"WebPage","@id":"https:\/\/teknologiateollisuus.fi\/emobility\/sahkoinen-liikenne\/ajoneuvojen-paasto-ja-kustannuslaskurit\/","url":"https:\/\/teknologiateollisuus.fi\/emobility\/sahkoinen-liikenne\/ajoneuvojen-paasto-ja-kustannuslaskurit\/","name":"Ajoneuvojen p\u00e4\u00e4st\u00f6- ja kustannuslaskurit - S\u00e4hk\u00f6inen liikenne","isPartOf":{"@id":"https:\/\/teknologiateollisuus.fi\/emobility\/#website"},"datePublished":"2025-03-13T09:17:47+00:00","dateModified":"2025-09-02T08:16:08+00:00","breadcrumb":{"@id":"https:\/\/teknologiateollisuus.fi\/emobility\/sahkoinen-liikenne\/ajoneuvojen-paasto-ja-kustannuslaskurit\/#breadcrumb"},"inLanguage":"fi","potentialAction":[{"@type":"ReadAction","target":["https:\/\/teknologiateollisuus.fi\/emobility\/sahkoinen-liikenne\/ajoneuvojen-paasto-ja-kustannuslaskurit\/"]}]},{"@type":"BreadcrumbList","@id":"https:\/\/teknologiateollisuus.fi\/emobility\/sahkoinen-liikenne\/ajoneuvojen-paasto-ja-kustannuslaskurit\/#breadcrumb","itemListElement":[{"@type":"ListItem","position":1,"name":"Etusivu","item":"https:\/\/teknologiateollisuus.fi\/emobility\/"},{"@type":"ListItem","position":2,"name":"S\u00e4hk\u00f6inen tieliikenne","item":"https:\/\/teknologiateollisuus.fi\/emobility\/sahkoinen-liikenne\/"},{"@type":"ListItem","position":3,"name":"Ajoneuvojen p\u00e4\u00e4st\u00f6- ja kustannuslaskurit"}]},{"@type":"WebSite","@id":"https:\/\/teknologiateollisuus.fi\/emobility\/#website","url":"https:\/\/teknologiateollisuus.fi\/emobility\/","name":"S\u00e4hk\u00f6inen liikenne","description":"","potentialAction":[{"@type":"SearchAction","target":{"@type":"EntryPoint","urlTemplate":"https:\/\/teknologiateollisuus.fi\/emobility\/?s={search_term_string}"},"query-input":{"@type":"PropertyValueSpecification","valueRequired":true,"valueName":"search_term_string"}}],"inLanguage":"fi"}]}},"lang":"fi","translations":{"fi":663},"pll_sync_post":[],"_links":{"self":[{"href":"https:\/\/teknologiateollisuus.fi\/emobility\/wp-json\/wp\/v2\/pages\/663","targetHints":{"allow":["GET"]}}],"collection":[{"href":"https:\/\/teknologiateollisuus.fi\/emobility\/wp-json\/wp\/v2\/pages"}],"about":[{"href":"https:\/\/teknologiateollisuus.fi\/emobility\/wp-json\/wp\/v2\/types\/page"}],"author":[{"embeddable":true,"href":"https:\/\/teknologiateollisuus.fi\/emobility\/wp-json\/wp\/v2\/users\/52"}],"replies":[{"embeddable":true,"href":"https:\/\/teknologiateollisuus.fi\/emobility\/wp-json\/wp\/v2\/comments?post=663"}],"version-history":[{"count":6,"href":"https:\/\/teknologiateollisuus.fi\/emobility\/wp-json\/wp\/v2\/pages\/663\/revisions"}],"predecessor-version":[{"id":791,"href":"https:\/\/teknologiateollisuus.fi\/emobility\/wp-json\/wp\/v2\/pages\/663\/revisions\/791"}],"up":[{"embeddable":true,"href":"https:\/\/teknologiateollisuus.fi\/emobility\/wp-json\/wp\/v2\/pages\/622"}],"wp:attachment":[{"href":"https:\/\/teknologiateollisuus.fi\/emobility\/wp-json\/wp\/v2\/media?parent=663"}],"curies":[{"name":"wp","href":"https:\/\/api.w.org\/{rel}","templated":true}]}}