{"id":315,"date":"2024-09-24T13:43:10","date_gmt":"2024-09-24T10:43:10","guid":{"rendered":"https:\/\/teknologiateollisuus.fi\/fisc\/?page_id=315"},"modified":"2025-04-24T14:51:07","modified_gmt":"2025-04-24T11:51:07","slug":"tietolahteita-jasenille","status":"publish","type":"page","link":"https:\/\/teknologiateollisuus.fi\/fisc\/tietolahteita-jasenille\/","title":{"rendered":"Tietol\u00e4hteit\u00e4"},"content":{"rendered":"\n<div class=\"em-block-hero hero-has-background-color has-background has-petrol-background-color collapse media-position-right \">\n\t<div class=\"em-block-hero__container\">\n\t\t<div class=\"em-block-hero__content\">\n\t\t\t<div class=\"yoast-breadcrumbs\"><span><span><a href=\"https:\/\/teknologiateollisuus.fi\/fisc\/\">Etusivu<\/a><\/span> <span class=\"separator\"><\/span> <span class=\"breadcrumb_last\" aria-current=\"page\">Tietol\u00e4hteit\u00e4<\/span><\/span><\/div>\t\t\t\n<h1 class=\"wp-block-heading\" id=\"h-tietolahteita\">Tietol\u00e4hteit\u00e4<\/h1>\n\n<p><\/p>\n\t\t\t<div class=\"em-block-hero__modified-date\"> P\u00e4ivitetty 24.04.2025 klo 14:51<\/div>\t\t<\/div>\n\t\t\t\t\t<figure class=\"em-block-hero__image\">\n\t\t\t\t\t\t\t<\/figure>\n\t\t\t<\/div>\n<\/div>\n\n\n\n<h2 class=\"wp-block-heading\" id=\"h-teknologiateollisuus\" id=\"teknologiateollisuus\">Teknologiateollisuus<\/h2>\n\n\n\n<ul class=\"wp-block-list\">\n<li>Teknologiateollisuuden <a href=\"https:\/\/teknologiateollisuus.fi\/ajankohtaista\/\" target=\"_blank\" rel=\"noreferrer noopener\">ajankohtaiset<\/a><\/li>\n\n\n\n<li>Teknologiateollisuuden&nbsp;<a href=\"https:\/\/teknologiateollisuus.fi\/tavoitteemme\/digitalisaatio-ja-datatalous\/\" target=\"_blank\" rel=\"noreferrer noopener\">digitalisaatio ja datatalous<\/a><\/li>\n<\/ul>\n\n\n\n<h2 class=\"wp-block-heading\" id=\"h-digipooli\" id=\"digipooli\">Digipooli<\/h2>\n\n\n\n<p>Digipooli vahvistaa huoltovarmuuskriittisten toimialojen ja yritysten kyberresilienssi\u00e4. Lue lis\u00e4\u00e4&nbsp;<a href=\"https:\/\/teknologiateollisuus.fi\/digipooli\/tietoa-meista\/\" target=\"_blank\" rel=\"noreferrer noopener\">Digipoolin sivuilta<\/a>.<\/p>\n\n\n\n<h2 class=\"wp-block-heading\" id=\"h-viranomaiset\" id=\"viranomaiset\">Viranomaiset<\/h2>\n\n\n\n<p><a href=\"https:\/\/www.kyberturvallisuuskeskus.fi\/fi\" target=\"_blank\" rel=\"noreferrer noopener\">Kyberturvallisuuskeskus&nbsp;<\/a>(Traficom)<\/p>\n\n\n\n<p><a href=\"https:\/\/dvv.fi\/organisaatiot\" target=\"_blank\" rel=\"noreferrer noopener\">Digi- ja v\u00e4est\u00f6tietovirasto<\/a><\/p>\n\n\n\n<p><\/p>\n\n\n\n<h2 class=\"wp-block-heading\" id=\"h-muut\" id=\"muut\">Muut<\/h2>\n\n\n\n<p><a href=\"https:\/\/teknologiateollisuus.fi\/fisc\/wp-content\/uploads\/sites\/11\/2025\/03\/NIS2-OPAS-1.0-JULKAISU.pdf\">NIS2-soveltamisopas<\/a><\/p>\n","protected":false},"excerpt":{"rendered":"<p>Teknologiateollisuus Digipooli Digipooli vahvistaa huoltovarmuuskriittisten toimialojen ja yritysten kyberresilienssi\u00e4. Lue lis\u00e4\u00e4&nbsp;Digipoolin sivuilta. Viranomaiset Kyberturvallisuuskeskus&nbsp;(Traficom) Digi- ja v\u00e4est\u00f6tietovirasto Muut NIS2-soveltamisopas<\/p>\n","protected":false},"author":52,"featured_media":0,"parent":0,"menu_order":0,"comment_status":"closed","ping_status":"closed","template":"","meta":{"_acf_changed":false,"_relevanssi_hide_post":"","_relevanssi_hide_content":"","_relevanssi_pin_for_all":"","_relevanssi_pin_keywords":"","_relevanssi_unpin_keywords":"","_relevanssi_related_keywords":"","_relevanssi_related_include_ids":"","_relevanssi_related_exclude_ids":"","_relevanssi_related_no_append":"","_relevanssi_related_not_related":"","_relevanssi_related_posts":"269,251,55,48,53,274","_relevanssi_noindex_reason":"","inline_featured_image":false,"footnotes":""},"class_list":["post-315","page","type-page","status-publish","hentry"],"acf":[],"yoast_head":"<!-- This site is optimized with the Yoast SEO Premium plugin v27.1 (Yoast SEO v27.4) - https:\/\/yoast.com\/product\/yoast-seo-premium-wordpress\/ -->\n<title>Tietol\u00e4hteit\u00e4 - Kyberala<\/title>\n<meta name=\"robots\" content=\"index, follow, max-snippet:-1, max-image-preview:large, max-video-preview:-1\" \/>\n<link rel=\"canonical\" href=\"https:\/\/teknologiateollisuus.fi\/fisc\/tietolahteita-jasenille\/\" \/>\n<meta property=\"og:locale\" content=\"fi_FI\" \/>\n<meta property=\"og:type\" content=\"article\" \/>\n<meta property=\"og:title\" content=\"Tietol\u00e4hteit\u00e4\" \/>\n<meta property=\"og:description\" content=\"Teknologiateollisuus Digipooli Digipooli vahvistaa huoltovarmuuskriittisten toimialojen ja yritysten kyberresilienssi\u00e4. Lue lis\u00e4\u00e4&nbsp;Digipoolin sivuilta. Viranomaiset Kyberturvallisuuskeskus&nbsp;(Traficom) Digi- ja v\u00e4est\u00f6tietovirasto Muut NIS2-soveltamisopas\" \/>\n<meta property=\"og:url\" content=\"https:\/\/teknologiateollisuus.fi\/fisc\/tietolahteita-jasenille\/\" \/>\n<meta property=\"og:site_name\" content=\"Kyberala\" \/>\n<meta property=\"article:modified_time\" content=\"2025-04-24T11:51:07+00:00\" \/>\n<meta name=\"twitter:card\" content=\"summary_large_image\" \/>\n<meta name=\"twitter:label1\" content=\"Arvioitu lukuaika\" \/>\n\t<meta name=\"twitter:data1\" content=\"1 minuutti\" \/>\n<script type=\"application\/ld+json\" class=\"yoast-schema-graph\">{\"@context\":\"https:\\\/\\\/schema.org\",\"@graph\":[{\"@type\":\"WebPage\",\"@id\":\"https:\\\/\\\/teknologiateollisuus.fi\\\/fisc\\\/tietolahteita-jasenille\\\/\",\"url\":\"https:\\\/\\\/teknologiateollisuus.fi\\\/fisc\\\/tietolahteita-jasenille\\\/\",\"name\":\"Tietol\u00e4hteit\u00e4 - Kyberala\",\"isPartOf\":{\"@id\":\"https:\\\/\\\/teknologiateollisuus.fi\\\/fisc\\\/#website\"},\"datePublished\":\"2024-09-24T10:43:10+00:00\",\"dateModified\":\"2025-04-24T11:51:07+00:00\",\"breadcrumb\":{\"@id\":\"https:\\\/\\\/teknologiateollisuus.fi\\\/fisc\\\/tietolahteita-jasenille\\\/#breadcrumb\"},\"inLanguage\":\"fi\",\"potentialAction\":[{\"@type\":\"ReadAction\",\"target\":[\"https:\\\/\\\/teknologiateollisuus.fi\\\/fisc\\\/tietolahteita-jasenille\\\/\"]}]},{\"@type\":\"BreadcrumbList\",\"@id\":\"https:\\\/\\\/teknologiateollisuus.fi\\\/fisc\\\/tietolahteita-jasenille\\\/#breadcrumb\",\"itemListElement\":[{\"@type\":\"ListItem\",\"position\":1,\"name\":\"Etusivu\",\"item\":\"https:\\\/\\\/teknologiateollisuus.fi\\\/fisc\\\/\"},{\"@type\":\"ListItem\",\"position\":2,\"name\":\"Tietol\u00e4hteit\u00e4\"}]},{\"@type\":\"WebSite\",\"@id\":\"https:\\\/\\\/teknologiateollisuus.fi\\\/fisc\\\/#website\",\"url\":\"https:\\\/\\\/teknologiateollisuus.fi\\\/fisc\\\/\",\"name\":\"Kyberala\",\"description\":\"\",\"potentialAction\":[{\"@type\":\"SearchAction\",\"target\":{\"@type\":\"EntryPoint\",\"urlTemplate\":\"https:\\\/\\\/teknologiateollisuus.fi\\\/fisc\\\/?s={search_term_string}\"},\"query-input\":{\"@type\":\"PropertyValueSpecification\",\"valueRequired\":true,\"valueName\":\"search_term_string\"}}],\"inLanguage\":\"fi\"}]}<\/script>\n<!-- \/ Yoast SEO Premium plugin. -->","yoast_head_json":{"title":"Tietol\u00e4hteit\u00e4 - Kyberala","robots":{"index":"index","follow":"follow","max-snippet":"max-snippet:-1","max-image-preview":"max-image-preview:large","max-video-preview":"max-video-preview:-1"},"canonical":"https:\/\/teknologiateollisuus.fi\/fisc\/tietolahteita-jasenille\/","og_locale":"fi_FI","og_type":"article","og_title":"Tietol\u00e4hteit\u00e4","og_description":"Teknologiateollisuus Digipooli Digipooli vahvistaa huoltovarmuuskriittisten toimialojen ja yritysten kyberresilienssi\u00e4. Lue lis\u00e4\u00e4&nbsp;Digipoolin sivuilta. Viranomaiset Kyberturvallisuuskeskus&nbsp;(Traficom) Digi- ja v\u00e4est\u00f6tietovirasto Muut NIS2-soveltamisopas","og_url":"https:\/\/teknologiateollisuus.fi\/fisc\/tietolahteita-jasenille\/","og_site_name":"Kyberala","article_modified_time":"2025-04-24T11:51:07+00:00","twitter_card":"summary_large_image","twitter_misc":{"Arvioitu lukuaika":"1 minuutti"},"schema":{"@context":"https:\/\/schema.org","@graph":[{"@type":"WebPage","@id":"https:\/\/teknologiateollisuus.fi\/fisc\/tietolahteita-jasenille\/","url":"https:\/\/teknologiateollisuus.fi\/fisc\/tietolahteita-jasenille\/","name":"Tietol\u00e4hteit\u00e4 - Kyberala","isPartOf":{"@id":"https:\/\/teknologiateollisuus.fi\/fisc\/#website"},"datePublished":"2024-09-24T10:43:10+00:00","dateModified":"2025-04-24T11:51:07+00:00","breadcrumb":{"@id":"https:\/\/teknologiateollisuus.fi\/fisc\/tietolahteita-jasenille\/#breadcrumb"},"inLanguage":"fi","potentialAction":[{"@type":"ReadAction","target":["https:\/\/teknologiateollisuus.fi\/fisc\/tietolahteita-jasenille\/"]}]},{"@type":"BreadcrumbList","@id":"https:\/\/teknologiateollisuus.fi\/fisc\/tietolahteita-jasenille\/#breadcrumb","itemListElement":[{"@type":"ListItem","position":1,"name":"Etusivu","item":"https:\/\/teknologiateollisuus.fi\/fisc\/"},{"@type":"ListItem","position":2,"name":"Tietol\u00e4hteit\u00e4"}]},{"@type":"WebSite","@id":"https:\/\/teknologiateollisuus.fi\/fisc\/#website","url":"https:\/\/teknologiateollisuus.fi\/fisc\/","name":"Kyberala","description":"","potentialAction":[{"@type":"SearchAction","target":{"@type":"EntryPoint","urlTemplate":"https:\/\/teknologiateollisuus.fi\/fisc\/?s={search_term_string}"},"query-input":{"@type":"PropertyValueSpecification","valueRequired":true,"valueName":"search_term_string"}}],"inLanguage":"fi"}]}},"lang":"fi","translations":{"fi":315},"pll_sync_post":[],"_links":{"self":[{"href":"https:\/\/teknologiateollisuus.fi\/fisc\/wp-json\/wp\/v2\/pages\/315","targetHints":{"allow":["GET"]}}],"collection":[{"href":"https:\/\/teknologiateollisuus.fi\/fisc\/wp-json\/wp\/v2\/pages"}],"about":[{"href":"https:\/\/teknologiateollisuus.fi\/fisc\/wp-json\/wp\/v2\/types\/page"}],"author":[{"embeddable":true,"href":"https:\/\/teknologiateollisuus.fi\/fisc\/wp-json\/wp\/v2\/users\/52"}],"replies":[{"embeddable":true,"href":"https:\/\/teknologiateollisuus.fi\/fisc\/wp-json\/wp\/v2\/comments?post=315"}],"version-history":[{"count":10,"href":"https:\/\/teknologiateollisuus.fi\/fisc\/wp-json\/wp\/v2\/pages\/315\/revisions"}],"predecessor-version":[{"id":666,"href":"https:\/\/teknologiateollisuus.fi\/fisc\/wp-json\/wp\/v2\/pages\/315\/revisions\/666"}],"wp:attachment":[{"href":"https:\/\/teknologiateollisuus.fi\/fisc\/wp-json\/wp\/v2\/media?parent=315"}],"curies":[{"name":"wp","href":"https:\/\/api.w.org\/{rel}","templated":true}]}}