{"id":582,"date":"2024-07-03T11:57:14","date_gmt":"2024-07-03T08:57:14","guid":{"rendered":"https:\/\/teknologiateollisuus.fi\/healthtech\/?page_id=582"},"modified":"2026-04-15T12:39:36","modified_gmt":"2026-04-15T09:39:36","slug":"muu-alaan-vaikuttava-saantely","status":"publish","type":"page","link":"https:\/\/teknologiateollisuus.fi\/healthtech\/terveysteknologia-osana-terveysalaa\/saadokset\/muu-alaan-vaikuttava-saantely\/","title":{"rendered":"Muu alaan vaikuttava s\u00e4\u00e4ntely"},"content":{"rendered":"\n<div class=\"em-block-hero hero-has-background-color has-background has-tangerine-background-color has-image media-position-right \">\n\t<div class=\"em-block-hero__container\">\n\t\t<div class=\"em-block-hero__content\">\n\t\t\t<div class=\"yoast-breadcrumbs\"><span><span><a href=\"https:\/\/teknologiateollisuus.fi\/healthtech\/\">Etusivu<\/a><\/span> <span class=\"separator\"><\/span> <span><a href=\"https:\/\/teknologiateollisuus.fi\/healthtech\/terveysteknologia-osana-terveysalaa\/\">Terveysteknologia toimialana<\/a><\/span> <span class=\"separator\"><\/span> <span><a href=\"https:\/\/teknologiateollisuus.fi\/healthtech\/terveysteknologia-osana-terveysalaa\/saadokset\/\">S\u00e4\u00e4d\u00f6kset<\/a><\/span> <span class=\"separator\"><\/span> <span class=\"breadcrumb_last\" aria-current=\"page\">Muu alaan vaikuttava s\u00e4\u00e4ntely<\/span><\/span><\/div>\t\t\t\n<h1 class=\"wp-block-heading\" id=\"h-muu-alaan-vaikuttava-saantely\">Muu alaan vaikuttava s\u00e4\u00e4ntely<\/h1>\n\n<p>Euroopan alueella s\u00e4\u00e4ntely\u00e4 on lis\u00e4tty teknologian kehittymisen my\u00f6t\u00e4.  <\/p>\n\t\t\t<div class=\"em-block-hero__modified-date\"> P\u00e4ivitetty 15.04.2026 klo 12:39<\/div>\t\t<\/div>\n\t\t\t\t\t<figure class=\"em-block-hero__image\">\n\t\t\t\t<img loading=\"lazy\" decoding=\"async\" width=\"1920\" height=\"1280\" src=\"https:\/\/teknologiateollisuus.fi\/healthtech\/wp-content\/uploads\/sites\/8\/2024\/06\/Eurooppa-lippu2.jpg\" class=\"attachment-hero size-hero\" alt=\"Euroopan lippu\" srcset=\"https:\/\/teknologiateollisuus.fi\/healthtech\/wp-content\/uploads\/sites\/8\/2024\/06\/Eurooppa-lippu2.jpg 1920w, https:\/\/teknologiateollisuus.fi\/healthtech\/wp-content\/uploads\/sites\/8\/2024\/06\/Eurooppa-lippu2-400x267.jpg 400w, https:\/\/teknologiateollisuus.fi\/healthtech\/wp-content\/uploads\/sites\/8\/2024\/06\/Eurooppa-lippu2-968x645.jpg 968w, https:\/\/teknologiateollisuus.fi\/healthtech\/wp-content\/uploads\/sites\/8\/2024\/06\/Eurooppa-lippu2-768x512.jpg 768w, https:\/\/teknologiateollisuus.fi\/healthtech\/wp-content\/uploads\/sites\/8\/2024\/06\/Eurooppa-lippu2-1536x1024.jpg 1536w, https:\/\/teknologiateollisuus.fi\/healthtech\/wp-content\/uploads\/sites\/8\/2024\/06\/Eurooppa-lippu2-1300x867.jpg 1300w, https:\/\/teknologiateollisuus.fi\/healthtech\/wp-content\/uploads\/sites\/8\/2024\/06\/Eurooppa-lippu2-1440x960.jpg 1440w\" sizes=\"auto, (max-width: 1920px) 100vw, 1920px\" \/>\t\t\t<\/figure>\n\t\t\t<\/div>\n<\/div>\n\n\n\n<div class=\"wp-block-group is-content-justification-left is-layout-constrained wp-container-core-group-is-layout-8c890d92 wp-block-group-is-layout-constrained\">\n<div class=\"wp-block-scb-columns scb-columns  has-mobile-behavior--stacked has-auto-fit\">\n<div class=\"wp-block-scb-column scb-column is-scale-cover\">\n<h4 class=\"wp-block-heading\" id=\"h-digital-tools-to-explain-the-ai-act-data-act-and-ehds-regulation-released-by-a-finnish-danish-joint-action-by-the-end-of-2024\" id=\"digital-tools-to-explain-the-ai-act-data-act-and-ehds-regulation-released-by-a-finnish-danish-joint-action-by-the-end-of-2024\">Digital Tools to Explain the AI Act, Data Act and EHDS Regulation Released by a Finnish-Danish Joint Action by the End of 2024<\/h4>\n\n\n\n<p>Public and private parties in Finland and Denmark have come together in a joint action to produce a catalogue of e-tools to explain and educate the industry on the Artificial Intelligence (AI) Act, Data Act and the European Health Data Space (EHDS) regulation. The target of these parties, by the lead and funding of&nbsp;<a href=\"https:\/\/www.sitra.fi\/en\/\">The Finnish Innovation Fund Sitra<\/a>, is to enable informed decisions by the innovators and deployers of digital solutions regarding the new acts. This joint action also aims to collect evidence of the effect of these e-tools by surveys from the organizations involved. The e-tools are provided by&nbsp;<a href=\"https:\/\/www.leanentries.com\/\">Lean Entries<\/a>&nbsp;through their regtech platform Entries, in English, and are scheduled for launch&nbsp;<strong>by the end of 2024<\/strong>. They are released for&nbsp;<strong>free use<\/strong>&nbsp;by all Finnish industrial sectors and the Danish health tech sector, from students and researchers to startups and corporations,&nbsp;<strong>throughout 2025<\/strong><\/p>\n\n\n\n<p><a href=\"https:\/\/teknologiateollisuus.fi\/healthtech\/digital-tools-to-explain-the-ai-act-data-act-and-ehds-regulation\/\"><strong>Read the article &gt;&gt;<\/strong><\/a><\/p>\n<\/div>\n<\/div>\n<\/div>\n\n\n\n<h2 class=\"wp-block-heading\" id=\"h-ajankohtaista-saantelyssa\" id=\"ajankohtaista-saantelyssa\">Ajankohtaista s\u00e4\u00e4ntelyss\u00e4 <\/h2>\n\n\n\n<p>Lue lis\u00e4\u00e4 verkkosivujemme artikkelista: <a href=\"https:\/\/teknologiateollisuus.fi\/healthtech\/ajankohtaista-terveysteknologia-alaa-koskevassa-saantelyssa\/\">Ajankohtaista terveysteknologia-alaa koskevassa s\u00e4\u00e4ntelyss\u00e4<\/a><\/p>\n\n\n\n<div class=\"wp-block-evermade-card-grid em-block-card-grid has-columns-3 is-variation-content-card-grid\">\n<article class=\"em-block-content-card  has-media-position-top\">\n\t\n\t<div class=\"em-block-content-card__content\">\n\t\t\n\t\t\t\t\t<h4 class=\"em-block-content-card__title\">L\u00e4\u00e4kinn\u00e4llisten laitteiden s\u00e4\u00e4ntely (MDR)<\/h4>\n\t\t\n\t\t\n\t\t\t\t\t\t\t\t\t<a\n\t\t\t\t\tclass=\"em-block-content-card__button  has-icon-name-icon-external\"\n\t\t\t\t\thref=\"https:\/\/teknologiateollisuus.fi\/healthtech\/terveysteknologia-osana-terveysalaa\/saadokset\/laakinnallisten-laitteiden-saantely\/\"\n\t\t\t\t\ttarget=\"_blank\" rel=\"noopener noreferrer\"\t\t\t\t\t\t\t\t\t>\n\t\t\t\t\t<span class=\"em-block-content-card__button-label\">\n\t\t\t\t\t\tLue lis\u00e4\u00e4\t\t\t\t\t<\/span>\n\t\t\t\t<\/a>\n\t\t\t\t\t\t<\/div>\n\n\t<\/article>\n\n\n\n<article class=\"em-block-content-card  has-media-position-top\">\n\t\n\t<div class=\"em-block-content-card__content\">\n\t\t\n\t\t\t\t\t<h4 class=\"em-block-content-card__title\">Laboratoriodiagnostiikan s\u00e4\u00e4ntely (IVDR)<\/h4>\n\t\t\n\t\t\n\t\t\t\t\t\t\t\t\t<a\n\t\t\t\t\tclass=\"em-block-content-card__button  has-icon-name-icon-external\"\n\t\t\t\t\thref=\"https:\/\/teknologiateollisuus.fi\/healthtech\/terveysteknologia-osana-terveysalaa\/saadokset\/laboratoriodiagnostiikan-saantely\/\"\n\t\t\t\t\ttarget=\"_blank\" rel=\"noopener noreferrer\"\t\t\t\t\t\t\t\t\t>\n\t\t\t\t\t<span class=\"em-block-content-card__button-label\">\n\t\t\t\t\t\tLue lis\u00e4\u00e4\t\t\t\t\t<\/span>\n\t\t\t\t<\/a>\n\t\t\t\t\t\t<\/div>\n\n\t<\/article>\n\n\n\n<article class=\"em-block-content-card  has-media-position-top\">\n\t\n\t<div class=\"em-block-content-card__content\">\n\t\t\n\t\t\t\t\t<h4 class=\"em-block-content-card__title\">NIS2-soveltamisopas<\/h4>\n\t\t\n\t\t\n\t\t\t\t\t\t\t\t\t<a\n\t\t\t\t\tclass=\"em-block-content-card__button  has-icon-name-icon-external\"\n\t\t\t\t\thref=\"https:\/\/teknologiateollisuus.fi\/fisc\/wp-content\/uploads\/sites\/11\/2024\/11\/KYBERALA_NIS2_OPAS_0.9_BETA.pdf\"\n\t\t\t\t\ttarget=\"_blank\" rel=\"noopener noreferrer\"\t\t\t\t\t\t\t\t\t>\n\t\t\t\t\t<span class=\"em-block-content-card__button-label\">\n\t\t\t\t\t\tLue lis\u00e4\u00e4\t\t\t\t\t<\/span>\n\t\t\t\t<\/a>\n\t\t\t\t\t\t<\/div>\n\n\t<\/article>\n\n\n\n<article class=\"em-block-content-card  has-media-position-top\">\n\t\n\t<div class=\"em-block-content-card__content\">\n\t\t\n\t\t\t\t\t<h4 class=\"em-block-content-card__title\">Data Act<\/h4>\n\t\t\n\t\t\n\t\t\t\t\t\t\t\t\t<a\n\t\t\t\t\tclass=\"em-block-content-card__button  has-icon-name-icon-external\"\n\t\t\t\t\thref=\"https:\/\/teknologiateollisuus.fi\/healthtech\/wp-content\/uploads\/sites\/8\/2024\/07\/EUROOPAN-PARLAMENTIN-JA-NEUVOSTON-ASETUS-EU-2023_2854.pdf\"\n\t\t\t\t\ttarget=\"_blank\" rel=\"noopener noreferrer\"\t\t\t\t\t\t\t\t\t>\n\t\t\t\t\t<span class=\"em-block-content-card__button-label\">\n\t\t\t\t\t\tLue lis\u00e4\u00e4\t\t\t\t\t<\/span>\n\t\t\t\t<\/a>\n\t\t\t\t\t\t<\/div>\n\n\t<\/article>\n\n\n\n<article class=\"em-block-content-card  has-media-position-top\">\n\t\n\t<div class=\"em-block-content-card__content\">\n\t\t\n\t\t\t\t\t<h4 class=\"em-block-content-card__title\">AI Act<\/h4>\n\t\t\n\t\t\n\t\t\t\t\t\t\t\t\t<a\n\t\t\t\t\tclass=\"em-block-content-card__button  has-icon-name-icon-external\"\n\t\t\t\t\thref=\"https:\/\/artificialintelligenceact.eu\/the-act\/\"\n\t\t\t\t\ttarget=\"_blank\" rel=\"noopener noreferrer\"\t\t\t\t\t\t\t\t\t>\n\t\t\t\t\t<span class=\"em-block-content-card__button-label\">\n\t\t\t\t\t\tLue lis\u00e4\u00e4\t\t\t\t\t<\/span>\n\t\t\t\t<\/a>\n\t\t\t\t\t\t<\/div>\n\n\t<\/article>\n\n\n\n<article class=\"em-block-content-card  has-media-position-top\">\n\t\n\t<div class=\"em-block-content-card__content\">\n\t\t\n\t\t\t\t\t<h4 class=\"em-block-content-card__title\">EHDS<\/h4>\n\t\t\n\t\t\n\t\t\t\t\t\t\t\t\t<a\n\t\t\t\t\tclass=\"em-block-content-card__button  has-icon-name-icon-external\"\n\t\t\t\t\thref=\"https:\/\/stm.fi\/ehds-asetus\"\n\t\t\t\t\ttarget=\"_blank\" rel=\"noopener noreferrer\"\t\t\t\t\t\t\t\t\t>\n\t\t\t\t\t<span class=\"em-block-content-card__button-label\">\n\t\t\t\t\t\tLue lis\u00e4\u00e4\t\t\t\t\t<\/span>\n\t\t\t\t<\/a>\n\t\t\t\t\t\t<\/div>\n\n\t<\/article>\n<\/div>\n","protected":false},"excerpt":{"rendered":"<p>Ajankohtaista s\u00e4\u00e4ntelyss\u00e4 Lue lis\u00e4\u00e4 verkkosivujemme artikkelista: Ajankohtaista terveysteknologia-alaa koskevassa s\u00e4\u00e4ntelyss\u00e4<\/p>\n","protected":false},"author":16,"featured_media":0,"parent":446,"menu_order":5,"comment_status":"closed","ping_status":"closed","template":"","meta":{"_acf_changed":false,"_relevanssi_hide_post":"","_relevanssi_hide_content":"","_relevanssi_pin_for_all":"","_relevanssi_pin_keywords":"","_relevanssi_unpin_keywords":"","_relevanssi_related_keywords":"","_relevanssi_related_include_ids":"","_relevanssi_related_exclude_ids":"","_relevanssi_related_no_append":"","_relevanssi_related_not_related":"","_relevanssi_related_posts":"1","_relevanssi_noindex_reason":"","inline_featured_image":false,"footnotes":""},"class_list":["post-582","page","type-page","status-publish","hentry"],"acf":[],"yoast_head":"<!-- This site is optimized with the Yoast SEO Premium plugin v27.1 (Yoast SEO v27.4) - https:\/\/yoast.com\/product\/yoast-seo-premium-wordpress\/ -->\n<title>Muu alaan vaikuttava s\u00e4\u00e4ntely<\/title>\n<meta name=\"description\" content=\"Euroopan alueella s\u00e4\u00e4ntely\u00e4 on lis\u00e4tty teknologian kehittymisen my\u00f6t\u00e4. Yrityksille apua s\u00e4\u00e4ntelyyn tarjoaa regtech-ty\u00f6kalut.\" \/>\n<meta name=\"robots\" content=\"index, follow, max-snippet:-1, max-image-preview:large, max-video-preview:-1\" \/>\n<link rel=\"canonical\" href=\"https:\/\/teknologiateollisuus.fi\/healthtech\/terveysteknologia-osana-terveysalaa\/saadokset\/muu-alaan-vaikuttava-saantely\/\" \/>\n<meta property=\"og:locale\" content=\"fi_FI\" \/>\n<meta property=\"og:type\" content=\"article\" \/>\n<meta property=\"og:title\" content=\"Muu alaan vaikuttava s\u00e4\u00e4ntely\" \/>\n<meta property=\"og:description\" content=\"Euroopan alueella s\u00e4\u00e4ntely\u00e4 on lis\u00e4tty teknologian kehittymisen my\u00f6t\u00e4. Yrityksille apua s\u00e4\u00e4ntelyyn tarjoaa regtech-ty\u00f6kalut.\" \/>\n<meta property=\"og:url\" content=\"https:\/\/teknologiateollisuus.fi\/healthtech\/terveysteknologia-osana-terveysalaa\/saadokset\/muu-alaan-vaikuttava-saantely\/\" \/>\n<meta property=\"og:site_name\" content=\"Terveysteknologia\" \/>\n<meta property=\"article:modified_time\" content=\"2026-04-15T09:39:36+00:00\" \/>\n<meta name=\"twitter:card\" content=\"summary_large_image\" \/>\n<meta name=\"twitter:label1\" content=\"Arvioitu lukuaika\" \/>\n\t<meta name=\"twitter:data1\" content=\"2 minuuttia\" \/>\n<script type=\"application\/ld+json\" class=\"yoast-schema-graph\">{\"@context\":\"https:\\\/\\\/schema.org\",\"@graph\":[{\"@type\":\"WebPage\",\"@id\":\"https:\\\/\\\/teknologiateollisuus.fi\\\/healthtech\\\/terveysteknologia-osana-terveysalaa\\\/saadokset\\\/muu-alaan-vaikuttava-saantely\\\/\",\"url\":\"https:\\\/\\\/teknologiateollisuus.fi\\\/healthtech\\\/terveysteknologia-osana-terveysalaa\\\/saadokset\\\/muu-alaan-vaikuttava-saantely\\\/\",\"name\":\"Muu alaan vaikuttava s\u00e4\u00e4ntely\",\"isPartOf\":{\"@id\":\"https:\\\/\\\/teknologiateollisuus.fi\\\/healthtech\\\/#website\"},\"datePublished\":\"2024-07-03T08:57:14+00:00\",\"dateModified\":\"2026-04-15T09:39:36+00:00\",\"description\":\"Euroopan alueella s\u00e4\u00e4ntely\u00e4 on lis\u00e4tty teknologian kehittymisen my\u00f6t\u00e4. Yrityksille apua s\u00e4\u00e4ntelyyn tarjoaa regtech-ty\u00f6kalut.\",\"breadcrumb\":{\"@id\":\"https:\\\/\\\/teknologiateollisuus.fi\\\/healthtech\\\/terveysteknologia-osana-terveysalaa\\\/saadokset\\\/muu-alaan-vaikuttava-saantely\\\/#breadcrumb\"},\"inLanguage\":\"fi\",\"potentialAction\":[{\"@type\":\"ReadAction\",\"target\":[\"https:\\\/\\\/teknologiateollisuus.fi\\\/healthtech\\\/terveysteknologia-osana-terveysalaa\\\/saadokset\\\/muu-alaan-vaikuttava-saantely\\\/\"]}]},{\"@type\":\"BreadcrumbList\",\"@id\":\"https:\\\/\\\/teknologiateollisuus.fi\\\/healthtech\\\/terveysteknologia-osana-terveysalaa\\\/saadokset\\\/muu-alaan-vaikuttava-saantely\\\/#breadcrumb\",\"itemListElement\":[{\"@type\":\"ListItem\",\"position\":1,\"name\":\"Etusivu\",\"item\":\"https:\\\/\\\/teknologiateollisuus.fi\\\/healthtech\\\/\"},{\"@type\":\"ListItem\",\"position\":2,\"name\":\"Terveysteknologia toimialana\",\"item\":\"https:\\\/\\\/teknologiateollisuus.fi\\\/healthtech\\\/terveysteknologia-osana-terveysalaa\\\/\"},{\"@type\":\"ListItem\",\"position\":3,\"name\":\"S\u00e4\u00e4d\u00f6kset\",\"item\":\"https:\\\/\\\/teknologiateollisuus.fi\\\/healthtech\\\/terveysteknologia-osana-terveysalaa\\\/saadokset\\\/\"},{\"@type\":\"ListItem\",\"position\":4,\"name\":\"Muu alaan vaikuttava s\u00e4\u00e4ntely\"}]},{\"@type\":\"WebSite\",\"@id\":\"https:\\\/\\\/teknologiateollisuus.fi\\\/healthtech\\\/#website\",\"url\":\"https:\\\/\\\/teknologiateollisuus.fi\\\/healthtech\\\/\",\"name\":\"Terveysteknologia\",\"description\":\"\",\"potentialAction\":[{\"@type\":\"SearchAction\",\"target\":{\"@type\":\"EntryPoint\",\"urlTemplate\":\"https:\\\/\\\/teknologiateollisuus.fi\\\/healthtech\\\/?s={search_term_string}\"},\"query-input\":{\"@type\":\"PropertyValueSpecification\",\"valueRequired\":true,\"valueName\":\"search_term_string\"}}],\"inLanguage\":\"fi\"}]}<\/script>\n<!-- \/ Yoast SEO Premium plugin. -->","yoast_head_json":{"title":"Muu alaan vaikuttava s\u00e4\u00e4ntely","description":"Euroopan alueella s\u00e4\u00e4ntely\u00e4 on lis\u00e4tty teknologian kehittymisen my\u00f6t\u00e4. Yrityksille apua s\u00e4\u00e4ntelyyn tarjoaa regtech-ty\u00f6kalut.","robots":{"index":"index","follow":"follow","max-snippet":"max-snippet:-1","max-image-preview":"max-image-preview:large","max-video-preview":"max-video-preview:-1"},"canonical":"https:\/\/teknologiateollisuus.fi\/healthtech\/terveysteknologia-osana-terveysalaa\/saadokset\/muu-alaan-vaikuttava-saantely\/","og_locale":"fi_FI","og_type":"article","og_title":"Muu alaan vaikuttava s\u00e4\u00e4ntely","og_description":"Euroopan alueella s\u00e4\u00e4ntely\u00e4 on lis\u00e4tty teknologian kehittymisen my\u00f6t\u00e4. Yrityksille apua s\u00e4\u00e4ntelyyn tarjoaa regtech-ty\u00f6kalut.","og_url":"https:\/\/teknologiateollisuus.fi\/healthtech\/terveysteknologia-osana-terveysalaa\/saadokset\/muu-alaan-vaikuttava-saantely\/","og_site_name":"Terveysteknologia","article_modified_time":"2026-04-15T09:39:36+00:00","twitter_card":"summary_large_image","twitter_misc":{"Arvioitu lukuaika":"2 minuuttia"},"schema":{"@context":"https:\/\/schema.org","@graph":[{"@type":"WebPage","@id":"https:\/\/teknologiateollisuus.fi\/healthtech\/terveysteknologia-osana-terveysalaa\/saadokset\/muu-alaan-vaikuttava-saantely\/","url":"https:\/\/teknologiateollisuus.fi\/healthtech\/terveysteknologia-osana-terveysalaa\/saadokset\/muu-alaan-vaikuttava-saantely\/","name":"Muu alaan vaikuttava s\u00e4\u00e4ntely","isPartOf":{"@id":"https:\/\/teknologiateollisuus.fi\/healthtech\/#website"},"datePublished":"2024-07-03T08:57:14+00:00","dateModified":"2026-04-15T09:39:36+00:00","description":"Euroopan alueella s\u00e4\u00e4ntely\u00e4 on lis\u00e4tty teknologian kehittymisen my\u00f6t\u00e4. Yrityksille apua s\u00e4\u00e4ntelyyn tarjoaa regtech-ty\u00f6kalut.","breadcrumb":{"@id":"https:\/\/teknologiateollisuus.fi\/healthtech\/terveysteknologia-osana-terveysalaa\/saadokset\/muu-alaan-vaikuttava-saantely\/#breadcrumb"},"inLanguage":"fi","potentialAction":[{"@type":"ReadAction","target":["https:\/\/teknologiateollisuus.fi\/healthtech\/terveysteknologia-osana-terveysalaa\/saadokset\/muu-alaan-vaikuttava-saantely\/"]}]},{"@type":"BreadcrumbList","@id":"https:\/\/teknologiateollisuus.fi\/healthtech\/terveysteknologia-osana-terveysalaa\/saadokset\/muu-alaan-vaikuttava-saantely\/#breadcrumb","itemListElement":[{"@type":"ListItem","position":1,"name":"Etusivu","item":"https:\/\/teknologiateollisuus.fi\/healthtech\/"},{"@type":"ListItem","position":2,"name":"Terveysteknologia toimialana","item":"https:\/\/teknologiateollisuus.fi\/healthtech\/terveysteknologia-osana-terveysalaa\/"},{"@type":"ListItem","position":3,"name":"S\u00e4\u00e4d\u00f6kset","item":"https:\/\/teknologiateollisuus.fi\/healthtech\/terveysteknologia-osana-terveysalaa\/saadokset\/"},{"@type":"ListItem","position":4,"name":"Muu alaan vaikuttava s\u00e4\u00e4ntely"}]},{"@type":"WebSite","@id":"https:\/\/teknologiateollisuus.fi\/healthtech\/#website","url":"https:\/\/teknologiateollisuus.fi\/healthtech\/","name":"Terveysteknologia","description":"","potentialAction":[{"@type":"SearchAction","target":{"@type":"EntryPoint","urlTemplate":"https:\/\/teknologiateollisuus.fi\/healthtech\/?s={search_term_string}"},"query-input":{"@type":"PropertyValueSpecification","valueRequired":true,"valueName":"search_term_string"}}],"inLanguage":"fi"}]}},"lang":"fi","translations":{"fi":582},"pll_sync_post":[],"_links":{"self":[{"href":"https:\/\/teknologiateollisuus.fi\/healthtech\/wp-json\/wp\/v2\/pages\/582","targetHints":{"allow":["GET"]}}],"collection":[{"href":"https:\/\/teknologiateollisuus.fi\/healthtech\/wp-json\/wp\/v2\/pages"}],"about":[{"href":"https:\/\/teknologiateollisuus.fi\/healthtech\/wp-json\/wp\/v2\/types\/page"}],"author":[{"embeddable":true,"href":"https:\/\/teknologiateollisuus.fi\/healthtech\/wp-json\/wp\/v2\/users\/16"}],"replies":[{"embeddable":true,"href":"https:\/\/teknologiateollisuus.fi\/healthtech\/wp-json\/wp\/v2\/comments?post=582"}],"version-history":[{"count":16,"href":"https:\/\/teknologiateollisuus.fi\/healthtech\/wp-json\/wp\/v2\/pages\/582\/revisions"}],"predecessor-version":[{"id":5852,"href":"https:\/\/teknologiateollisuus.fi\/healthtech\/wp-json\/wp\/v2\/pages\/582\/revisions\/5852"}],"up":[{"embeddable":true,"href":"https:\/\/teknologiateollisuus.fi\/healthtech\/wp-json\/wp\/v2\/pages\/446"}],"wp:attachment":[{"href":"https:\/\/teknologiateollisuus.fi\/healthtech\/wp-json\/wp\/v2\/media?parent=582"}],"curies":[{"name":"wp","href":"https:\/\/api.w.org\/{rel}","templated":true}]}}