{"id":1120,"date":"2023-12-11T13:03:40","date_gmt":"2023-12-11T11:03:40","guid":{"rendered":"https:\/\/teknologiateollisuus.fi\/jasenille\/?page_id=1120"},"modified":"2026-01-14T15:17:26","modified_gmt":"2026-01-14T13:17:26","slug":"tyoehdot","status":"publish","type":"page","link":"https:\/\/teknologiateollisuus.fi\/jasenille\/palvelut\/tyosuhdepalvelut\/tyoehdot\/","title":{"rendered":"Ty\u00f6ehtomallit"},"content":{"rendered":"\n<div class=\"em-block-hero hero-has-background-color has-background has-black-background-color has-image media-position-right \">\n\t<div class=\"em-block-hero__container\">\n\t\t<div class=\"em-block-hero__content\">\n\t\t\t<div class=\"yoast-breadcrumbs\"><span><span><a href=\"https:\/\/teknologiateollisuus.fi\/jasenille\/\">Home<\/a><\/span> <span class=\"separator\"><\/span> <span><a href=\"https:\/\/teknologiateollisuus.fi\/jasenille\/palvelut\/\">Palvelut<\/a><\/span> <span class=\"separator\"><\/span> <span><a href=\"https:\/\/teknologiateollisuus.fi\/jasenille\/palvelut\/tyosuhdepalvelut\/\">Ty\u00f6suhdepalvelut<\/a><\/span> <span class=\"separator\"><\/span> <span class=\"breadcrumb_last\" aria-current=\"page\">Ty\u00f6ehtomallit<\/span><\/span><\/div>\t\t\t\n<h1 class=\"wp-block-heading has-text-align-left\" id=\"h-tyoehtomallit\">Ty\u00f6ehtomallit<\/h1>\n\n<p>Teknologiateollisuuden j\u00e4senyrityksill\u00e4 on valittavanaan j\u00e4senyydest\u00e4 ja toimialasta riippuen vaihtoehtoisia tapoja eli ty\u00f6ehtomalleja ty\u00f6ehtojensa rakentamiseksi ja j\u00e4rjest\u00e4miseksi. Ty\u00f6ehdot perustuvat Teknologiateollisuuden ty\u00f6nantajat ry:n sopimiin valtakunnallisiin ty\u00f6ehtosopimuksiin tai ty\u00f6paikkakohtaisesti sovittuun yrityskohtaiseen ty\u00f6ehtosopimukseen. Tietyiss\u00e4 tapauksissa ty\u00f6ehdot voidaan rakentaa my\u00f6s ty\u00f6lains\u00e4\u00e4d\u00e4nn\u00f6n ja ty\u00f6nantajan k\u00e4yt\u00e4nt\u00f6jen varaan.<\/p>\n\t\t\t<div class=\"em-block-hero__modified-date\"> P\u00e4ivitetty 14.01.2026 klo 15:17<\/div>\t\t<\/div>\n\t\t\t\t\t<figure class=\"em-block-hero__image\">\n\t\t\t\t<img loading=\"lazy\" decoding=\"async\" width=\"1920\" height=\"1281\" src=\"https:\/\/teknologiateollisuus.fi\/jasenille\/wp-content\/uploads\/sites\/1\/2024\/01\/Kadet-yhdessa.jpg\" class=\"attachment-hero size-hero\" alt=\"Kaksi henkil\u00f6 k\u00e4ttelev\u00e4t toisiaan, kuvituskuva.\" srcset=\"https:\/\/teknologiateollisuus.fi\/jasenille\/wp-content\/uploads\/sites\/1\/2024\/01\/Kadet-yhdessa.jpg 1920w, https:\/\/teknologiateollisuus.fi\/jasenille\/wp-content\/uploads\/sites\/1\/2024\/01\/Kadet-yhdessa-400x267.jpg 400w, https:\/\/teknologiateollisuus.fi\/jasenille\/wp-content\/uploads\/sites\/1\/2024\/01\/Kadet-yhdessa-800x534.jpg 800w, https:\/\/teknologiateollisuus.fi\/jasenille\/wp-content\/uploads\/sites\/1\/2024\/01\/Kadet-yhdessa-768x512.jpg 768w, https:\/\/teknologiateollisuus.fi\/jasenille\/wp-content\/uploads\/sites\/1\/2024\/01\/Kadet-yhdessa-1536x1025.jpg 1536w, https:\/\/teknologiateollisuus.fi\/jasenille\/wp-content\/uploads\/sites\/1\/2024\/01\/Kadet-yhdessa-1300x867.jpg 1300w, https:\/\/teknologiateollisuus.fi\/jasenille\/wp-content\/uploads\/sites\/1\/2024\/01\/Kadet-yhdessa-1440x961.jpg 1440w\" sizes=\"auto, (max-width: 1920px) 100vw, 1920px\" \/>\t\t\t<\/figure>\n\t\t\t<\/div>\n<\/div>\n\n\n\n<p>Ty\u00f6ehtomallit <strong>Teknologiateollisuus ry:n<\/strong> j\u00e4senelle ovat:<\/p>\n\n\n\n<ul class=\"wp-block-list\">\n<li>yrityskohtainen ty\u00f6ehtosopimus<\/li>\n\n\n\n<li>valtakunnallinen ty\u00f6ehtosopimus yleissitovana tai<\/li>\n\n\n\n<li>lain pohjalta rakennetut ty\u00f6ehdot ja k\u00e4yt\u00e4nn\u00f6t (mahdollinen vain tietotekniikan palvelualalla)<\/li>\n<\/ul>\n\n\n\n<p><strong>Teknologiateollisuus ry:n<\/strong> ja <strong>Teknologiateollisuuden ty\u00f6nantajat ry:n<\/strong> j\u00e4senen\u00e4 ty\u00f6nantajan on noudatettava sopimusalan <a href=\"https:\/\/teknologiateollisuus.fi\/jasenille\/tietopankki\/teknologia-alan-tyoehtosopimukset\/\">valtakunnallista ty\u00f6ehtosopimusta<\/a>. Teknologiateollisuuden ty\u00f6suhdepalvelut ovat kaikkien j\u00e4senten hy\u00f6dynnett\u00e4viss\u00e4.<\/p>\n\n\n\n<h2 class=\"wp-block-heading\" id=\"h-tyoehtomallit-0\" id=\"tyoehtomallit\">Ty\u00f6ehtomallit<\/h2>\n\n\n\n<h3 class=\"wp-block-heading\" id=\"h-yrityskohtainen\" id=\"yrityskohtainen\">Yrityskohtainen<\/h3>\n\n\n\n<ul class=\"wp-block-list is-style-styled\">\n<li>Modernin yrityskulttuurin edell\u00e4k\u00e4vij\u00e4lle<\/li>\n\n\n\n<li>Teknologiateollisuuden ry:n j\u00e4senelle, joka ei ole Teknologiateollisuuden ty\u00f6nantajat ry:n j\u00e4sen<\/li>\n<\/ul>\n\n\n\n<p><a href=\"https:\/\/teknologiateollisuus.fi\/jasenille\/tietopankki\/teknologia-alan-tyoehtosopimukset\/\">Valtakunnalliset ty\u00f6ehtosopimukset<\/a>&nbsp;tarjoavat monia toisin sopimisen mahdollisuuksia, mutta yrityskohtainen TES tarjoaa enemm\u00e4n. T\u00e4llainen sopimisen tapa on ennakoiva \u2013 se kannustaa molemminpuoliseen aloitteellisuuteen, jatkuvaan yhteiseen kehitt\u00e4miseen ja muutosvalmiuteen. Yrityskohtainen TES eli ty\u00f6ehtosopimus mahdollistaa ty\u00f6ehtojen r\u00e4\u00e4t\u00e4l\u00f6innin yrityksen ja sen henkil\u00f6st\u00f6n tarpeisiin.<\/p>\n\n\n\n<p>Teknologiateollisuus tarjoaa kattavat tukipalvelut ty\u00f6ehtomallin valintaan ja yrityskohtaisen ty\u00f6ehtosopimuksen rakentamiseen.<\/p>\n\n\n\n<div class=\"wp-block-evermade-links em-block-links has-columns-1\">\n<a\n\tclass=\"wp-block-evermade-internal-link em-block-link is-internal   \"\n\thref=\"https:\/\/teknologiateollisuus.fi\/jasenille\/yrityskohtainen-tes\/\"\n\taria-label=\"Avaa samassa v\u00e4lilehdess\u00e4\"\n\ttarget=\"_self\"\n\trel=\"noopener\"\n>\n\t<div class=\"em-block-link__content\">\n\t\t<span class=\"em-block-link__title\">\n\t\t\tLue lis\u00e4\u00e4 yrityskohtaisesta ty\u00f6ehtosopimuksesta\t\t<\/span>\n\t\t\t<\/div>\n\t\t\t<div class=\"em-block-link__arrow\"><\/div>\n\t\t<div class=\"em-block-link__pressable\"><\/div>\n\t<\/a>\n\n\n\n<a\n\tclass=\"wp-block-evermade-internal-link em-block-link is-internal   \"\n\thref=\"https:\/\/teknologiateollisuus.fi\/jasenille\/palvelut\/yrityskohtaisen-sopimisen-tuki\/\"\n\taria-label=\"Avaa samassa v\u00e4lilehdess\u00e4\"\n\ttarget=\"_self\"\n\trel=\"noopener\"\n>\n\t<div class=\"em-block-link__content\">\n\t\t<span class=\"em-block-link__title\">\n\t\t\tTutustu yrityskohtaisen sopimisen palveluihin\t\t<\/span>\n\t\t\t<\/div>\n\t\t\t<div class=\"em-block-link__arrow\"><\/div>\n\t\t<div class=\"em-block-link__pressable\"><\/div>\n\t<\/a>\n<\/div>\n\n\n\n<h3 class=\"wp-block-heading\" id=\"h-normaalisitova\" id=\"normaalisitova\">Normaalisitova<\/h3>\n\n\n\n<ul class=\"wp-block-list is-style-styled\">\n<li>Varman p\u00e4\u00e4lle toimivalle<\/li>\n\n\n\n<li>Teknologiateollisuuden ty\u00f6nantajat ry:n j\u00e4senelle<\/li>\n<\/ul>\n\n\n\n<p>Normaalisitovuuden&nbsp;piiriss\u00e4 yritys noudattaa j\u00e4rjest\u00e4ytymisens\u00e4 perusteella valtakunnallisen ty\u00f6nantajaj\u00e4rjest\u00f6n ja palkansaajaj\u00e4rjest\u00f6jen valmiiksi m\u00e4\u00e4ritt\u00e4mi\u00e4 valtakunnallisia ty\u00f6suhteen ehtoja. J\u00e4rjest\u00f6t valvovat ty\u00f6ehtosopimusten noudattamista.<\/p>\n\n\n\n<p>Ty\u00f6ehtosopimuksen paikallisen sopimisen mahdollisuudet ovat yrityksen k\u00e4ytett\u00e4viss\u00e4 ty\u00f6ehtosopimuksessa asetetuissa rajoissa.<\/p>\n\n\n\n<p>Yrityskohtaista ty\u00f6ehtosopimusta ei voi solmia Teknologiateollisuuden ty\u00f6nantajat ry:n j\u00e4senyyden aikana. Lue lis\u00e4\u00e4&nbsp;<a href=\"https:\/\/teknologiateollisuus.fi\/jasenille\/yrityskohtainen-tes\/\">yrityskohtaisesta ty\u00f6ehtosopimuksesta<\/a>.<\/p>\n\n\n\n<h3 class=\"wp-block-heading\" id=\"h-yleissitova\" id=\"yleissitova\">Yleissitova<\/h3>\n\n\n\n<ul class=\"wp-block-list is-style-styled\">\n<li>Itsen\u00e4iselle toimijalle<\/li>\n\n\n\n<li>Teknologiateollisuus ry:n j\u00e4senelle, joka ei ole Teknologiateollisuuden ty\u00f6nantajat ry:n j\u00e4sen<\/li>\n<\/ul>\n\n\n\n<p>Yleissitovuudessa on kyse siit\u00e4, ett\u00e4 toimialalla on ty\u00f6nantaja- ja ty\u00f6ntekij\u00e4liittojen v\u00e4lill\u00e4 tehty valtakunnallinen ty\u00f6ehtosopimus, jonka Sosiaali- ja terveysministeri\u00f6n Ty\u00f6ehtosopimuksen yleissitovuuden vahvistamislautakunta on vahvistanut yleissitovaksi. Ty\u00f6ehtosopimus vahvistetaan yleissitovaksi, kun se on valtakunnallinen ja alalla edustavana pidetty.<\/p>\n\n\n\n<h4 class=\"wp-block-heading\" id=\"h-tyopaikalle-tyoehtosopimuksen-yleissitovuus-tarkoittaa-seuraavaa\" id=\"tyopaikalle-tyoehtosopimuksen-yleissitovuus-tarkoittaa-seuraavaa\">Ty\u00f6paikalle ty\u00f6ehtosopimuksen yleissitovuus tarkoittaa seuraavaa:<\/h4>\n\n\n\n<ul class=\"wp-block-list mt-xs mb-xs is-style-default\">\n<li>Kaikkien kyseisen alan ty\u00f6antajien on noudatettava yleissitovaa ty\u00f6ehtosopimusta, vaikka he eiv\u00e4t ole j\u00e4rjest\u00e4ytyneet ty\u00f6nantajaliittoon.<\/li>\n\n\n\n<li>Yleissitovuuden perusteella ty\u00f6antajan on noudatettava ty\u00f6ehtosopimuksen v\u00e4himm\u00e4istasoisia m\u00e4\u00e4r\u00e4yksi\u00e4 ty\u00f6suhteen ehdoista ja ty\u00f6oloista.<\/li>\n\n\n\n<li>J\u00e4rjest\u00f6intressiss\u00e4 tehtyj\u00e4 m\u00e4\u00e4r\u00e4yksi\u00e4 koskien esimerkiksi ty\u00f6ntekij\u00f6iden edustusj\u00e4rjestelmi\u00e4 tai neuvotteluj\u00e4rjestyst\u00e4 ei tarvitse noudattaa.<\/li>\n\n\n\n<li>Ty\u00f6ehtosopimuksen mukaiset paikallisen sopimisen mahdollisuudet ovat hy\u00f6dynnett\u00e4viss\u00e4.<\/li>\n<\/ul>\n\n\n\n<p>Teknologiateollisuuden toimialojen ty\u00f6ehtosopimukset ovat yleissitovia lukuun ottamatta tietotekniikan palvelualan ty\u00f6ehtosopimusta.<br><br>Yleissitovan ty\u00f6ehtosopimuksen noudattamisesta voi poiketa solmimalla yrityskohtaisen ty\u00f6ehtosopimuksen ammattiliiton kanssa. Yritys voi rakentaa ja neuvotella oman yrityskohtaisen ty\u00f6ehtosopimuksen milloin vain ja siirty\u00e4 noudattamaan sit\u00e4 sopimastaan voimaantulosta lukien.<\/p>\n\n\n\n<h3 class=\"wp-block-heading\" id=\"h-lainvarainen\" id=\"lainvarainen\">Lainvarainen<\/h3>\n\n\n\n<ul class=\"wp-block-list is-style-styled\">\n<li>Tietotekniikan palvelualan itsen\u00e4iselle toimijalle<\/li>\n\n\n\n<li>Teknologiateollisuus ry:n j\u00e4senelle, joka ei ole Teknologiateollisuuden ty\u00f6nantajat ry:n j\u00e4sen<\/li>\n<\/ul>\n\n\n\n<p>Tietotekniikan palvelualalla ty\u00f6ehdot voidaan j\u00e4rjest\u00e4\u00e4 varsin vapaasti lains\u00e4\u00e4d\u00e4nn\u00f6n ja yrityksen omien k\u00e4yt\u00e4nt\u00f6jen perusteella, koska toimialalla ei ole valtakunnallista yleissitovaa ty\u00f6ehtosopimusta.<\/p>\n\n\n\n<p>Valtakunnallisia ty\u00f6ehtoja voidaan hy\u00f6dynt\u00e4\u00e4 ottaen kuitenkin huomioon ty\u00f6lains\u00e4\u00e4d\u00e4nn\u00f6n rajoitukset, jotka est\u00e4v\u00e4t joidenkin m\u00e4\u00e4r\u00e4ysten kopioimisen. Yrityksell\u00e4 on my\u00f6s mahdollisuus solmia oma&nbsp;<a href=\"https:\/\/teknologiateollisuus.fi\/jasenille\/yrityskohtainen-tes\/\">yrityskohtainen ty\u00f6ehtosopimus<\/a>.<\/p>\n\n\n\n<h4 class=\"wp-block-heading\" id=\"h-lain-varassa-toimiessa-tulee-huomioida-erityisesti-seuraavat-asiat\" id=\"lain-varassa-toimiessa-tulee-huomioida-erityisesti-seuraavat-asiat\">Lain varassa toimiessa tulee huomioida erityisesti seuraavat asiat:<\/h4>\n\n\n\n<ul class=\"wp-block-list mt-xs mb-xs is-style-default\">\n<li>Ty\u00f6nantajan on aktiivisesti seurattava ty\u00f6lains\u00e4\u00e4d\u00e4nn\u00f6n muutoksia sek\u00e4 sit\u00e4, onko ty\u00f6ehtosopimuskierrosten j\u00e4lkeen toimialalla yleissitovaa valtakunnallista ty\u00f6ehtosopimusta, jota tulisi noudattaa.<\/li>\n\n\n\n<li>Ty\u00f6nantajan on hyv\u00e4 tarkastella s\u00e4\u00e4nn\u00f6llisesti ty\u00f6paikan ty\u00f6ehtokokonaisuutta ja huolehtia, ett\u00e4 se vastaa v\u00e4hint\u00e4\u00e4n laintasoa.<\/li>\n\n\n\n<li>Ty\u00f6ehtojen m\u00e4\u00e4ritt\u00e4misess\u00e4 on otettava huomioon ty\u00f6ntekij\u00f6iden yhdenvertainen ja tasapuolinen kohtelu.<\/li>\n<\/ul>\n\n\n\n<p>Teknologiateollisuuden toimialojen ty\u00f6ehtosopimukset ovat yleissitovia lukuun ottamatta tietotekniikan palvelualan ty\u00f6ehtosopimusta.<\/p>\n\n\n\n<p>Yleissitovan ty\u00f6ehtosopimuksen noudattamisesta voi poiketa solmimalla yrityskohtaisen ty\u00f6ehtosopimuksen ammattiliiton kanssa. Yritys voi rakentaa ja neuvotella oman yrityskohtaisen ty\u00f6ehtosopimuksen milloin vain ja siirty\u00e4 noudattamaan sit\u00e4 sopimastaan voimaantulosta lukien.<\/p>\n\n\n\n<h2 class=\"wp-block-heading\" id=\"h-lue-lisaa-jasenyyksista\" id=\"lue-lisaa-jasenyyksista\">Lue lis\u00e4\u00e4 j\u00e4senyyksist\u00e4:<\/h2>\n\n\n\n<div class=\"wp-block-evermade-links em-block-links has-columns-1\">\n<a\n\tclass=\"wp-block-evermade-internal-link em-block-link is-internal   \"\n\thref=\"https:\/\/teknologiateollisuus.fi\/jasenille\/jasenyys\/teknologiateollisuusrynjaseneksi\/\"\n\taria-label=\"Avaa samassa v\u00e4lilehdess\u00e4\"\n\ttarget=\"_self\"\n\trel=\"noopener\"\n>\n\t<div class=\"em-block-link__content\">\n\t\t<span class=\"em-block-link__title\">\n\t\t\tTeknologiateollisuus ry\t\t<\/span>\n\t\t\t<\/div>\n\t\t\t<div class=\"em-block-link__arrow\"><\/div>\n\t\t<div class=\"em-block-link__pressable\"><\/div>\n\t<\/a>\n\n\n\n<a\n\tclass=\"wp-block-evermade-internal-link em-block-link is-internal   \"\n\thref=\"https:\/\/teknologiateollisuus.fi\/jasenille\/jasenyys\/liity-teknologiateollisuuden-tyonantajat-ryn-jaseneksi\/\"\n\taria-label=\"Avaa samassa v\u00e4lilehdess\u00e4\"\n\ttarget=\"_self\"\n\trel=\"noopener\"\n>\n\t<div class=\"em-block-link__content\">\n\t\t<span class=\"em-block-link__title\">\n\t\t\tTeknologiateollisuuden ty\u00f6nantajat ry\t\t<\/span>\n\t\t\t<\/div>\n\t\t\t<div class=\"em-block-link__arrow\"><\/div>\n\t\t<div class=\"em-block-link__pressable\"><\/div>\n\t<\/a>\n<\/div>\n\n\n\n<div class=\"wp-block-scb-columns scb-columns  has-mobile-behavior--stacked has-auto-fit em-pattern-event-contacts\">\n<div class=\"wp-block-scb-column scb-column is-scale-cover\">\n<h2 class=\"wp-block-heading\" id=\"h-lisatiedot\" id=\"lisatiedot\">Lis\u00e4tiedot:<\/h2>\n\n\n\n<article class=\"em-block-contact-card is-style-list\">\n\n\t<div class=\"em-block-contact-card__image\">\n\t\t\t\t\t<img loading=\"lazy\" decoding=\"async\" width=\"300\" height=\"400\" src=\"https:\/\/teknologiateollisuus.fi\/jasenille\/wp-content\/uploads\/2024\/05\/phpyfcz5m.jpg\" class=\"attachment-portrait size-portrait\" alt=\"\" \/>\t\t\t<\/div>\n\t<div class=\"em-block-contact-card__content-wrapper\">\n\t\t<div class=\"em-block-contact-card__content\">\n\t\t\t\t\t\t\t<div class=\"em-block-contact-card__business-units\">\n\t\t\t\t\t\t\t\t\t\t\t<span class=\"em-block-contact-card__business-unit\">Ty\u00f6markkinat ja ty\u00f6el\u00e4m\u00e4n s\u00e4\u00e4ntely<\/span>\n\t\t\t\t\t\t\t\t\t<\/div>\n\t\t\t\t\t\t<h3 class=\"em-block-contact-card__title\"><a target=\"_self\" href=\"https:\/\/teknologiateollisuus.fi\/?p=1118\">Laine Johanna<\/a><\/h3>\n\t\t\t\t\t\t\t<span class=\"em-block-contact-card__job_title\">Johtaja &#8211; Paikallinen sopiminen, yrityskohtaiset ty\u00f6ehdot ja lains\u00e4\u00e4d\u00e4nt\u00f6vaikuttaminen<\/span>\n\t\t\t\t\t\t\t\t\t\t<span class=\"em-block-contact-card__organisation\">Teknologiateollisuus ry<\/span>\n\t\t\t\t\t<\/div>\n\t\t<div class=\"em-block-contact-card__content\">\n\t\t\t\t\t\t<address class=\"em-block-contact-card__contact-details\">\n\t\t\t\t\t\t\t\t\t<span class=\"em-block-contact-card__phone\">\n\t\t\t\t\t\t<a href=\"tel:+358 445907209\">+358 445907209<\/a><\/a>\n\t\t\t\t\t<\/span>\n\t\t\t\t\t\t\t\t\t\t\t\t\t<span class=\"em-block-contact-card__email\">\n\t\t\t\t\t\t<a href=\"mailto:johanna.laine@teknologiateollisuus.fi\">johanna.laine@teknologiateollisuus.fi<\/a><\/a>\n\t\t\t\t\t<\/span>\n\t\t\t\t\t\t\t<\/address>\n\t\t\t\t\t<\/div>\n\t<\/div>\n\n<\/article>\n<\/div>\n<\/div>\n","protected":false},"excerpt":{"rendered":"<p>Ty\u00f6ehtomallit Teknologiateollisuus ry:n j\u00e4senelle ovat: Teknologiateollisuus ry:n ja Teknologiateollisuuden ty\u00f6nantajat ry:n j\u00e4senen\u00e4 ty\u00f6nantajan on noudatettava sopimusalan valtakunnallista ty\u00f6ehtosopimusta. Teknologiateollisuuden ty\u00f6suhdepalvelut ovat kaikkien j\u00e4senten hy\u00f6dynnett\u00e4viss\u00e4. Ty\u00f6ehtomallit Yrityskohtainen Valtakunnalliset ty\u00f6ehtosopimukset&nbsp;tarjoavat monia toisin sopimisen mahdollisuuksia, mutta yrityskohtainen TES tarjoaa enemm\u00e4n. T\u00e4llainen sopimisen tapa on ennakoiva \u2013 se kannustaa molemminpuoliseen aloitteellisuuteen, jatkuvaan yhteiseen kehitt\u00e4miseen ja muutosvalmiuteen. Yrityskohtainen TES eli [&hellip;]<\/p>\n","protected":false},"author":11,"featured_media":0,"parent":1131,"menu_order":2,"comment_status":"closed","ping_status":"closed","template":"","meta":{"_acf_changed":false,"_relevanssi_hide_post":"","_relevanssi_hide_content":"","_relevanssi_pin_for_all":"","_relevanssi_pin_keywords":"","_relevanssi_unpin_keywords":"","_relevanssi_related_keywords":"","_relevanssi_related_include_ids":"","_relevanssi_related_exclude_ids":"","_relevanssi_related_no_append":"","_relevanssi_related_not_related":"","_relevanssi_related_posts":"168,169,167,166,1417,165","_relevanssi_noindex_reason":"","inline_featured_image":false,"growthstack-ab-test":[],"growthstack-ab-test-views":[],"footnotes":""},"class_list":["post-1120","page","type-page","status-publish","hentry"],"acf":{"is_store_related":false,"locked":false},"yoast_head":"<!-- This site is optimized with the Yoast SEO Premium plugin v27.1 (Yoast SEO v27.3) - https:\/\/yoast.com\/product\/yoast-seo-premium-wordpress\/ -->\n<title>Ty\u00f6ehtomallit - Teknologiateollisuus - J\u00e4senille<\/title>\n<meta name=\"description\" content=\"Ty\u00f6ehtomallit tarjoavat yrityksille vaihtoehtoisia tapoja ty\u00f6ehtojen rakentamiseksi. Lue lis\u00e4\u00e4 ja l\u00f6yd\u00e4 yrityksellenne sopivin malli!\" \/>\n<meta name=\"robots\" content=\"index, follow, max-snippet:-1, max-image-preview:large, max-video-preview:-1\" \/>\n<link rel=\"canonical\" href=\"https:\/\/teknologiateollisuus.fi\/jasenille\/palvelut\/tyosuhdepalvelut\/tyoehdot\/\" \/>\n<meta property=\"og:locale\" content=\"fi_FI\" \/>\n<meta property=\"og:type\" content=\"article\" \/>\n<meta property=\"og:title\" content=\"Ty\u00f6ehtomallit\" \/>\n<meta property=\"og:description\" content=\"Ty\u00f6ehtomallit tarjoavat yrityksille vaihtoehtoisia tapoja ty\u00f6ehtojen rakentamiseksi. Lue lis\u00e4\u00e4 ja l\u00f6yd\u00e4 yrityksellenne sopivin malli!\" \/>\n<meta property=\"og:url\" content=\"https:\/\/teknologiateollisuus.fi\/jasenille\/palvelut\/tyosuhdepalvelut\/tyoehdot\/\" \/>\n<meta property=\"og:site_name\" content=\"Teknologiateollisuus - J\u00e4senille\" \/>\n<meta property=\"article:modified_time\" content=\"2026-01-14T13:17:26+00:00\" \/>\n<meta name=\"twitter:card\" content=\"summary_large_image\" \/>\n<meta name=\"twitter:label1\" content=\"Arvioitu lukuaika\" \/>\n\t<meta name=\"twitter:data1\" content=\"3 minuuttia\" \/>\n<script type=\"application\/ld+json\" class=\"yoast-schema-graph\">{\"@context\":\"https:\\\/\\\/schema.org\",\"@graph\":[{\"@type\":\"WebPage\",\"@id\":\"https:\\\/\\\/teknologiateollisuus.fi\\\/jasenille\\\/palvelut\\\/tyosuhdepalvelut\\\/tyoehdot\\\/\",\"url\":\"https:\\\/\\\/teknologiateollisuus.fi\\\/jasenille\\\/palvelut\\\/tyosuhdepalvelut\\\/tyoehdot\\\/\",\"name\":\"Ty\u00f6ehtomallit - Teknologiateollisuus - J\u00e4senille\",\"isPartOf\":{\"@id\":\"https:\\\/\\\/teknologiateollisuus.fi\\\/jasenille\\\/#website\"},\"datePublished\":\"2023-12-11T11:03:40+00:00\",\"dateModified\":\"2026-01-14T13:17:26+00:00\",\"description\":\"Ty\u00f6ehtomallit tarjoavat yrityksille vaihtoehtoisia tapoja ty\u00f6ehtojen rakentamiseksi. Lue lis\u00e4\u00e4 ja l\u00f6yd\u00e4 yrityksellenne sopivin malli!\",\"breadcrumb\":{\"@id\":\"https:\\\/\\\/teknologiateollisuus.fi\\\/jasenille\\\/palvelut\\\/tyosuhdepalvelut\\\/tyoehdot\\\/#breadcrumb\"},\"inLanguage\":\"fi\",\"potentialAction\":[{\"@type\":\"ReadAction\",\"target\":[\"https:\\\/\\\/teknologiateollisuus.fi\\\/jasenille\\\/palvelut\\\/tyosuhdepalvelut\\\/tyoehdot\\\/\"]}]},{\"@type\":\"BreadcrumbList\",\"@id\":\"https:\\\/\\\/teknologiateollisuus.fi\\\/jasenille\\\/palvelut\\\/tyosuhdepalvelut\\\/tyoehdot\\\/#breadcrumb\",\"itemListElement\":[{\"@type\":\"ListItem\",\"position\":1,\"name\":\"Home\",\"item\":\"https:\\\/\\\/teknologiateollisuus.fi\\\/jasenille\\\/\"},{\"@type\":\"ListItem\",\"position\":2,\"name\":\"Palvelut\",\"item\":\"https:\\\/\\\/teknologiateollisuus.fi\\\/jasenille\\\/palvelut\\\/\"},{\"@type\":\"ListItem\",\"position\":3,\"name\":\"Ty\u00f6suhdepalvelut\",\"item\":\"https:\\\/\\\/teknologiateollisuus.fi\\\/jasenille\\\/palvelut\\\/tyosuhdepalvelut\\\/\"},{\"@type\":\"ListItem\",\"position\":4,\"name\":\"Ty\u00f6ehtomallit\"}]},{\"@type\":\"WebSite\",\"@id\":\"https:\\\/\\\/teknologiateollisuus.fi\\\/jasenille\\\/#website\",\"url\":\"https:\\\/\\\/teknologiateollisuus.fi\\\/jasenille\\\/\",\"name\":\"Teknologiateollisuus - J\u00e4senille\",\"description\":\"\",\"publisher\":{\"@id\":\"https:\\\/\\\/teknologiateollisuus.fi\\\/jasenille\\\/#organization\"},\"potentialAction\":[{\"@type\":\"SearchAction\",\"target\":{\"@type\":\"EntryPoint\",\"urlTemplate\":\"https:\\\/\\\/teknologiateollisuus.fi\\\/jasenille\\\/?s={search_term_string}\"},\"query-input\":{\"@type\":\"PropertyValueSpecification\",\"valueRequired\":true,\"valueName\":\"search_term_string\"}}],\"inLanguage\":\"fi\"},{\"@type\":\"Organization\",\"@id\":\"https:\\\/\\\/teknologiateollisuus.fi\\\/jasenille\\\/#organization\",\"name\":\"Teknologiateollisuus - J\u00e4senille\",\"url\":\"https:\\\/\\\/teknologiateollisuus.fi\\\/jasenille\\\/\",\"logo\":{\"@type\":\"ImageObject\",\"inLanguage\":\"fi\",\"@id\":\"https:\\\/\\\/teknologiateollisuus.fi\\\/jasenille\\\/#\\\/schema\\\/logo\\\/image\\\/\",\"url\":\"https:\\\/\\\/teknologiateollisuus.fi\\\/jasenille\\\/wp-content\\\/uploads\\\/sites\\\/1\\\/2023\\\/10\\\/placeholder.png\",\"contentUrl\":\"https:\\\/\\\/teknologiateollisuus.fi\\\/jasenille\\\/wp-content\\\/uploads\\\/sites\\\/1\\\/2023\\\/10\\\/placeholder.png\",\"width\":2560,\"height\":1920,\"caption\":\"Teknologiateollisuus - J\u00e4senille\"},\"image\":{\"@id\":\"https:\\\/\\\/teknologiateollisuus.fi\\\/jasenille\\\/#\\\/schema\\\/logo\\\/image\\\/\"}}]}<\/script>\n<!-- \/ Yoast SEO Premium plugin. -->","yoast_head_json":{"title":"Ty\u00f6ehtomallit - Teknologiateollisuus - J\u00e4senille","description":"Ty\u00f6ehtomallit tarjoavat yrityksille vaihtoehtoisia tapoja ty\u00f6ehtojen rakentamiseksi. Lue lis\u00e4\u00e4 ja l\u00f6yd\u00e4 yrityksellenne sopivin malli!","robots":{"index":"index","follow":"follow","max-snippet":"max-snippet:-1","max-image-preview":"max-image-preview:large","max-video-preview":"max-video-preview:-1"},"canonical":"https:\/\/teknologiateollisuus.fi\/jasenille\/palvelut\/tyosuhdepalvelut\/tyoehdot\/","og_locale":"fi_FI","og_type":"article","og_title":"Ty\u00f6ehtomallit","og_description":"Ty\u00f6ehtomallit tarjoavat yrityksille vaihtoehtoisia tapoja ty\u00f6ehtojen rakentamiseksi. Lue lis\u00e4\u00e4 ja l\u00f6yd\u00e4 yrityksellenne sopivin malli!","og_url":"https:\/\/teknologiateollisuus.fi\/jasenille\/palvelut\/tyosuhdepalvelut\/tyoehdot\/","og_site_name":"Teknologiateollisuus - J\u00e4senille","article_modified_time":"2026-01-14T13:17:26+00:00","twitter_card":"summary_large_image","twitter_misc":{"Arvioitu lukuaika":"3 minuuttia"},"schema":{"@context":"https:\/\/schema.org","@graph":[{"@type":"WebPage","@id":"https:\/\/teknologiateollisuus.fi\/jasenille\/palvelut\/tyosuhdepalvelut\/tyoehdot\/","url":"https:\/\/teknologiateollisuus.fi\/jasenille\/palvelut\/tyosuhdepalvelut\/tyoehdot\/","name":"Ty\u00f6ehtomallit - Teknologiateollisuus - J\u00e4senille","isPartOf":{"@id":"https:\/\/teknologiateollisuus.fi\/jasenille\/#website"},"datePublished":"2023-12-11T11:03:40+00:00","dateModified":"2026-01-14T13:17:26+00:00","description":"Ty\u00f6ehtomallit tarjoavat yrityksille vaihtoehtoisia tapoja ty\u00f6ehtojen rakentamiseksi. Lue lis\u00e4\u00e4 ja l\u00f6yd\u00e4 yrityksellenne sopivin malli!","breadcrumb":{"@id":"https:\/\/teknologiateollisuus.fi\/jasenille\/palvelut\/tyosuhdepalvelut\/tyoehdot\/#breadcrumb"},"inLanguage":"fi","potentialAction":[{"@type":"ReadAction","target":["https:\/\/teknologiateollisuus.fi\/jasenille\/palvelut\/tyosuhdepalvelut\/tyoehdot\/"]}]},{"@type":"BreadcrumbList","@id":"https:\/\/teknologiateollisuus.fi\/jasenille\/palvelut\/tyosuhdepalvelut\/tyoehdot\/#breadcrumb","itemListElement":[{"@type":"ListItem","position":1,"name":"Home","item":"https:\/\/teknologiateollisuus.fi\/jasenille\/"},{"@type":"ListItem","position":2,"name":"Palvelut","item":"https:\/\/teknologiateollisuus.fi\/jasenille\/palvelut\/"},{"@type":"ListItem","position":3,"name":"Ty\u00f6suhdepalvelut","item":"https:\/\/teknologiateollisuus.fi\/jasenille\/palvelut\/tyosuhdepalvelut\/"},{"@type":"ListItem","position":4,"name":"Ty\u00f6ehtomallit"}]},{"@type":"WebSite","@id":"https:\/\/teknologiateollisuus.fi\/jasenille\/#website","url":"https:\/\/teknologiateollisuus.fi\/jasenille\/","name":"Teknologiateollisuus - J\u00e4senille","description":"","publisher":{"@id":"https:\/\/teknologiateollisuus.fi\/jasenille\/#organization"},"potentialAction":[{"@type":"SearchAction","target":{"@type":"EntryPoint","urlTemplate":"https:\/\/teknologiateollisuus.fi\/jasenille\/?s={search_term_string}"},"query-input":{"@type":"PropertyValueSpecification","valueRequired":true,"valueName":"search_term_string"}}],"inLanguage":"fi"},{"@type":"Organization","@id":"https:\/\/teknologiateollisuus.fi\/jasenille\/#organization","name":"Teknologiateollisuus - J\u00e4senille","url":"https:\/\/teknologiateollisuus.fi\/jasenille\/","logo":{"@type":"ImageObject","inLanguage":"fi","@id":"https:\/\/teknologiateollisuus.fi\/jasenille\/#\/schema\/logo\/image\/","url":"https:\/\/teknologiateollisuus.fi\/jasenille\/wp-content\/uploads\/sites\/1\/2023\/10\/placeholder.png","contentUrl":"https:\/\/teknologiateollisuus.fi\/jasenille\/wp-content\/uploads\/sites\/1\/2023\/10\/placeholder.png","width":2560,"height":1920,"caption":"Teknologiateollisuus - J\u00e4senille"},"image":{"@id":"https:\/\/teknologiateollisuus.fi\/jasenille\/#\/schema\/logo\/image\/"}}]}},"lang":"fi","translations":{"fi":1120},"pll_sync_post":[],"_links":{"self":[{"href":"https:\/\/teknologiateollisuus.fi\/jasenille\/wp-json\/wp\/v2\/pages\/1120","targetHints":{"allow":["GET"]}}],"collection":[{"href":"https:\/\/teknologiateollisuus.fi\/jasenille\/wp-json\/wp\/v2\/pages"}],"about":[{"href":"https:\/\/teknologiateollisuus.fi\/jasenille\/wp-json\/wp\/v2\/types\/page"}],"author":[{"embeddable":true,"href":"https:\/\/teknologiateollisuus.fi\/jasenille\/wp-json\/wp\/v2\/users\/11"}],"replies":[{"embeddable":true,"href":"https:\/\/teknologiateollisuus.fi\/jasenille\/wp-json\/wp\/v2\/comments?post=1120"}],"version-history":[{"count":30,"href":"https:\/\/teknologiateollisuus.fi\/jasenille\/wp-json\/wp\/v2\/pages\/1120\/revisions"}],"predecessor-version":[{"id":28792,"href":"https:\/\/teknologiateollisuus.fi\/jasenille\/wp-json\/wp\/v2\/pages\/1120\/revisions\/28792"}],"up":[{"embeddable":true,"href":"https:\/\/teknologiateollisuus.fi\/jasenille\/wp-json\/wp\/v2\/pages\/1131"}],"wp:attachment":[{"href":"https:\/\/teknologiateollisuus.fi\/jasenille\/wp-json\/wp\/v2\/media?parent=1120"}],"curies":[{"name":"wp","href":"https:\/\/api.w.org\/{rel}","templated":true}]}}