{"id":1191,"date":"2023-12-11T14:02:23","date_gmt":"2023-12-11T12:02:23","guid":{"rendered":"https:\/\/teknologiateollisuus.fi\/jasenille\/?page_id=1191"},"modified":"2025-07-18T15:14:31","modified_gmt":"2025-07-18T12:14:31","slug":"luova-tyoelama-2030","status":"publish","type":"page","link":"https:\/\/teknologiateollisuus.fi\/jasenille\/palvelut\/tyosuhdepalvelut\/tyoelama-teknologia-alalla\/tuottavuus-ja-hyvinvointi\/luova-tyoelama-2030\/","title":{"rendered":"Luova Ty\u00f6el\u00e4m\u00e4 2030"},"content":{"rendered":"\n<div class=\"em-block-hero hero-has-background-color has-background has-black-background-color collapse  \">\n\t<div class=\"em-block-hero__container\">\n\t\t<div class=\"em-block-hero__content\">\n\t\t\t<div class=\"yoast-breadcrumbs\"><span><span><a href=\"https:\/\/teknologiateollisuus.fi\/jasenille\/\">Home<\/a><\/span> <span class=\"separator\"><\/span> <span><a href=\"https:\/\/teknologiateollisuus.fi\/jasenille\/palvelut\/\">Palvelut<\/a><\/span> <span class=\"separator\"><\/span> <span><a href=\"https:\/\/teknologiateollisuus.fi\/jasenille\/palvelut\/tyosuhdepalvelut\/\">Ty\u00f6suhdepalvelut<\/a><\/span> <span class=\"separator\"><\/span> <span><a href=\"https:\/\/teknologiateollisuus.fi\/jasenille\/palvelut\/tyosuhdepalvelut\/tyoelama-teknologia-alalla\/\">Ty\u00f6el\u00e4m\u00e4<\/a><\/span> <span class=\"separator\"><\/span> <span><a href=\"https:\/\/teknologiateollisuus.fi\/jasenille\/palvelut\/tyosuhdepalvelut\/tyoelama-teknologia-alalla\/tuottavuus-ja-hyvinvointi\/\">Tuottavuus ja hyvinvointi<\/a><\/span> <span class=\"separator\"><\/span> <span class=\"breadcrumb_last\" aria-current=\"page\">Luova Ty\u00f6el\u00e4m\u00e4 2030<\/span><\/span><\/div>\t\t\t\n<h1 class=\"wp-block-heading\" id=\"h-luova-tyoelama-2030-hanke\">Luova Ty\u00f6el\u00e4m\u00e4 2030 -hanke<\/h1>\n\n<p>Luovuus on yksi nykyp\u00e4iv\u00e4n ty\u00f6el\u00e4m\u00e4n olennaisimmista taidoista, jolla rakennetaan niin yritysten kuin my\u00f6s yksil\u00f6iden hyvinvointia ja kehityst\u00e4. Yrityksiss\u00e4 luovuus tarkoittaa innovaatioita ja kyky\u00e4 vastata asiakkaiden muuttuviin tarpeisiin. <\/p>\n\t\t\t<div class=\"em-block-hero__modified-date\"> P\u00e4ivitetty 18.07.2025 klo 15:14<\/div>\t\t<\/div>\n\t\t\t\t\t<figure class=\"em-block-hero__image\">\n\t\t\t\t\t\t\t<\/figure>\n\t\t\t<\/div>\n<\/div>\n\n\n\n<h2 class=\"wp-block-heading has-text-align-left\" id=\"h-mika-merkitys-luovuudella-on-yrityksille\" id=\"mika-merkitys-luovuudella-on-yrityksille\">Mik\u00e4 merkitys luovuudella on yrityksille?<\/h2>\n\n\n\n<ul class=\"wp-block-list is-style-styled\">\n<li>Luovuus tarkoittaa<strong> <\/strong>yrityksiss\u00e4 ennen muuta innovaatioita. Innovaatioiden synnytt\u00e4minen t&amp;k- ja innovaatioprosesseilla on tehokasta, uutta liiketoimintaa generoivaa toimintaa \u2013 erityisesti, jos siin\u00e4 on mukana koko ty\u00f6yhteis\u00f6n luovuuden kapasiteetti.<\/li>\n\n\n\n<li>Luovuuden hy\u00f6dynt\u00e4minen tuo my\u00f6s lis\u00e4\u00e4 tehokkuutta sis\u00e4iseen kehitt\u00e4miseen, jatkuvaan parantamiseen tuottavuuden ja kilpailukyvyn varmistamisessa. Lis\u00e4ksi hyvin johdettu luovuus tuottaa henkil\u00f6st\u00f6n hyvinvointia.<\/li>\n\n\n\n<li>Luovuutta voidaan ruokkia, kehitt\u00e4\u00e4 ja johtaa \u2013 ty\u00f6yhteis\u00f6n luovuuden kokonaiskapasiteetti on siis tarjolla hy\u00f6dynnett\u00e4v\u00e4ksi.<\/li>\n<\/ul>\n\n\n\n<figure class=\"wp-block-image size-large\"><img loading=\"lazy\" decoding=\"async\" width=\"800\" height=\"800\" src=\"https:\/\/teknologiateollisuus.fi\/jasenille\/wp-content\/uploads\/sites\/1\/2024\/01\/LTE2030_somekuva-800x800.png\" alt=\"\" class=\"wp-image-3040\" srcset=\"https:\/\/teknologiateollisuus.fi\/jasenille\/wp-content\/uploads\/sites\/1\/2024\/01\/LTE2030_somekuva-800x800.png 800w, https:\/\/teknologiateollisuus.fi\/jasenille\/wp-content\/uploads\/sites\/1\/2024\/01\/LTE2030_somekuva-400x400.png 400w, https:\/\/teknologiateollisuus.fi\/jasenille\/wp-content\/uploads\/sites\/1\/2024\/01\/LTE2030_somekuva-768x768.png 768w, https:\/\/teknologiateollisuus.fi\/jasenille\/wp-content\/uploads\/sites\/1\/2024\/01\/LTE2030_somekuva.png 1080w\" sizes=\"auto, (max-width: 800px) 100vw, 800px\" \/><\/figure>\n\n\n\n<p class=\"is-style-pre-headline\">raportit<\/p>\n\n\n\n<h2 class=\"wp-block-heading\" id=\"h-yritysten-kokemuksia-yhdessa-paketissa\" id=\"yritysten-kokemuksia-yhdessa-paketissa\">Yritysten kokemuksia yhdess\u00e4 paketissa<\/h2>\n\n\n\n<p>Teknologiateollisuus ry osallistui syksyll\u00e4 2022 Suomen Markkinointiliiton johtamaan&nbsp;<a href=\"https:\/\/www.mrktng.fi\/luovuus\/\">LUOVA TY\u00d6EL\u00c4M\u00c4 2030<\/a>&nbsp;-hankkeeseen, joka oli osa Marinin hallituksen TY\u00d62030-ohjelmaa. Hankkeeseen osallistui 16 organisaatiota ja yli 600 ty\u00f6ntekij\u00e4\u00e4 eri toimialoilta. Mukana oli my\u00f6s Teknologiateollisuus ry:n j\u00e4senyrityksi\u00e4.&nbsp;<\/p>\n\n\n\n<p>Hanke on vahvistanut suomalaisten organisaatioiden ja yksil\u00f6iden ymm\u00e4rryst\u00e4 luovuudesta, sen monimuotoisuudesta ja mahdollisuuksista. Samalla se on tuottanut tieteeseen pohjautuvan tavan mitata ja kehitt\u00e4\u00e4 luovaa suorituskyky\u00e4.<\/p>\n\n\n\n<div class=\"wp-block-buttons is-layout-flex wp-block-buttons-is-layout-flex\">\n<div class=\"wp-block-button  icon-right\"><a class=\"wp-block-button__link wp-element-button\" href=\"https:\/\/teknologiateollisuus.fi\/jasenille\/wp-content\/uploads\/sites\/1\/2024\/07\/Luova_tyoelama_2030_Organisaatiokysely_Raportti_FINAL.pdf\">Tutustu hankkeen tuloksiin<\/a><\/div>\n<\/div>\n\n\n\n<div class=\"wp-block-scb-columns scb-columns  has-mobile-behavior--stacked has-auto-fit em-pattern-event-contacts\">\n<div class=\"wp-block-scb-column scb-column is-scale-cover\">\n<h2 class=\"wp-block-heading\" id=\"h-lisatiedot\" id=\"lisatiedot\">Lis\u00e4tiedot:<\/h2>\n\n\n\n<article class=\"em-block-contact-card is-style-list\">\n\n\t<div class=\"em-block-contact-card__image\">\n\t\t\t\t\t<img loading=\"lazy\" decoding=\"async\" width=\"300\" height=\"400\" src=\"https:\/\/teknologiateollisuus.fi\/jasenille\/wp-content\/uploads\/2024\/05\/phpmjpu9q.jpg\" class=\"attachment-portrait size-portrait\" alt=\"\" \/>\t\t\t<\/div>\n\t<div class=\"em-block-contact-card__content-wrapper\">\n\t\t<div class=\"em-block-contact-card__content\">\n\t\t\t\t\t\t\t<div class=\"em-block-contact-card__business-units\">\n\t\t\t\t\t\t\t\t\t\t\t<span class=\"em-block-contact-card__business-unit\">Ty\u00f6markkinat ja ty\u00f6el\u00e4m\u00e4n s\u00e4\u00e4ntely<\/span>\n\t\t\t\t\t\t\t\t\t<\/div>\n\t\t\t\t\t\t<h3 class=\"em-block-contact-card__title\"><a target=\"_self\" href=\"https:\/\/teknologiateollisuus.fi\/?p=1139\">Varpomaa Paula<\/a><\/h3>\n\t\t\t\t\t\t\t<span class=\"em-block-contact-card__job_title\">P\u00e4\u00e4llikk\u00f6 &#8211; Neuvontapalvelut, ty\u00f6el\u00e4m\u00e4n kehitt\u00e4minen ja lains\u00e4\u00e4d\u00e4nt\u00f6vaikuttaminen<\/span>\n\t\t\t\t\t\t\t\t\t\t<span class=\"em-block-contact-card__organisation\">Teknologiateollisuus ry<\/span>\n\t\t\t\t\t<\/div>\n\t\t<div class=\"em-block-contact-card__content\">\n\t\t\t\t\t\t<address class=\"em-block-contact-card__contact-details\">\n\t\t\t\t\t\t\t\t\t<span class=\"em-block-contact-card__phone\">\n\t\t\t\t\t\t<a href=\"tel:+358 401525778\">+358 401525778<\/a><\/a>\n\t\t\t\t\t<\/span>\n\t\t\t\t\t\t\t\t\t\t\t\t\t<span class=\"em-block-contact-card__email\">\n\t\t\t\t\t\t<a href=\"mailto:paula.varpomaa@teknologiateollisuus.fi\">paula.varpomaa@teknologiateollisuus.fi<\/a><\/a>\n\t\t\t\t\t<\/span>\n\t\t\t\t\t\t\t<\/address>\n\t\t\t\t\t<\/div>\n\t<\/div>\n\n<\/article>\n<\/div>\n<\/div>\n","protected":false},"excerpt":{"rendered":"<p>Mik\u00e4 merkitys luovuudella on yrityksille? raportit Yritysten kokemuksia yhdess\u00e4 paketissa Teknologiateollisuus ry osallistui syksyll\u00e4 2022 Suomen Markkinointiliiton johtamaan&nbsp;LUOVA TY\u00d6EL\u00c4M\u00c4 2030&nbsp;-hankkeeseen, joka oli osa Marinin hallituksen TY\u00d62030-ohjelmaa. Hankkeeseen osallistui 16 organisaatiota ja yli 600 ty\u00f6ntekij\u00e4\u00e4 eri toimialoilta. Mukana oli my\u00f6s Teknologiateollisuus ry:n j\u00e4senyrityksi\u00e4.&nbsp; Hanke on vahvistanut suomalaisten organisaatioiden ja yksil\u00f6iden ymm\u00e4rryst\u00e4 luovuudesta, sen monimuotoisuudesta ja mahdollisuuksista. [&hellip;]<\/p>\n","protected":false},"author":11,"featured_media":0,"parent":25387,"menu_order":0,"comment_status":"closed","ping_status":"closed","template":"","meta":{"_acf_changed":false,"_relevanssi_hide_post":"","_relevanssi_hide_content":"","_relevanssi_pin_for_all":"","_relevanssi_pin_keywords":"","_relevanssi_unpin_keywords":"","_relevanssi_related_keywords":"","_relevanssi_related_include_ids":"","_relevanssi_related_exclude_ids":"","_relevanssi_related_no_append":"","_relevanssi_related_not_related":"","_relevanssi_related_posts":"168,169,165,167,166,1417","_relevanssi_noindex_reason":"","inline_featured_image":false,"growthstack-ab-test":[],"growthstack-ab-test-views":[],"footnotes":""},"class_list":["post-1191","page","type-page","status-publish","hentry"],"acf":{"is_store_related":false,"locked":false},"yoast_head":"<!-- This site is optimized with the Yoast SEO Premium plugin v27.1 (Yoast SEO v27.4) - https:\/\/yoast.com\/product\/yoast-seo-premium-wordpress\/ -->\n<title>Luova Ty\u00f6el\u00e4m\u00e4 2030 - Teknologiateollisuus - J\u00e4senille<\/title>\n<meta name=\"robots\" content=\"index, follow, max-snippet:-1, max-image-preview:large, max-video-preview:-1\" \/>\n<link rel=\"canonical\" href=\"https:\/\/teknologiateollisuus.fi\/jasenille\/palvelut\/tyosuhdepalvelut\/tyoelama-teknologia-alalla\/tuottavuus-ja-hyvinvointi\/luova-tyoelama-2030\/\" \/>\n<meta property=\"og:locale\" content=\"fi_FI\" \/>\n<meta property=\"og:type\" content=\"article\" \/>\n<meta property=\"og:title\" content=\"Luova Ty\u00f6el\u00e4m\u00e4 2030\" \/>\n<meta property=\"og:description\" content=\"Mik\u00e4 merkitys luovuudella on yrityksille? raportit Yritysten kokemuksia yhdess\u00e4 paketissa Teknologiateollisuus ry osallistui syksyll\u00e4 2022 Suomen Markkinointiliiton johtamaan&nbsp;LUOVA TY\u00d6EL\u00c4M\u00c4 2030&nbsp;-hankkeeseen, joka oli osa Marinin hallituksen TY\u00d62030-ohjelmaa. Hankkeeseen osallistui 16 organisaatiota ja yli 600 ty\u00f6ntekij\u00e4\u00e4 eri toimialoilta. Mukana oli my\u00f6s Teknologiateollisuus ry:n j\u00e4senyrityksi\u00e4.&nbsp; Hanke on vahvistanut suomalaisten organisaatioiden ja yksil\u00f6iden ymm\u00e4rryst\u00e4 luovuudesta, sen monimuotoisuudesta ja mahdollisuuksista. [&hellip;]\" \/>\n<meta property=\"og:url\" content=\"https:\/\/teknologiateollisuus.fi\/jasenille\/palvelut\/tyosuhdepalvelut\/tyoelama-teknologia-alalla\/tuottavuus-ja-hyvinvointi\/luova-tyoelama-2030\/\" \/>\n<meta property=\"og:site_name\" content=\"Teknologiateollisuus - J\u00e4senille\" \/>\n<meta property=\"article:modified_time\" content=\"2025-07-18T12:14:31+00:00\" \/>\n<meta property=\"og:image\" content=\"https:\/\/teknologiateollisuus.fi\/jasenille\/wp-content\/uploads\/sites\/1\/2024\/01\/LTE2030_somekuva.png\" \/>\n\t<meta property=\"og:image:width\" content=\"1080\" \/>\n\t<meta property=\"og:image:height\" content=\"1080\" \/>\n\t<meta property=\"og:image:type\" content=\"image\/png\" \/>\n<meta name=\"twitter:card\" content=\"summary_large_image\" \/>\n<meta name=\"twitter:label1\" content=\"Arvioitu lukuaika\" \/>\n\t<meta name=\"twitter:data1\" content=\"2 minuuttia\" \/>\n<script type=\"application\/ld+json\" class=\"yoast-schema-graph\">{\"@context\":\"https:\\\/\\\/schema.org\",\"@graph\":[{\"@type\":\"WebPage\",\"@id\":\"https:\\\/\\\/teknologiateollisuus.fi\\\/jasenille\\\/palvelut\\\/tyosuhdepalvelut\\\/tyoelama-teknologia-alalla\\\/tuottavuus-ja-hyvinvointi\\\/luova-tyoelama-2030\\\/\",\"url\":\"https:\\\/\\\/teknologiateollisuus.fi\\\/jasenille\\\/palvelut\\\/tyosuhdepalvelut\\\/tyoelama-teknologia-alalla\\\/tuottavuus-ja-hyvinvointi\\\/luova-tyoelama-2030\\\/\",\"name\":\"Luova Ty\u00f6el\u00e4m\u00e4 2030 - Teknologiateollisuus - J\u00e4senille\",\"isPartOf\":{\"@id\":\"https:\\\/\\\/teknologiateollisuus.fi\\\/jasenille\\\/#website\"},\"primaryImageOfPage\":{\"@id\":\"https:\\\/\\\/teknologiateollisuus.fi\\\/jasenille\\\/palvelut\\\/tyosuhdepalvelut\\\/tyoelama-teknologia-alalla\\\/tuottavuus-ja-hyvinvointi\\\/luova-tyoelama-2030\\\/#primaryimage\"},\"image\":{\"@id\":\"https:\\\/\\\/teknologiateollisuus.fi\\\/jasenille\\\/palvelut\\\/tyosuhdepalvelut\\\/tyoelama-teknologia-alalla\\\/tuottavuus-ja-hyvinvointi\\\/luova-tyoelama-2030\\\/#primaryimage\"},\"thumbnailUrl\":\"https:\\\/\\\/teknologiateollisuus.fi\\\/jasenille\\\/wp-content\\\/uploads\\\/sites\\\/1\\\/2024\\\/01\\\/LTE2030_somekuva-800x800.png\",\"datePublished\":\"2023-12-11T12:02:23+00:00\",\"dateModified\":\"2025-07-18T12:14:31+00:00\",\"breadcrumb\":{\"@id\":\"https:\\\/\\\/teknologiateollisuus.fi\\\/jasenille\\\/palvelut\\\/tyosuhdepalvelut\\\/tyoelama-teknologia-alalla\\\/tuottavuus-ja-hyvinvointi\\\/luova-tyoelama-2030\\\/#breadcrumb\"},\"inLanguage\":\"fi\",\"potentialAction\":[{\"@type\":\"ReadAction\",\"target\":[\"https:\\\/\\\/teknologiateollisuus.fi\\\/jasenille\\\/palvelut\\\/tyosuhdepalvelut\\\/tyoelama-teknologia-alalla\\\/tuottavuus-ja-hyvinvointi\\\/luova-tyoelama-2030\\\/\"]}]},{\"@type\":\"ImageObject\",\"inLanguage\":\"fi\",\"@id\":\"https:\\\/\\\/teknologiateollisuus.fi\\\/jasenille\\\/palvelut\\\/tyosuhdepalvelut\\\/tyoelama-teknologia-alalla\\\/tuottavuus-ja-hyvinvointi\\\/luova-tyoelama-2030\\\/#primaryimage\",\"url\":\"https:\\\/\\\/teknologiateollisuus.fi\\\/jasenille\\\/wp-content\\\/uploads\\\/sites\\\/1\\\/2024\\\/01\\\/LTE2030_somekuva.png\",\"contentUrl\":\"https:\\\/\\\/teknologiateollisuus.fi\\\/jasenille\\\/wp-content\\\/uploads\\\/sites\\\/1\\\/2024\\\/01\\\/LTE2030_somekuva.png\",\"width\":1080,\"height\":1080},{\"@type\":\"BreadcrumbList\",\"@id\":\"https:\\\/\\\/teknologiateollisuus.fi\\\/jasenille\\\/palvelut\\\/tyosuhdepalvelut\\\/tyoelama-teknologia-alalla\\\/tuottavuus-ja-hyvinvointi\\\/luova-tyoelama-2030\\\/#breadcrumb\",\"itemListElement\":[{\"@type\":\"ListItem\",\"position\":1,\"name\":\"Home\",\"item\":\"https:\\\/\\\/teknologiateollisuus.fi\\\/jasenille\\\/\"},{\"@type\":\"ListItem\",\"position\":2,\"name\":\"Palvelut\",\"item\":\"https:\\\/\\\/teknologiateollisuus.fi\\\/jasenille\\\/palvelut\\\/\"},{\"@type\":\"ListItem\",\"position\":3,\"name\":\"Ty\u00f6suhdepalvelut\",\"item\":\"https:\\\/\\\/teknologiateollisuus.fi\\\/jasenille\\\/palvelut\\\/tyosuhdepalvelut\\\/\"},{\"@type\":\"ListItem\",\"position\":4,\"name\":\"Ty\u00f6el\u00e4m\u00e4\",\"item\":\"https:\\\/\\\/teknologiateollisuus.fi\\\/jasenille\\\/palvelut\\\/tyosuhdepalvelut\\\/tyoelama-teknologia-alalla\\\/\"},{\"@type\":\"ListItem\",\"position\":5,\"name\":\"Tuottavuus ja hyvinvointi\",\"item\":\"https:\\\/\\\/teknologiateollisuus.fi\\\/jasenille\\\/palvelut\\\/tyosuhdepalvelut\\\/tyoelama-teknologia-alalla\\\/tuottavuus-ja-hyvinvointi\\\/\"},{\"@type\":\"ListItem\",\"position\":6,\"name\":\"Luova Ty\u00f6el\u00e4m\u00e4 2030\"}]},{\"@type\":\"WebSite\",\"@id\":\"https:\\\/\\\/teknologiateollisuus.fi\\\/jasenille\\\/#website\",\"url\":\"https:\\\/\\\/teknologiateollisuus.fi\\\/jasenille\\\/\",\"name\":\"Teknologiateollisuus - J\u00e4senille\",\"description\":\"\",\"publisher\":{\"@id\":\"https:\\\/\\\/teknologiateollisuus.fi\\\/jasenille\\\/#organization\"},\"potentialAction\":[{\"@type\":\"SearchAction\",\"target\":{\"@type\":\"EntryPoint\",\"urlTemplate\":\"https:\\\/\\\/teknologiateollisuus.fi\\\/jasenille\\\/?s={search_term_string}\"},\"query-input\":{\"@type\":\"PropertyValueSpecification\",\"valueRequired\":true,\"valueName\":\"search_term_string\"}}],\"inLanguage\":\"fi\"},{\"@type\":\"Organization\",\"@id\":\"https:\\\/\\\/teknologiateollisuus.fi\\\/jasenille\\\/#organization\",\"name\":\"Teknologiateollisuus - J\u00e4senille\",\"url\":\"https:\\\/\\\/teknologiateollisuus.fi\\\/jasenille\\\/\",\"logo\":{\"@type\":\"ImageObject\",\"inLanguage\":\"fi\",\"@id\":\"https:\\\/\\\/teknologiateollisuus.fi\\\/jasenille\\\/#\\\/schema\\\/logo\\\/image\\\/\",\"url\":\"https:\\\/\\\/teknologiateollisuus.fi\\\/jasenille\\\/wp-content\\\/uploads\\\/sites\\\/1\\\/2023\\\/10\\\/placeholder.png\",\"contentUrl\":\"https:\\\/\\\/teknologiateollisuus.fi\\\/jasenille\\\/wp-content\\\/uploads\\\/sites\\\/1\\\/2023\\\/10\\\/placeholder.png\",\"width\":2560,\"height\":1920,\"caption\":\"Teknologiateollisuus - J\u00e4senille\"},\"image\":{\"@id\":\"https:\\\/\\\/teknologiateollisuus.fi\\\/jasenille\\\/#\\\/schema\\\/logo\\\/image\\\/\"}}]}<\/script>\n<!-- \/ Yoast SEO Premium plugin. -->","yoast_head_json":{"title":"Luova Ty\u00f6el\u00e4m\u00e4 2030 - Teknologiateollisuus - J\u00e4senille","robots":{"index":"index","follow":"follow","max-snippet":"max-snippet:-1","max-image-preview":"max-image-preview:large","max-video-preview":"max-video-preview:-1"},"canonical":"https:\/\/teknologiateollisuus.fi\/jasenille\/palvelut\/tyosuhdepalvelut\/tyoelama-teknologia-alalla\/tuottavuus-ja-hyvinvointi\/luova-tyoelama-2030\/","og_locale":"fi_FI","og_type":"article","og_title":"Luova Ty\u00f6el\u00e4m\u00e4 2030","og_description":"Mik\u00e4 merkitys luovuudella on yrityksille? raportit Yritysten kokemuksia yhdess\u00e4 paketissa Teknologiateollisuus ry osallistui syksyll\u00e4 2022 Suomen Markkinointiliiton johtamaan&nbsp;LUOVA TY\u00d6EL\u00c4M\u00c4 2030&nbsp;-hankkeeseen, joka oli osa Marinin hallituksen TY\u00d62030-ohjelmaa. Hankkeeseen osallistui 16 organisaatiota ja yli 600 ty\u00f6ntekij\u00e4\u00e4 eri toimialoilta. Mukana oli my\u00f6s Teknologiateollisuus ry:n j\u00e4senyrityksi\u00e4.&nbsp; Hanke on vahvistanut suomalaisten organisaatioiden ja yksil\u00f6iden ymm\u00e4rryst\u00e4 luovuudesta, sen monimuotoisuudesta ja mahdollisuuksista. [&hellip;]","og_url":"https:\/\/teknologiateollisuus.fi\/jasenille\/palvelut\/tyosuhdepalvelut\/tyoelama-teknologia-alalla\/tuottavuus-ja-hyvinvointi\/luova-tyoelama-2030\/","og_site_name":"Teknologiateollisuus - J\u00e4senille","article_modified_time":"2025-07-18T12:14:31+00:00","og_image":[{"width":1080,"height":1080,"url":"https:\/\/teknologiateollisuus.fi\/jasenille\/wp-content\/uploads\/sites\/1\/2024\/01\/LTE2030_somekuva.png","type":"image\/png"}],"twitter_card":"summary_large_image","twitter_misc":{"Arvioitu lukuaika":"2 minuuttia"},"schema":{"@context":"https:\/\/schema.org","@graph":[{"@type":"WebPage","@id":"https:\/\/teknologiateollisuus.fi\/jasenille\/palvelut\/tyosuhdepalvelut\/tyoelama-teknologia-alalla\/tuottavuus-ja-hyvinvointi\/luova-tyoelama-2030\/","url":"https:\/\/teknologiateollisuus.fi\/jasenille\/palvelut\/tyosuhdepalvelut\/tyoelama-teknologia-alalla\/tuottavuus-ja-hyvinvointi\/luova-tyoelama-2030\/","name":"Luova Ty\u00f6el\u00e4m\u00e4 2030 - Teknologiateollisuus - J\u00e4senille","isPartOf":{"@id":"https:\/\/teknologiateollisuus.fi\/jasenille\/#website"},"primaryImageOfPage":{"@id":"https:\/\/teknologiateollisuus.fi\/jasenille\/palvelut\/tyosuhdepalvelut\/tyoelama-teknologia-alalla\/tuottavuus-ja-hyvinvointi\/luova-tyoelama-2030\/#primaryimage"},"image":{"@id":"https:\/\/teknologiateollisuus.fi\/jasenille\/palvelut\/tyosuhdepalvelut\/tyoelama-teknologia-alalla\/tuottavuus-ja-hyvinvointi\/luova-tyoelama-2030\/#primaryimage"},"thumbnailUrl":"https:\/\/teknologiateollisuus.fi\/jasenille\/wp-content\/uploads\/sites\/1\/2024\/01\/LTE2030_somekuva-800x800.png","datePublished":"2023-12-11T12:02:23+00:00","dateModified":"2025-07-18T12:14:31+00:00","breadcrumb":{"@id":"https:\/\/teknologiateollisuus.fi\/jasenille\/palvelut\/tyosuhdepalvelut\/tyoelama-teknologia-alalla\/tuottavuus-ja-hyvinvointi\/luova-tyoelama-2030\/#breadcrumb"},"inLanguage":"fi","potentialAction":[{"@type":"ReadAction","target":["https:\/\/teknologiateollisuus.fi\/jasenille\/palvelut\/tyosuhdepalvelut\/tyoelama-teknologia-alalla\/tuottavuus-ja-hyvinvointi\/luova-tyoelama-2030\/"]}]},{"@type":"ImageObject","inLanguage":"fi","@id":"https:\/\/teknologiateollisuus.fi\/jasenille\/palvelut\/tyosuhdepalvelut\/tyoelama-teknologia-alalla\/tuottavuus-ja-hyvinvointi\/luova-tyoelama-2030\/#primaryimage","url":"https:\/\/teknologiateollisuus.fi\/jasenille\/wp-content\/uploads\/sites\/1\/2024\/01\/LTE2030_somekuva.png","contentUrl":"https:\/\/teknologiateollisuus.fi\/jasenille\/wp-content\/uploads\/sites\/1\/2024\/01\/LTE2030_somekuva.png","width":1080,"height":1080},{"@type":"BreadcrumbList","@id":"https:\/\/teknologiateollisuus.fi\/jasenille\/palvelut\/tyosuhdepalvelut\/tyoelama-teknologia-alalla\/tuottavuus-ja-hyvinvointi\/luova-tyoelama-2030\/#breadcrumb","itemListElement":[{"@type":"ListItem","position":1,"name":"Home","item":"https:\/\/teknologiateollisuus.fi\/jasenille\/"},{"@type":"ListItem","position":2,"name":"Palvelut","item":"https:\/\/teknologiateollisuus.fi\/jasenille\/palvelut\/"},{"@type":"ListItem","position":3,"name":"Ty\u00f6suhdepalvelut","item":"https:\/\/teknologiateollisuus.fi\/jasenille\/palvelut\/tyosuhdepalvelut\/"},{"@type":"ListItem","position":4,"name":"Ty\u00f6el\u00e4m\u00e4","item":"https:\/\/teknologiateollisuus.fi\/jasenille\/palvelut\/tyosuhdepalvelut\/tyoelama-teknologia-alalla\/"},{"@type":"ListItem","position":5,"name":"Tuottavuus ja hyvinvointi","item":"https:\/\/teknologiateollisuus.fi\/jasenille\/palvelut\/tyosuhdepalvelut\/tyoelama-teknologia-alalla\/tuottavuus-ja-hyvinvointi\/"},{"@type":"ListItem","position":6,"name":"Luova Ty\u00f6el\u00e4m\u00e4 2030"}]},{"@type":"WebSite","@id":"https:\/\/teknologiateollisuus.fi\/jasenille\/#website","url":"https:\/\/teknologiateollisuus.fi\/jasenille\/","name":"Teknologiateollisuus - J\u00e4senille","description":"","publisher":{"@id":"https:\/\/teknologiateollisuus.fi\/jasenille\/#organization"},"potentialAction":[{"@type":"SearchAction","target":{"@type":"EntryPoint","urlTemplate":"https:\/\/teknologiateollisuus.fi\/jasenille\/?s={search_term_string}"},"query-input":{"@type":"PropertyValueSpecification","valueRequired":true,"valueName":"search_term_string"}}],"inLanguage":"fi"},{"@type":"Organization","@id":"https:\/\/teknologiateollisuus.fi\/jasenille\/#organization","name":"Teknologiateollisuus - J\u00e4senille","url":"https:\/\/teknologiateollisuus.fi\/jasenille\/","logo":{"@type":"ImageObject","inLanguage":"fi","@id":"https:\/\/teknologiateollisuus.fi\/jasenille\/#\/schema\/logo\/image\/","url":"https:\/\/teknologiateollisuus.fi\/jasenille\/wp-content\/uploads\/sites\/1\/2023\/10\/placeholder.png","contentUrl":"https:\/\/teknologiateollisuus.fi\/jasenille\/wp-content\/uploads\/sites\/1\/2023\/10\/placeholder.png","width":2560,"height":1920,"caption":"Teknologiateollisuus - J\u00e4senille"},"image":{"@id":"https:\/\/teknologiateollisuus.fi\/jasenille\/#\/schema\/logo\/image\/"}}]}},"lang":"fi","translations":{"fi":1191},"pll_sync_post":[],"_links":{"self":[{"href":"https:\/\/teknologiateollisuus.fi\/jasenille\/wp-json\/wp\/v2\/pages\/1191","targetHints":{"allow":["GET"]}}],"collection":[{"href":"https:\/\/teknologiateollisuus.fi\/jasenille\/wp-json\/wp\/v2\/pages"}],"about":[{"href":"https:\/\/teknologiateollisuus.fi\/jasenille\/wp-json\/wp\/v2\/types\/page"}],"author":[{"embeddable":true,"href":"https:\/\/teknologiateollisuus.fi\/jasenille\/wp-json\/wp\/v2\/users\/11"}],"replies":[{"embeddable":true,"href":"https:\/\/teknologiateollisuus.fi\/jasenille\/wp-json\/wp\/v2\/comments?post=1191"}],"version-history":[{"count":17,"href":"https:\/\/teknologiateollisuus.fi\/jasenille\/wp-json\/wp\/v2\/pages\/1191\/revisions"}],"predecessor-version":[{"id":27353,"href":"https:\/\/teknologiateollisuus.fi\/jasenille\/wp-json\/wp\/v2\/pages\/1191\/revisions\/27353"}],"up":[{"embeddable":true,"href":"https:\/\/teknologiateollisuus.fi\/jasenille\/wp-json\/wp\/v2\/pages\/25387"}],"wp:attachment":[{"href":"https:\/\/teknologiateollisuus.fi\/jasenille\/wp-json\/wp\/v2\/media?parent=1191"}],"curies":[{"name":"wp","href":"https:\/\/api.w.org\/{rel}","templated":true}]}}