{"id":16704,"date":"2024-11-27T15:07:14","date_gmt":"2024-11-27T13:07:14","guid":{"rendered":"https:\/\/teknologiateollisuus.fi\/jasenille\/?page_id=16704"},"modified":"2025-07-15T10:32:46","modified_gmt":"2025-07-15T07:32:46","slug":"rahoitusta-tekoalyhankkeisiin","status":"publish","type":"page","link":"https:\/\/teknologiateollisuus.fi\/jasenille\/palvelut\/kasvupalvelut\/digitalisaatio-ja-tekoaly\/rahoitusta-tekoalyhankkeisiin\/","title":{"rendered":"Rahoitusta teko\u00e4lyhankkeisiin"},"content":{"rendered":"\n<div class=\"em-block-hero hero-has-background-color has-background has-black-background-color collapse  \">\n\t<div class=\"em-block-hero__container\">\n\t\t<div class=\"em-block-hero__content\">\n\t\t\t<div class=\"yoast-breadcrumbs\"><span><span><a href=\"https:\/\/teknologiateollisuus.fi\/jasenille\/\">Home<\/a><\/span> <span class=\"separator\"><\/span> <span><a href=\"https:\/\/teknologiateollisuus.fi\/jasenille\/palvelut\/\">Palvelut<\/a><\/span> <span class=\"separator\"><\/span> <span><a href=\"https:\/\/teknologiateollisuus.fi\/jasenille\/palvelut\/kasvupalvelut\/\">Kasvupalvelut<\/a><\/span> <span class=\"separator\"><\/span> <span><a href=\"https:\/\/teknologiateollisuus.fi\/jasenille\/palvelut\/kasvupalvelut\/digitalisaatio-ja-tekoaly\/\">Digitalisaatio ja teko\u00e4ly<\/a><\/span> <span class=\"separator\"><\/span> <span class=\"breadcrumb_last\" aria-current=\"page\">Rahoitusta teko\u00e4lyhankkeisiin<\/span><\/span><\/div>\t\t\t\n<h1 class=\"wp-block-heading\" id=\"h-rahoitusta-tekoalyhankkeisiin\">Rahoitusta teko\u00e4lyhankkeisiin<\/h1>\n\t\t\t<div class=\"em-block-hero__modified-date\"> P\u00e4ivitetty 15.07.2025 klo 10:32<\/div>\t\t<\/div>\n\t\t\t\t\t<figure class=\"em-block-hero__image\">\n\t\t\t\t\t\t\t<\/figure>\n\t\t\t<\/div>\n<\/div>\n\n\n\n<p>Teknologiateollisuus ry investoi marraskuussa 2023 kymmenen miljoonaa euroa teko\u00e4lyn hy\u00f6dynt\u00e4misen vauhdittamiseen Suomessa. <a href=\"https:\/\/teknologiateollisuus.fi\/teknologiateollisuus-kohdentaa-tekoalypanostustaan-uudelleen\/\">Huhtikuussa 2025 investointia suunnattiin osittain uudelleen<\/a>, jotta se olisi entist\u00e4 kattavammin yritysten hy\u00f6dynnett\u00e4viss\u00e4.<br><br>Teknologiateollisuuden j\u00e4senyritykset voivat hy\u00f6ty\u00e4 investoinnista seuraavasti:<\/p>\n\n\n\n<div class=\"wp-block-scb-columns scb-columns has-2-column-layout--33-66 has-mobile-behavior--stacked has-auto-fit\">\n<div class=\"wp-block-scb-column scb-column is-scale-cover\">\n<h4 class=\"wp-block-heading\" id=\"h-siemenrahoitusta-yrityksen-tekoalyyn-liittyvaan-kehittamis-tai-kayttoonottohankkeeseen\" id=\"siemenrahoitusta-yrityksen-tekoalyyn-liittyvaan-kehittamis-tai-kayttoonottohankkeeseen\">Siemenrahoitusta yrityksen teko\u00e4lyyn liittyv\u00e4\u00e4n kehitt\u00e4mis- tai k\u00e4ytt\u00f6\u00f6nottohankkeeseen<\/h4>\n<\/div>\n\n\n\n<div class=\"wp-block-scb-column scb-column is-scale-cover\">\n<p>Yhden yrityksen saama rahoitus on enint\u00e4\u00e4n 15 prosenttia yritykselle hankkeesta koituneista hyv\u00e4ksytt\u00e4vist\u00e4 kustannuksista, kuitenkin korkeintaan 50 000 euroa per hanke.<\/p>\n\n\n\n<div class=\"wp-block-buttons is-layout-flex wp-block-buttons-is-layout-flex\">\n<div class=\"wp-block-button icon-right is-style-outline is-style-outline--2\"><a class=\"wp-block-button__link wp-element-button\" href=\"https:\/\/teknologiateollisuus.fi\/fi\/siemenrahoitus-teknologiateollisuuden-jasenyritysten-tekoalyhankkeisiin\">Lue lis\u00e4\u00e4 ja hae rahoitusta<\/a><\/div>\n<\/div>\n<\/div>\n<\/div>\n\n\n\n<div class=\"wp-block-scb-columns scb-columns has-2-column-layout--33-66 has-mobile-behavior--stacked has-auto-fit\">\n<div class=\"wp-block-scb-column scb-column is-scale-cover\">\n<h4 class=\"wp-block-heading\" id=\"h-siemenrahoitusta-yrityksen-tekoalyyn-liittyvan-kehittamishankkeen-valmistelevaan-vaiheeseen\" id=\"siemenrahoitusta-yrityksen-tekoalyyn-liittyvan-kehittamishankkeen-valmistelevaan-vaiheeseen\">Siemenrahoitusta yrityksen teko\u00e4lyyn liittyv\u00e4n kehitt\u00e4mishankkeen valmistelevaan vaiheeseen<\/h4>\n<\/div>\n\n\n\n<div class=\"wp-block-scb-column scb-column is-scale-cover\">\n<p>Yhden yrityksen saama rahoitus on enint\u00e4\u00e4n 50 prosenttia yritykselle koituneista hyv\u00e4ksytt\u00e4vist\u00e4 kustannuksista, kuitenkin korkeintaan 15 000 euroa per hanke.<\/p>\n\n\n\n<div class=\"wp-block-buttons is-layout-flex wp-block-buttons-is-layout-flex\">\n<div class=\"wp-block-button icon-right is-style-outline is-style-outline--3\"><a class=\"wp-block-button__link wp-element-button\" href=\"https:\/\/teknologiateollisuus.fi\/ajankohtaista\/hankkeet\/tekoaly\/siemenrahoitus-teknologiateollisuuden-jasenyritysten-tekoalyhankkeiden-valmistelevaan-vaiheeseen\/\">Lue lis\u00e4\u00e4 ja hae rahoitusta<\/a><\/div>\n<\/div>\n<\/div>\n<\/div>\n\n\n\n<div class=\"wp-block-scb-columns scb-columns has-2-column-layout--33-66 has-mobile-behavior--stacked has-auto-fit\">\n<div class=\"wp-block-scb-column scb-column is-scale-cover\">\n<h4 class=\"wp-block-heading\" id=\"h-korkeakouluopiskelija-tekemaan-tekoalyaiheista-lopputyota\" id=\"korkeakouluopiskelija-tekemaan-tekoalyaiheista-lopputyota\">Korkeakouluopiskelija tekem\u00e4\u00e4n teko\u00e4lyaiheista lopputy\u00f6t\u00e4<\/h4>\n<\/div>\n\n\n\n<div class=\"wp-block-scb-column scb-column is-scale-cover\">\n<p>Korkeakouluopiskelijat voivat hakea 20 000 euron apurahaa osana Teknologiateollisuuden j\u00e4senyrityksen teko\u00e4lyprojektia teht\u00e4v\u00e4\u00e4n lopputy\u00f6h\u00f6n. Opiskelija hakee rahoitusta yhteisty\u00f6ss\u00e4 yrityksen kanssa.<\/p>\n\n\n\n<div class=\"wp-block-buttons is-layout-flex wp-block-buttons-is-layout-flex\">\n<div class=\"wp-block-button icon-right is-style-outline is-style-outline--4\"><a class=\"wp-block-button__link wp-element-button\" href=\"https:\/\/techfinland100.fi\/apurahat-ylemman-korkeakoulututkinnon-ai-aiheisiin-lopputoihin\/\">Lue lis\u00e4\u00e4 ja hae rahoitusta<\/a><\/div>\n<\/div>\n<\/div>\n<\/div>\n\n\n\n<div class=\"wp-block-scb-columns scb-columns has-2-column-layout--33-66 has-mobile-behavior--stacked has-auto-fit\">\n<div class=\"wp-block-scb-column scb-column is-scale-cover\">\n<h4 class=\"wp-block-heading\" id=\"h-tekoalytutkijan-palkkaaminen-yritykseen\" id=\"tekoalytutkijan-palkkaaminen-yritykseen\">Teko\u00e4lytutkijan palkkaaminen yritykseen<\/h4>\n<\/div>\n\n\n\n<div class=\"wp-block-scb-column scb-column is-scale-cover\">\n<p>Rahoitus kattaa korkeintaan 50 prosenttia rekrytoitavan tutkijan palkkakuluista suorine sivukuluineen korkeintaan kahden vuoden jaksolta.<\/p>\n\n\n\n<div class=\"wp-block-buttons is-layout-flex wp-block-buttons-is-layout-flex\">\n<div class=\"wp-block-button icon-right is-style-outline is-style-outline--5\"><a class=\"wp-block-button__link wp-element-button\" href=\"https:\/\/teknologiateollisuus.fi\/ajankohtaista\/hankkeet\/tekoaly\/rahoitus-tekoalytutkijoiden-palkkaus\/\">Lue lis\u00e4\u00e4 ja hae rahoitusta<\/a><\/div>\n<\/div>\n<\/div>\n<\/div>\n\n\n\n<div class=\"wp-block-evermade-links em-block-links has-columns-1\">\n<a\n\tclass=\"wp-block-evermade-internal-link em-block-link is-internal   has-subtitle\"\n\thref=\"https:\/\/teknologiateollisuus.fi\/ajankohtaista\/hankkeet\/tekoaly\/\"\n\taria-label=\"Avaa samassa v\u00e4lilehdess\u00e4\"\n\ttarget=\"_self\"\n\trel=\"noopener\"\n>\n\t<div class=\"em-block-link__content\">\n\t\t<span class=\"em-block-link__title\">\n\t\t\tTeknologiateollisuuden teko\u00e4lyhanke ja rahoitusinstrumentit\t\t<\/span>\n\t\t\t\t\t<span class=\"em-block-link__subtitle\">\n\t\t\t\tTutustu rahoitusmahdollisuuksien kokonaisuuteen\t\t\t<\/span>\n\t\t\t<\/div>\n\t\t\t<div class=\"em-block-link__arrow\"><\/div>\n\t\t<div class=\"em-block-link__pressable\"><\/div>\n\t<\/a>\n<\/div>\n\n\n\n<h2 class=\"wp-block-heading has-text-align-left\" id=\"h-osana-investointia-perustettiin-ai-finland-verkosto-organisaatioille\" id=\"osana-investointia-perustettiin-ai-finland-verkosto-organisaatioille\">Osana investointia perustettiin AI Finland -verkosto organisaatioille<\/h2>\n\n\n\n<p>Verkosto kokoaa yhteen teko\u00e4lyst\u00e4 kiinnostuneita yrityksi\u00e4 ja muita toimijoita. Mukaan tuoreeseen verkostoon on ilmoittautunut jo l\u00e4hes 400 yrityst\u00e4. Verkoston tavoitteena on lis\u00e4t\u00e4 teko\u00e4lyn soveltamista ja kehitt\u00e4mist\u00e4 Suomessa.<\/p>\n\n\n\n<div class=\"wp-block-buttons is-layout-flex wp-block-buttons-is-layout-flex\">\n<div class=\"wp-block-button  icon-right\"><a class=\"wp-block-button__link wp-element-button\" href=\"https:\/\/aifinland.fi\/\">Tutustu AI Finlandiin<\/a><\/div>\n<\/div>\n\n\n\n<h2 class=\"wp-block-heading\" id=\"h-videotallenne-ja-materiaalipaketti-rahoitusmahdollisuuksien-tietoiskusta-22-4-2025-nbsp\" id=\"videotallenne-ja-materiaalipaketti-rahoitusmahdollisuuksien-tietoiskusta-22-4-2025\">Videotallenne ja materiaalipaketti rahoitusmahdollisuuksien tietoiskusta 22.4.2025&nbsp;<\/h2>\n\n\n\n<figure class=\"wp-block-embed is-type-video is-provider-vimeo wp-block-embed-vimeo wp-embed-aspect-16-9 wp-has-aspect-ratio\"><div class=\"wp-block-embed__wrapper\">\n<iframe loading=\"lazy\" title=\"Info-webinaari AI-rahoituksen uusista kohdennuksista 22.4.2025\" src=\"https:\/\/player.vimeo.com\/video\/1077858613?dnt=1&amp;app_id=122963\" width=\"500\" height=\"281\" frameborder=\"0\" allow=\"autoplay; fullscreen; picture-in-picture; clipboard-write; encrypted-media; web-share\"><\/iframe>\n<\/div><\/figure>\n\n\n\n<div class=\"wp-block-evermade-links em-block-links has-columns-1\">\n<div data-wp-interactive=\"core\/file\" class=\"wp-block-file\"><a id=\"wp-block-file--media-32203336-ec64-4e7f-9f4b-d0e489f44a33\" href=\"https:\/\/teknologiateollisuus.fi\/jasenille\/wp-content\/uploads\/sites\/1\/2025\/04\/AI_Tietoisku_220425.pdf\">Tietoiskun diat (PDF)<\/a><a href=\"https:\/\/teknologiateollisuus.fi\/jasenille\/wp-content\/uploads\/sites\/1\/2025\/04\/AI_Tietoisku_220425.pdf\" class=\"wp-block-file__button wp-element-button\" download aria-describedby=\"wp-block-file--media-32203336-ec64-4e7f-9f4b-d0e489f44a33\">Lataa<\/a><\/div>\n<\/div>\n\n\n\n<h2 class=\"wp-block-heading\" id=\"h-videotallenne-ja-materiaalipaketti-rahoitusmahdollisuuksien-tietoiskusta-12-3-2024-nbsp\" id=\"videotallenne-ja-materiaalipaketti-rahoitusmahdollisuuksien-tietoiskusta-12-3-2024\">Videotallenne ja materiaalipaketti rahoitusmahdollisuuksien tietoiskusta 12.3.2024&nbsp;<\/h2>\n\n\n\n<figure class=\"wp-block-embed is-type-video is-provider-vimeo wp-block-embed-vimeo wp-embed-aspect-16-9 wp-has-aspect-ratio\"><div class=\"wp-block-embed__wrapper\">\n<iframe loading=\"lazy\" title=\"Tietoisku: Teknologiateollisuuden teko\u00e4lyinvestoinnin mahdollisuudet j\u00e4senyrityksille, opiskelijoille ja yliopistoille\" src=\"https:\/\/player.vimeo.com\/video\/922938394?dnt=1&amp;app_id=122963\" width=\"500\" height=\"281\" frameborder=\"0\" allow=\"autoplay; fullscreen; picture-in-picture; clipboard-write; encrypted-media; web-share\"><\/iframe>\n<\/div><\/figure>\n\n\n\n<div class=\"wp-block-evermade-links em-block-links has-columns-1\">\n<div data-wp-interactive=\"core\/file\" class=\"wp-block-file\"><a id=\"wp-block-file--media-953a87d0-04f1-4c4a-ac76-5b34065f402e\" href=\"https:\/\/teknologiateollisuus.fi\/jasenille\/wp-content\/uploads\/sites\/1\/2024\/08\/Teknologiateollisuus_AI_tietoisku.pdf\">Tietoiskun diat (PDF)<\/a><a href=\"https:\/\/teknologiateollisuus.fi\/jasenille\/wp-content\/uploads\/sites\/1\/2024\/08\/Teknologiateollisuus_AI_tietoisku.pdf\" class=\"wp-block-file__button wp-element-button\" download aria-describedby=\"wp-block-file--media-953a87d0-04f1-4c4a-ac76-5b34065f402e\">Lataa<\/a><\/div>\n<\/div>\n\n\n\n<div class=\"wp-block-scb-columns scb-columns  has-mobile-behavior--stacked has-auto-fit em-pattern-event-contacts\">\n<div class=\"wp-block-scb-column scb-column is-scale-cover\">\n<h2 class=\"wp-block-heading\" id=\"h-lisatiedot\" id=\"lisatiedot\">Lis\u00e4tiedot:<\/h2>\n\n\n\n<article class=\"em-block-contact-card is-style-list\">\n\n\t<div class=\"em-block-contact-card__image\">\n\t\t\t\t\t<img loading=\"lazy\" decoding=\"async\" width=\"300\" height=\"400\" src=\"https:\/\/teknologiateollisuus.fi\/jasenille\/wp-content\/uploads\/2024\/06\/php3mlok1-300x400.jpg\" class=\"attachment-portrait size-portrait\" alt=\"Nainen punaisessa jakussa katsoo kameraan.\" \/>\t\t\t<\/div>\n\t<div class=\"em-block-contact-card__content-wrapper\">\n\t\t<div class=\"em-block-contact-card__content\">\n\t\t\t\t\t\t\t<div class=\"em-block-contact-card__business-units\">\n\t\t\t\t\t\t\t\t\t\t\t<span class=\"em-block-contact-card__business-unit\">Toimialat ja liiketoiminnan jatkuvuus<\/span>\n\t\t\t\t\t\t\t\t\t<\/div>\n\t\t\t\t\t\t<h3 class=\"em-block-contact-card__title\"><a target=\"_self\" href=\"https:\/\/teknologiateollisuus.fi\/?p=1317\">Partanen Karoliina<\/a><\/h3>\n\t\t\t\t\t\t\t<span class=\"em-block-contact-card__job_title\">Johtaja &#8211; AI Finland<\/span>\n\t\t\t\t\t\t\t\t\t\t<span class=\"em-block-contact-card__organisation\">AI Finland ry<\/span>\n\t\t\t\t\t<\/div>\n\t\t<div class=\"em-block-contact-card__content\">\n\t\t\t\t\t\t<address class=\"em-block-contact-card__contact-details\">\n\t\t\t\t\t\t\t\t\t<span class=\"em-block-contact-card__phone\">\n\t\t\t\t\t\t<a href=\"tel:+358 40 823 7434\">+358 40 823 7434<\/a><\/a>\n\t\t\t\t\t<\/span>\n\t\t\t\t\t\t\t\t\t\t\t\t\t<span class=\"em-block-contact-card__email\">\n\t\t\t\t\t\t<a href=\"mailto:karoliina.partanen@aifinland.fi\">karoliina.partanen@aifinland.fi<\/a><\/a>\n\t\t\t\t\t<\/span>\n\t\t\t\t\t\t\t<\/address>\n\t\t\t\t\t<\/div>\n\t<\/div>\n\n<\/article>\n\n\n\n<p><strong>K\u00e4yt\u00e4nn\u00f6n kysymykset rahoitusinstrumenteista:<\/strong> <a href=\"mailto:ai@teknologiateollisuus.fi\">ai@teknologiateollisuus.fi<\/a><\/p>\n<\/div>\n<\/div>\n","protected":false},"excerpt":{"rendered":"<p>Teknologiateollisuus ry investoi marraskuussa 2023 kymmenen miljoonaa euroa teko\u00e4lyn hy\u00f6dynt\u00e4misen vauhdittamiseen Suomessa. Huhtikuussa 2025 investointia suunnattiin osittain uudelleen, jotta se olisi entist\u00e4 kattavammin yritysten hy\u00f6dynnett\u00e4viss\u00e4. Teknologiateollisuuden j\u00e4senyritykset voivat hy\u00f6ty\u00e4 investoinnista seuraavasti: Osana investointia perustettiin AI Finland -verkosto organisaatioille Verkosto kokoaa yhteen teko\u00e4lyst\u00e4 kiinnostuneita yrityksi\u00e4 ja muita toimijoita. Mukaan tuoreeseen verkostoon on ilmoittautunut jo l\u00e4hes 400 [&hellip;]<\/p>\n","protected":false},"author":46,"featured_media":0,"parent":8018,"menu_order":7,"comment_status":"closed","ping_status":"closed","template":"","meta":{"_acf_changed":false,"_relevanssi_hide_post":"","_relevanssi_hide_content":"","_relevanssi_pin_for_all":"","_relevanssi_pin_keywords":"","_relevanssi_unpin_keywords":"","_relevanssi_related_keywords":"","_relevanssi_related_include_ids":"","_relevanssi_related_exclude_ids":"","_relevanssi_related_no_append":"","_relevanssi_related_not_related":"","_relevanssi_related_posts":"6453,5808,5748,5727,6520,6099","_relevanssi_noindex_reason":"","inline_featured_image":false,"growthstack-ab-test":[],"growthstack-ab-test-views":[],"footnotes":""},"class_list":["post-16704","page","type-page","status-publish","hentry"],"acf":{"is_store_related":false,"locked":false},"yoast_head":"<!-- This site is optimized with the Yoast SEO Premium plugin v27.1 (Yoast SEO v27.4) - https:\/\/yoast.com\/product\/yoast-seo-premium-wordpress\/ -->\n<title>Rahoitusta teko\u00e4lyhankkeisiin - Teknologiateollisuus - J\u00e4senille<\/title>\n<meta name=\"robots\" content=\"index, follow, max-snippet:-1, max-image-preview:large, max-video-preview:-1\" \/>\n<link rel=\"canonical\" href=\"https:\/\/teknologiateollisuus.fi\/jasenille\/palvelut\/kasvupalvelut\/digitalisaatio-ja-tekoaly\/rahoitusta-tekoalyhankkeisiin\/\" \/>\n<meta property=\"og:locale\" content=\"fi_FI\" \/>\n<meta property=\"og:type\" content=\"article\" \/>\n<meta property=\"og:title\" content=\"Rahoitusta teko\u00e4lyhankkeisiin\" \/>\n<meta property=\"og:description\" content=\"Teknologiateollisuus ry investoi marraskuussa 2023 kymmenen miljoonaa euroa teko\u00e4lyn hy\u00f6dynt\u00e4misen vauhdittamiseen Suomessa. Huhtikuussa 2025 investointia suunnattiin osittain uudelleen, jotta se olisi entist\u00e4 kattavammin yritysten hy\u00f6dynnett\u00e4viss\u00e4. Teknologiateollisuuden j\u00e4senyritykset voivat hy\u00f6ty\u00e4 investoinnista seuraavasti: Osana investointia perustettiin AI Finland -verkosto organisaatioille Verkosto kokoaa yhteen teko\u00e4lyst\u00e4 kiinnostuneita yrityksi\u00e4 ja muita toimijoita. Mukaan tuoreeseen verkostoon on ilmoittautunut jo l\u00e4hes 400 [&hellip;]\" \/>\n<meta property=\"og:url\" content=\"https:\/\/teknologiateollisuus.fi\/jasenille\/palvelut\/kasvupalvelut\/digitalisaatio-ja-tekoaly\/rahoitusta-tekoalyhankkeisiin\/\" \/>\n<meta property=\"og:site_name\" content=\"Teknologiateollisuus - J\u00e4senille\" \/>\n<meta property=\"article:modified_time\" content=\"2025-07-15T07:32:46+00:00\" \/>\n<meta name=\"twitter:card\" content=\"summary_large_image\" \/>\n<meta name=\"twitter:label1\" content=\"Arvioitu lukuaika\" \/>\n\t<meta name=\"twitter:data1\" content=\"2 minuuttia\" \/>\n<script type=\"application\/ld+json\" class=\"yoast-schema-graph\">{\"@context\":\"https:\\\/\\\/schema.org\",\"@graph\":[{\"@type\":\"WebPage\",\"@id\":\"https:\\\/\\\/teknologiateollisuus.fi\\\/jasenille\\\/palvelut\\\/kasvupalvelut\\\/digitalisaatio-ja-tekoaly\\\/rahoitusta-tekoalyhankkeisiin\\\/\",\"url\":\"https:\\\/\\\/teknologiateollisuus.fi\\\/jasenille\\\/palvelut\\\/kasvupalvelut\\\/digitalisaatio-ja-tekoaly\\\/rahoitusta-tekoalyhankkeisiin\\\/\",\"name\":\"Rahoitusta teko\u00e4lyhankkeisiin - Teknologiateollisuus - J\u00e4senille\",\"isPartOf\":{\"@id\":\"https:\\\/\\\/teknologiateollisuus.fi\\\/jasenille\\\/#website\"},\"datePublished\":\"2024-11-27T13:07:14+00:00\",\"dateModified\":\"2025-07-15T07:32:46+00:00\",\"breadcrumb\":{\"@id\":\"https:\\\/\\\/teknologiateollisuus.fi\\\/jasenille\\\/palvelut\\\/kasvupalvelut\\\/digitalisaatio-ja-tekoaly\\\/rahoitusta-tekoalyhankkeisiin\\\/#breadcrumb\"},\"inLanguage\":\"fi\",\"potentialAction\":[{\"@type\":\"ReadAction\",\"target\":[\"https:\\\/\\\/teknologiateollisuus.fi\\\/jasenille\\\/palvelut\\\/kasvupalvelut\\\/digitalisaatio-ja-tekoaly\\\/rahoitusta-tekoalyhankkeisiin\\\/\"]}]},{\"@type\":\"BreadcrumbList\",\"@id\":\"https:\\\/\\\/teknologiateollisuus.fi\\\/jasenille\\\/palvelut\\\/kasvupalvelut\\\/digitalisaatio-ja-tekoaly\\\/rahoitusta-tekoalyhankkeisiin\\\/#breadcrumb\",\"itemListElement\":[{\"@type\":\"ListItem\",\"position\":1,\"name\":\"Home\",\"item\":\"https:\\\/\\\/teknologiateollisuus.fi\\\/jasenille\\\/\"},{\"@type\":\"ListItem\",\"position\":2,\"name\":\"Palvelut\",\"item\":\"https:\\\/\\\/teknologiateollisuus.fi\\\/jasenille\\\/palvelut\\\/\"},{\"@type\":\"ListItem\",\"position\":3,\"name\":\"Kasvupalvelut\",\"item\":\"https:\\\/\\\/teknologiateollisuus.fi\\\/jasenille\\\/palvelut\\\/kasvupalvelut\\\/\"},{\"@type\":\"ListItem\",\"position\":4,\"name\":\"Digitalisaatio ja teko\u00e4ly\",\"item\":\"https:\\\/\\\/teknologiateollisuus.fi\\\/jasenille\\\/palvelut\\\/kasvupalvelut\\\/digitalisaatio-ja-tekoaly\\\/\"},{\"@type\":\"ListItem\",\"position\":5,\"name\":\"Rahoitusta teko\u00e4lyhankkeisiin\"}]},{\"@type\":\"WebSite\",\"@id\":\"https:\\\/\\\/teknologiateollisuus.fi\\\/jasenille\\\/#website\",\"url\":\"https:\\\/\\\/teknologiateollisuus.fi\\\/jasenille\\\/\",\"name\":\"Teknologiateollisuus - J\u00e4senille\",\"description\":\"\",\"publisher\":{\"@id\":\"https:\\\/\\\/teknologiateollisuus.fi\\\/jasenille\\\/#organization\"},\"potentialAction\":[{\"@type\":\"SearchAction\",\"target\":{\"@type\":\"EntryPoint\",\"urlTemplate\":\"https:\\\/\\\/teknologiateollisuus.fi\\\/jasenille\\\/?s={search_term_string}\"},\"query-input\":{\"@type\":\"PropertyValueSpecification\",\"valueRequired\":true,\"valueName\":\"search_term_string\"}}],\"inLanguage\":\"fi\"},{\"@type\":\"Organization\",\"@id\":\"https:\\\/\\\/teknologiateollisuus.fi\\\/jasenille\\\/#organization\",\"name\":\"Teknologiateollisuus - J\u00e4senille\",\"url\":\"https:\\\/\\\/teknologiateollisuus.fi\\\/jasenille\\\/\",\"logo\":{\"@type\":\"ImageObject\",\"inLanguage\":\"fi\",\"@id\":\"https:\\\/\\\/teknologiateollisuus.fi\\\/jasenille\\\/#\\\/schema\\\/logo\\\/image\\\/\",\"url\":\"https:\\\/\\\/teknologiateollisuus.fi\\\/jasenille\\\/wp-content\\\/uploads\\\/sites\\\/1\\\/2023\\\/10\\\/placeholder.png\",\"contentUrl\":\"https:\\\/\\\/teknologiateollisuus.fi\\\/jasenille\\\/wp-content\\\/uploads\\\/sites\\\/1\\\/2023\\\/10\\\/placeholder.png\",\"width\":2560,\"height\":1920,\"caption\":\"Teknologiateollisuus - J\u00e4senille\"},\"image\":{\"@id\":\"https:\\\/\\\/teknologiateollisuus.fi\\\/jasenille\\\/#\\\/schema\\\/logo\\\/image\\\/\"}}]}<\/script>\n<!-- \/ Yoast SEO Premium plugin. -->","yoast_head_json":{"title":"Rahoitusta teko\u00e4lyhankkeisiin - Teknologiateollisuus - J\u00e4senille","robots":{"index":"index","follow":"follow","max-snippet":"max-snippet:-1","max-image-preview":"max-image-preview:large","max-video-preview":"max-video-preview:-1"},"canonical":"https:\/\/teknologiateollisuus.fi\/jasenille\/palvelut\/kasvupalvelut\/digitalisaatio-ja-tekoaly\/rahoitusta-tekoalyhankkeisiin\/","og_locale":"fi_FI","og_type":"article","og_title":"Rahoitusta teko\u00e4lyhankkeisiin","og_description":"Teknologiateollisuus ry investoi marraskuussa 2023 kymmenen miljoonaa euroa teko\u00e4lyn hy\u00f6dynt\u00e4misen vauhdittamiseen Suomessa. Huhtikuussa 2025 investointia suunnattiin osittain uudelleen, jotta se olisi entist\u00e4 kattavammin yritysten hy\u00f6dynnett\u00e4viss\u00e4. Teknologiateollisuuden j\u00e4senyritykset voivat hy\u00f6ty\u00e4 investoinnista seuraavasti: Osana investointia perustettiin AI Finland -verkosto organisaatioille Verkosto kokoaa yhteen teko\u00e4lyst\u00e4 kiinnostuneita yrityksi\u00e4 ja muita toimijoita. Mukaan tuoreeseen verkostoon on ilmoittautunut jo l\u00e4hes 400 [&hellip;]","og_url":"https:\/\/teknologiateollisuus.fi\/jasenille\/palvelut\/kasvupalvelut\/digitalisaatio-ja-tekoaly\/rahoitusta-tekoalyhankkeisiin\/","og_site_name":"Teknologiateollisuus - J\u00e4senille","article_modified_time":"2025-07-15T07:32:46+00:00","twitter_card":"summary_large_image","twitter_misc":{"Arvioitu lukuaika":"2 minuuttia"},"schema":{"@context":"https:\/\/schema.org","@graph":[{"@type":"WebPage","@id":"https:\/\/teknologiateollisuus.fi\/jasenille\/palvelut\/kasvupalvelut\/digitalisaatio-ja-tekoaly\/rahoitusta-tekoalyhankkeisiin\/","url":"https:\/\/teknologiateollisuus.fi\/jasenille\/palvelut\/kasvupalvelut\/digitalisaatio-ja-tekoaly\/rahoitusta-tekoalyhankkeisiin\/","name":"Rahoitusta teko\u00e4lyhankkeisiin - Teknologiateollisuus - J\u00e4senille","isPartOf":{"@id":"https:\/\/teknologiateollisuus.fi\/jasenille\/#website"},"datePublished":"2024-11-27T13:07:14+00:00","dateModified":"2025-07-15T07:32:46+00:00","breadcrumb":{"@id":"https:\/\/teknologiateollisuus.fi\/jasenille\/palvelut\/kasvupalvelut\/digitalisaatio-ja-tekoaly\/rahoitusta-tekoalyhankkeisiin\/#breadcrumb"},"inLanguage":"fi","potentialAction":[{"@type":"ReadAction","target":["https:\/\/teknologiateollisuus.fi\/jasenille\/palvelut\/kasvupalvelut\/digitalisaatio-ja-tekoaly\/rahoitusta-tekoalyhankkeisiin\/"]}]},{"@type":"BreadcrumbList","@id":"https:\/\/teknologiateollisuus.fi\/jasenille\/palvelut\/kasvupalvelut\/digitalisaatio-ja-tekoaly\/rahoitusta-tekoalyhankkeisiin\/#breadcrumb","itemListElement":[{"@type":"ListItem","position":1,"name":"Home","item":"https:\/\/teknologiateollisuus.fi\/jasenille\/"},{"@type":"ListItem","position":2,"name":"Palvelut","item":"https:\/\/teknologiateollisuus.fi\/jasenille\/palvelut\/"},{"@type":"ListItem","position":3,"name":"Kasvupalvelut","item":"https:\/\/teknologiateollisuus.fi\/jasenille\/palvelut\/kasvupalvelut\/"},{"@type":"ListItem","position":4,"name":"Digitalisaatio ja teko\u00e4ly","item":"https:\/\/teknologiateollisuus.fi\/jasenille\/palvelut\/kasvupalvelut\/digitalisaatio-ja-tekoaly\/"},{"@type":"ListItem","position":5,"name":"Rahoitusta teko\u00e4lyhankkeisiin"}]},{"@type":"WebSite","@id":"https:\/\/teknologiateollisuus.fi\/jasenille\/#website","url":"https:\/\/teknologiateollisuus.fi\/jasenille\/","name":"Teknologiateollisuus - J\u00e4senille","description":"","publisher":{"@id":"https:\/\/teknologiateollisuus.fi\/jasenille\/#organization"},"potentialAction":[{"@type":"SearchAction","target":{"@type":"EntryPoint","urlTemplate":"https:\/\/teknologiateollisuus.fi\/jasenille\/?s={search_term_string}"},"query-input":{"@type":"PropertyValueSpecification","valueRequired":true,"valueName":"search_term_string"}}],"inLanguage":"fi"},{"@type":"Organization","@id":"https:\/\/teknologiateollisuus.fi\/jasenille\/#organization","name":"Teknologiateollisuus - J\u00e4senille","url":"https:\/\/teknologiateollisuus.fi\/jasenille\/","logo":{"@type":"ImageObject","inLanguage":"fi","@id":"https:\/\/teknologiateollisuus.fi\/jasenille\/#\/schema\/logo\/image\/","url":"https:\/\/teknologiateollisuus.fi\/jasenille\/wp-content\/uploads\/sites\/1\/2023\/10\/placeholder.png","contentUrl":"https:\/\/teknologiateollisuus.fi\/jasenille\/wp-content\/uploads\/sites\/1\/2023\/10\/placeholder.png","width":2560,"height":1920,"caption":"Teknologiateollisuus - J\u00e4senille"},"image":{"@id":"https:\/\/teknologiateollisuus.fi\/jasenille\/#\/schema\/logo\/image\/"}}]}},"lang":"fi","translations":{"fi":16704},"pll_sync_post":[],"_links":{"self":[{"href":"https:\/\/teknologiateollisuus.fi\/jasenille\/wp-json\/wp\/v2\/pages\/16704","targetHints":{"allow":["GET"]}}],"collection":[{"href":"https:\/\/teknologiateollisuus.fi\/jasenille\/wp-json\/wp\/v2\/pages"}],"about":[{"href":"https:\/\/teknologiateollisuus.fi\/jasenille\/wp-json\/wp\/v2\/types\/page"}],"author":[{"embeddable":true,"href":"https:\/\/teknologiateollisuus.fi\/jasenille\/wp-json\/wp\/v2\/users\/46"}],"replies":[{"embeddable":true,"href":"https:\/\/teknologiateollisuus.fi\/jasenille\/wp-json\/wp\/v2\/comments?post=16704"}],"version-history":[{"count":15,"href":"https:\/\/teknologiateollisuus.fi\/jasenille\/wp-json\/wp\/v2\/pages\/16704\/revisions"}],"predecessor-version":[{"id":27093,"href":"https:\/\/teknologiateollisuus.fi\/jasenille\/wp-json\/wp\/v2\/pages\/16704\/revisions\/27093"}],"up":[{"embeddable":true,"href":"https:\/\/teknologiateollisuus.fi\/jasenille\/wp-json\/wp\/v2\/pages\/8018"}],"wp:attachment":[{"href":"https:\/\/teknologiateollisuus.fi\/jasenille\/wp-json\/wp\/v2\/media?parent=16704"}],"curies":[{"name":"wp","href":"https:\/\/api.w.org\/{rel}","templated":true}]}}