{"id":23533,"date":"2025-01-16T12:32:30","date_gmt":"2025-01-16T10:32:30","guid":{"rendered":"https:\/\/teknologiateollisuus.fi\/jasenille\/?page_id=23533"},"modified":"2025-12-18T09:39:48","modified_gmt":"2025-12-18T07:39:48","slug":"kannanmuodostus","status":"publish","type":"page","link":"https:\/\/teknologiateollisuus.fi\/jasenille\/tietoa-toiminnasta\/kannanmuodostus\/","title":{"rendered":"Kannanmuodostus"},"content":{"rendered":"\n<div class=\"em-block-hero hero-has-background-color has-background has-black-background-color has-image media-position-right \">\n\t<div class=\"em-block-hero__container\">\n\t\t<div class=\"em-block-hero__content\">\n\t\t\t<div class=\"yoast-breadcrumbs\"><span><span><a href=\"https:\/\/teknologiateollisuus.fi\/jasenille\/\">Home<\/a><\/span> <span class=\"separator\"><\/span> <span><a href=\"https:\/\/teknologiateollisuus.fi\/jasenille\/tietoa-toiminnasta\/\">Tietoa toiminnasta<\/a><\/span> <span class=\"separator\"><\/span> <span class=\"breadcrumb_last\" aria-current=\"page\">Kannanmuodostus<\/span><\/span><\/div>\t\t\t<span class=\"locked-content-chip\">J\u00e4senille<\/span>\n<h1 class=\"wp-block-heading\" id=\"h-kannanmuodostus\">Kannanmuodostus<\/h1>\n\t\t\t<div class=\"em-block-hero__modified-date\"> P\u00e4ivitetty 18.12.2025 klo 09:39<\/div>\t\t<\/div>\n\t\t\t\t\t<figure class=\"em-block-hero__image\">\n\t\t\t\t<img loading=\"lazy\" decoding=\"async\" width=\"1044\" height=\"696\" src=\"https:\/\/teknologiateollisuus.fi\/jasenille\/wp-content\/uploads\/sites\/1\/2025\/01\/Eduskuntatalo_pieni_7.jpeg\" class=\"attachment-hero size-hero\" alt=\"Eduskuntatalo aurinkoisella s\u00e4\u00e4ll\u00e4 kuvattuna.\" srcset=\"https:\/\/teknologiateollisuus.fi\/jasenille\/wp-content\/uploads\/sites\/1\/2025\/01\/Eduskuntatalo_pieni_7.jpeg 1044w, https:\/\/teknologiateollisuus.fi\/jasenille\/wp-content\/uploads\/sites\/1\/2025\/01\/Eduskuntatalo_pieni_7-400x267.jpeg 400w, https:\/\/teknologiateollisuus.fi\/jasenille\/wp-content\/uploads\/sites\/1\/2025\/01\/Eduskuntatalo_pieni_7-800x533.jpeg 800w, https:\/\/teknologiateollisuus.fi\/jasenille\/wp-content\/uploads\/sites\/1\/2025\/01\/Eduskuntatalo_pieni_7-768x512.jpeg 768w, https:\/\/teknologiateollisuus.fi\/jasenille\/wp-content\/uploads\/sites\/1\/2025\/01\/Eduskuntatalo_pieni_7-560x373.jpeg 560w, https:\/\/teknologiateollisuus.fi\/jasenille\/wp-content\/uploads\/sites\/1\/2025\/01\/Eduskuntatalo_pieni_7-600x400.jpeg 600w\" sizes=\"auto, (max-width: 1044px) 100vw, 1044px\" \/>\t\t\t<\/figure>\n\t\t\t<\/div>\n<\/div>\n\n\n\n<h2 class=\"wp-block-heading\" id=\"h-mitka-asiat-voivat-olla-teknologiateollisuuden-vaikuttamisen-agendalla-nbsp-nbsp\" id=\"mitka-asiat-voivat-olla-teknologiateollisuuden-vaikuttamisen-agendalla\">Mitk\u00e4 asiat voivat olla Teknologiateollisuuden vaikuttamisen agendalla?&nbsp;&nbsp;<\/h2>\n\n\n\n<p>Yhteiskunnallinen vaikuttaminen on yksi Teknologiateollisuus ry:n perusteht\u00e4v\u00e4 ja keskeinen palvelu j\u00e4senist\u00f6llemme. Vaikutamme j\u00e4sentemme puolesta siihen, ett\u00e4 teknologiayritysten n\u00e4kemykset huomioidaan yhteiskunnallisessa p\u00e4\u00e4t\u00f6ksenteossa Suomen pitk\u00e4aikaisen edun mukaisesti. Vaikutamme Suomessa ja EU:ssa yhdess\u00e4 yritysten ja j\u00e4rjest\u00f6kumppaniemme kanssa.&nbsp;<\/p>\n\n\n\n<p>J\u00e4senten ensisijainen rooli yhteiskunnallisessa vaikuttamisessa on olla muodostamassa Teknologiateollisuus ry:n kantoja. Kanta on asenteen, k\u00e4sityksen, n\u00e4kemyksen tai mielipiteen ilmaisu johonkin Teknologiateollisuuden j\u00e4senyrityksi\u00e4 koskettavaan yhteiskunnalliseen asiaan. J\u00e4senyritysten n\u00e4kemysten pohjalta muodostetun kannan vahvistaa Teknologiateollisuus ry:n hallitus. Teknologiateollisuus ry huolehtii kantojen edist\u00e4misest\u00e4 keskustelemalla poliittisten p\u00e4\u00e4tt\u00e4jien ja virkamiesten kanssa, antamalla lausuntoja, osallistumalla eri ty\u00f6ryhmiin ja kuulemisiin sek\u00e4 viestim\u00e4ll\u00e4 eri kanavissa.\u202f<\/p>\n\n\n\n<p>Kannat, linjaukset ja vaikuttaminen liittyv\u00e4t asioihin, jotka ovat keskeisi\u00e4 merkitt\u00e4v\u00e4lle joukolle j\u00e4senist\u00f6\u00e4. Teknologiateollisuuden hallituksen enemmist\u00f6 voi p\u00e4\u00e4tt\u00e4\u00e4 jonkin uuden asian ottamisesta vaikuttamisagendalle.<\/p>\n\n\n\n<div class=\"wp-block-group is-style-tight has-light-gray-background-color has-background is-layout-constrained wp-block-group-is-layout-constrained\">\n<p class=\"is-style-pre-headline\">Vaikuttaminen<\/p>\n\n\n\n<h3 class=\"wp-block-heading\" id=\"h-kenelle\" id=\"kenelle\">Kenelle?<\/h3>\n\n\n\n<p>J\u00e4senyritysten johdolle ja heid\u00e4n nime\u00e4milleen asiantuntijoille.<\/p>\n\n\n\n<p class=\"is-style-pre-headline\">Kannanmuodostus<\/p>\n\n\n\n<h3 class=\"wp-block-heading\" id=\"h-miten\" id=\"miten\">Miten?<\/h3>\n\n\n\n<p>J\u00e4senyritys voi osallistua kannanmuodostukseen toimimalla:<\/p>\n\n\n\n<ul class=\"wp-block-list\">\n<li><a href=\"https:\/\/teknologiateollisuus.fi\/fi\/teknologiateollisuus\/hallitus-ja-tyoryhmat\">Teknologiateollisuus ry:n hallituksessa<\/a>\u202f(hallitus p\u00e4\u00e4tt\u00e4\u00e4 Teknologiateollisuus ry:n kannat)<\/li>\n\n\n\n<li><a href=\"https:\/\/teknologiateollisuus.fi\/jasenille\/verkostot-ja-tyoryhmat\/tyoryhmat\/\">Ty\u00f6ryhm\u00e4ss\u00e4<\/a> (ty\u00f6ryhm\u00e4n vastuulla olevat asiat)<\/li>\n\n\n\n<li><a href=\"https:\/\/teknologiateollisuus.fi\/jasenille\/verkostot-ja-tyoryhmat\/tyoryhmat\/#yrittajavaliokunta\">Teknologiateollisuus ry:n Yritt\u00e4j\u00e4valiokunnassa<\/a>\u202f(omistajuus\/yritt\u00e4jyys ja PK-asioihin liittyv\u00e4t asiat)<\/li>\n\n\n\n<li><a href=\"https:\/\/teknologiateollisuus.fi\/jasenille\/verkostot-ja-tyoryhmat\/toimialat\/\">Toimialayhdistyksiss\u00e4\u202ftai\u202ftoimialaryhmiss\u00e4<\/a>\u202f(toimialakohtaiset asiat)<\/li>\n\n\n\n<li><a href=\"https:\/\/teknologiateollisuus.fi\/jasenille\/verkostot-ja-tyoryhmat\/aluetoiminta\/#aluejohtokunta\">Aluejohtokunnassa\u202f<\/a>(alueen toimintaymp\u00e4rist\u00f6\u00f6n liittyv\u00e4t asiat)<\/li>\n\n\n\n<li><a href=\"https:\/\/metsta.fi\/\" target=\"_blank\" rel=\"noreferrer noopener\">Metalliteollisuuden standardointiyhdistyksess\u00e4 Metstassa<\/a>\u202f(standardointiin liittyv\u00e4t asiat)<\/li>\n<\/ul>\n<\/div>\n\n\n\n<p class=\" mt-sm\">Teknologiateollisuus ry:ss\u00e4 ty\u00f6skentelee kymmeni\u00e4 yhteiskunnallisen vaikuttamisen ammattilaisia. He tiet\u00e4v\u00e4t, keihin pit\u00e4\u00e4 vaikuttaa, milloin ja mill\u00e4 viestill\u00e4. Heill\u00e4 on syv\u00e4 ymm\u00e4rrys siit\u00e4, miten valmisteleva virkamieskoneisto ja poliittinen p\u00e4\u00e4t\u00f6ksentekokoneisto toimivat ja miten niihin vaikutetaan tehokkaasti.<\/p>\n\n\n\n<div class=\"wp-block-scb-columns scb-columns  has-mobile-behavior--stacked has-auto-fit em-pattern-event-contacts\">\n<div class=\"wp-block-scb-column scb-column is-scale-cover\">\n<h2 class=\"wp-block-heading\" id=\"h-lisatiedot\" id=\"lisatiedot\">Lis\u00e4tiedot:<\/h2>\n\n\n\n<article class=\"em-block-contact-card is-style-list\">\n\n\t<div class=\"em-block-contact-card__image\">\n\t\t\t\t\t<img loading=\"lazy\" decoding=\"async\" width=\"300\" height=\"400\" src=\"https:\/\/teknologiateollisuus.fi\/jasenille\/wp-content\/uploads\/2024\/05\/phpstlzrp.jpg\" class=\"attachment-portrait size-portrait\" alt=\"\" \/>\t\t\t<\/div>\n\t<div class=\"em-block-contact-card__content-wrapper\">\n\t\t<div class=\"em-block-contact-card__content\">\n\t\t\t\t\t\t\t<div class=\"em-block-contact-card__business-units\">\n\t\t\t\t\t\t\t\t\t\t\t<span class=\"em-block-contact-card__business-unit\">Viestint\u00e4, yhteiskuntasuhteet ja j\u00e4senpalvelut<\/span>\n\t\t\t\t\t\t\t\t\t<\/div>\n\t\t\t\t\t\t<h3 class=\"em-block-contact-card__title\"><a target=\"_self\" href=\"https:\/\/teknologiateollisuus.fi\/?p=1178\">Ranki Anna<\/a><\/h3>\n\t\t\t\t\t\t\t<span class=\"em-block-contact-card__job_title\">Johtaja, yhteiskuntasuhteet &#8211; Yhteiskuntasuhteet<\/span>\n\t\t\t\t\t\t\t\t\t\t<span class=\"em-block-contact-card__organisation\">Teknologiateollisuus ry<\/span>\n\t\t\t\t\t<\/div>\n\t\t<div class=\"em-block-contact-card__content\">\n\t\t\t\t\t\t<address class=\"em-block-contact-card__contact-details\">\n\t\t\t\t\t\t\t\t\t<span class=\"em-block-contact-card__phone\">\n\t\t\t\t\t\t<a href=\"tel:+358 503838797\">+358 503838797<\/a><\/a>\n\t\t\t\t\t<\/span>\n\t\t\t\t\t\t\t\t\t\t\t\t\t<span class=\"em-block-contact-card__email\">\n\t\t\t\t\t\t<a href=\"mailto:anna.ranki@teknologiateollisuus.fi\">anna.ranki@teknologiateollisuus.fi<\/a><\/a>\n\t\t\t\t\t<\/span>\n\t\t\t\t\t\t\t<\/address>\n\t\t\t\t\t<\/div>\n\t<\/div>\n\n<\/article>\n<\/div>\n<\/div>\n\n\n","protected":false},"excerpt":{"rendered":"","protected":false},"author":45,"featured_media":0,"parent":28171,"menu_order":7,"comment_status":"closed","ping_status":"closed","template":"","meta":{"_acf_changed":false,"_relevanssi_hide_post":"","_relevanssi_hide_content":"","_relevanssi_pin_for_all":"","_relevanssi_pin_keywords":"","_relevanssi_unpin_keywords":"","_relevanssi_related_keywords":"","_relevanssi_related_include_ids":"","_relevanssi_related_exclude_ids":"","_relevanssi_related_no_append":"","_relevanssi_related_not_related":"","_relevanssi_related_posts":"16721,5380,7236,5826,5767,6099","_relevanssi_noindex_reason":"","inline_featured_image":false,"growthstack-ab-test":[],"growthstack-ab-test-views":[],"footnotes":""},"class_list":["post-23533","page","type-page","status-publish","hentry"],"acf":{"is_store_related":false,"locked":true},"yoast_head":"<!-- This site is optimized with the Yoast SEO Premium plugin v27.1 (Yoast SEO v27.4) - https:\/\/yoast.com\/product\/yoast-seo-premium-wordpress\/ -->\n<title>Kannanmuodostus - Teknologiateollisuus - J\u00e4senille<\/title>\n<meta name=\"description\" content=\"Yhteiskunnallinen vaikuttaminen on yksi Teknologiateollisuus ry:n perusteht\u00e4v\u00e4 ja keskeinen palvelu j\u00e4senist\u00f6llemme. Lue lis\u00e4\u00e4 aiheesta!\" \/>\n<meta name=\"robots\" content=\"index, follow, max-snippet:-1, max-image-preview:large, max-video-preview:-1\" \/>\n<link rel=\"canonical\" href=\"https:\/\/teknologiateollisuus.fi\/jasenille\/tietoa-toiminnasta\/kannanmuodostus\/\" \/>\n<meta property=\"og:locale\" content=\"fi_FI\" \/>\n<meta property=\"og:type\" content=\"article\" \/>\n<meta property=\"og:title\" content=\"Kannanmuodostus\" \/>\n<meta property=\"og:description\" content=\"Yhteiskunnallinen vaikuttaminen on yksi Teknologiateollisuus ry:n perusteht\u00e4v\u00e4 ja keskeinen palvelu j\u00e4senist\u00f6llemme. Lue lis\u00e4\u00e4 aiheesta!\" \/>\n<meta property=\"og:url\" content=\"https:\/\/teknologiateollisuus.fi\/jasenille\/tietoa-toiminnasta\/kannanmuodostus\/\" \/>\n<meta property=\"og:site_name\" content=\"Teknologiateollisuus - J\u00e4senille\" \/>\n<meta property=\"article:modified_time\" content=\"2025-12-18T07:39:48+00:00\" \/>\n<meta property=\"og:image\" content=\"https:\/\/teknologiateollisuus.fi\/jasenille\/wp-content\/uploads\/sites\/1\/2025\/01\/Nimeton-28-1300x731.jpg\" \/>\n<meta name=\"twitter:card\" content=\"summary_large_image\" \/>\n<meta name=\"twitter:label1\" content=\"Arvioitu lukuaika\" \/>\n\t<meta name=\"twitter:data1\" content=\"8 minuuttia\" \/>\n<script type=\"application\/ld+json\" class=\"yoast-schema-graph\">{\"@context\":\"https:\\\/\\\/schema.org\",\"@graph\":[{\"@type\":\"WebPage\",\"@id\":\"https:\\\/\\\/teknologiateollisuus.fi\\\/jasenille\\\/tietoa-toiminnasta\\\/kannanmuodostus\\\/\",\"url\":\"https:\\\/\\\/teknologiateollisuus.fi\\\/jasenille\\\/tietoa-toiminnasta\\\/kannanmuodostus\\\/\",\"name\":\"Kannanmuodostus - Teknologiateollisuus - J\u00e4senille\",\"isPartOf\":{\"@id\":\"https:\\\/\\\/teknologiateollisuus.fi\\\/jasenille\\\/#website\"},\"primaryImageOfPage\":{\"@id\":\"https:\\\/\\\/teknologiateollisuus.fi\\\/jasenille\\\/tietoa-toiminnasta\\\/kannanmuodostus\\\/#primaryimage\"},\"image\":{\"@id\":\"https:\\\/\\\/teknologiateollisuus.fi\\\/jasenille\\\/tietoa-toiminnasta\\\/kannanmuodostus\\\/#primaryimage\"},\"thumbnailUrl\":\"https:\\\/\\\/teknologiateollisuus.fi\\\/jasenille\\\/wp-content\\\/uploads\\\/sites\\\/1\\\/2025\\\/01\\\/Nimeton-28-1300x731.jpg\",\"datePublished\":\"2025-01-16T10:32:30+00:00\",\"dateModified\":\"2025-12-18T07:39:48+00:00\",\"description\":\"Yhteiskunnallinen vaikuttaminen on yksi Teknologiateollisuus ry:n perusteht\u00e4v\u00e4 ja keskeinen palvelu j\u00e4senist\u00f6llemme. Lue lis\u00e4\u00e4 aiheesta!\",\"breadcrumb\":{\"@id\":\"https:\\\/\\\/teknologiateollisuus.fi\\\/jasenille\\\/tietoa-toiminnasta\\\/kannanmuodostus\\\/#breadcrumb\"},\"inLanguage\":\"fi\",\"potentialAction\":[{\"@type\":\"ReadAction\",\"target\":[\"https:\\\/\\\/teknologiateollisuus.fi\\\/jasenille\\\/tietoa-toiminnasta\\\/kannanmuodostus\\\/\"]}]},{\"@type\":\"ImageObject\",\"inLanguage\":\"fi\",\"@id\":\"https:\\\/\\\/teknologiateollisuus.fi\\\/jasenille\\\/tietoa-toiminnasta\\\/kannanmuodostus\\\/#primaryimage\",\"url\":\"https:\\\/\\\/teknologiateollisuus.fi\\\/jasenille\\\/wp-content\\\/uploads\\\/sites\\\/1\\\/2025\\\/01\\\/Nimeton-28.jpg\",\"contentUrl\":\"https:\\\/\\\/teknologiateollisuus.fi\\\/jasenille\\\/wp-content\\\/uploads\\\/sites\\\/1\\\/2025\\\/01\\\/Nimeton-28.jpg\",\"width\":1920,\"height\":1080,\"caption\":\"Strategia ja kannat muodostavat vaikuttamisty\u00f6n perustan, inforgaafi.\"},{\"@type\":\"BreadcrumbList\",\"@id\":\"https:\\\/\\\/teknologiateollisuus.fi\\\/jasenille\\\/tietoa-toiminnasta\\\/kannanmuodostus\\\/#breadcrumb\",\"itemListElement\":[{\"@type\":\"ListItem\",\"position\":1,\"name\":\"Home\",\"item\":\"https:\\\/\\\/teknologiateollisuus.fi\\\/jasenille\\\/\"},{\"@type\":\"ListItem\",\"position\":2,\"name\":\"Tietoa toiminnasta\",\"item\":\"https:\\\/\\\/teknologiateollisuus.fi\\\/jasenille\\\/tietoa-toiminnasta\\\/\"},{\"@type\":\"ListItem\",\"position\":3,\"name\":\"Kannanmuodostus\"}]},{\"@type\":\"WebSite\",\"@id\":\"https:\\\/\\\/teknologiateollisuus.fi\\\/jasenille\\\/#website\",\"url\":\"https:\\\/\\\/teknologiateollisuus.fi\\\/jasenille\\\/\",\"name\":\"Teknologiateollisuus - J\u00e4senille\",\"description\":\"\",\"publisher\":{\"@id\":\"https:\\\/\\\/teknologiateollisuus.fi\\\/jasenille\\\/#organization\"},\"potentialAction\":[{\"@type\":\"SearchAction\",\"target\":{\"@type\":\"EntryPoint\",\"urlTemplate\":\"https:\\\/\\\/teknologiateollisuus.fi\\\/jasenille\\\/?s={search_term_string}\"},\"query-input\":{\"@type\":\"PropertyValueSpecification\",\"valueRequired\":true,\"valueName\":\"search_term_string\"}}],\"inLanguage\":\"fi\"},{\"@type\":\"Organization\",\"@id\":\"https:\\\/\\\/teknologiateollisuus.fi\\\/jasenille\\\/#organization\",\"name\":\"Teknologiateollisuus - J\u00e4senille\",\"url\":\"https:\\\/\\\/teknologiateollisuus.fi\\\/jasenille\\\/\",\"logo\":{\"@type\":\"ImageObject\",\"inLanguage\":\"fi\",\"@id\":\"https:\\\/\\\/teknologiateollisuus.fi\\\/jasenille\\\/#\\\/schema\\\/logo\\\/image\\\/\",\"url\":\"https:\\\/\\\/teknologiateollisuus.fi\\\/jasenille\\\/wp-content\\\/uploads\\\/sites\\\/1\\\/2023\\\/10\\\/placeholder.png\",\"contentUrl\":\"https:\\\/\\\/teknologiateollisuus.fi\\\/jasenille\\\/wp-content\\\/uploads\\\/sites\\\/1\\\/2023\\\/10\\\/placeholder.png\",\"width\":2560,\"height\":1920,\"caption\":\"Teknologiateollisuus - J\u00e4senille\"},\"image\":{\"@id\":\"https:\\\/\\\/teknologiateollisuus.fi\\\/jasenille\\\/#\\\/schema\\\/logo\\\/image\\\/\"}}]}<\/script>\n<!-- \/ Yoast SEO Premium plugin. -->","yoast_head_json":{"title":"Kannanmuodostus - Teknologiateollisuus - J\u00e4senille","description":"Yhteiskunnallinen vaikuttaminen on yksi Teknologiateollisuus ry:n perusteht\u00e4v\u00e4 ja keskeinen palvelu j\u00e4senist\u00f6llemme. Lue lis\u00e4\u00e4 aiheesta!","robots":{"index":"index","follow":"follow","max-snippet":"max-snippet:-1","max-image-preview":"max-image-preview:large","max-video-preview":"max-video-preview:-1"},"canonical":"https:\/\/teknologiateollisuus.fi\/jasenille\/tietoa-toiminnasta\/kannanmuodostus\/","og_locale":"fi_FI","og_type":"article","og_title":"Kannanmuodostus","og_description":"Yhteiskunnallinen vaikuttaminen on yksi Teknologiateollisuus ry:n perusteht\u00e4v\u00e4 ja keskeinen palvelu j\u00e4senist\u00f6llemme. Lue lis\u00e4\u00e4 aiheesta!","og_url":"https:\/\/teknologiateollisuus.fi\/jasenille\/tietoa-toiminnasta\/kannanmuodostus\/","og_site_name":"Teknologiateollisuus - J\u00e4senille","article_modified_time":"2025-12-18T07:39:48+00:00","og_image":[{"url":"https:\/\/teknologiateollisuus.fi\/jasenille\/wp-content\/uploads\/sites\/1\/2025\/01\/Nimeton-28-1300x731.jpg","type":"","width":"","height":""}],"twitter_card":"summary_large_image","twitter_misc":{"Arvioitu lukuaika":"8 minuuttia"},"schema":{"@context":"https:\/\/schema.org","@graph":[{"@type":"WebPage","@id":"https:\/\/teknologiateollisuus.fi\/jasenille\/tietoa-toiminnasta\/kannanmuodostus\/","url":"https:\/\/teknologiateollisuus.fi\/jasenille\/tietoa-toiminnasta\/kannanmuodostus\/","name":"Kannanmuodostus - Teknologiateollisuus - J\u00e4senille","isPartOf":{"@id":"https:\/\/teknologiateollisuus.fi\/jasenille\/#website"},"primaryImageOfPage":{"@id":"https:\/\/teknologiateollisuus.fi\/jasenille\/tietoa-toiminnasta\/kannanmuodostus\/#primaryimage"},"image":{"@id":"https:\/\/teknologiateollisuus.fi\/jasenille\/tietoa-toiminnasta\/kannanmuodostus\/#primaryimage"},"thumbnailUrl":"https:\/\/teknologiateollisuus.fi\/jasenille\/wp-content\/uploads\/sites\/1\/2025\/01\/Nimeton-28-1300x731.jpg","datePublished":"2025-01-16T10:32:30+00:00","dateModified":"2025-12-18T07:39:48+00:00","description":"Yhteiskunnallinen vaikuttaminen on yksi Teknologiateollisuus ry:n perusteht\u00e4v\u00e4 ja keskeinen palvelu j\u00e4senist\u00f6llemme. Lue lis\u00e4\u00e4 aiheesta!","breadcrumb":{"@id":"https:\/\/teknologiateollisuus.fi\/jasenille\/tietoa-toiminnasta\/kannanmuodostus\/#breadcrumb"},"inLanguage":"fi","potentialAction":[{"@type":"ReadAction","target":["https:\/\/teknologiateollisuus.fi\/jasenille\/tietoa-toiminnasta\/kannanmuodostus\/"]}]},{"@type":"ImageObject","inLanguage":"fi","@id":"https:\/\/teknologiateollisuus.fi\/jasenille\/tietoa-toiminnasta\/kannanmuodostus\/#primaryimage","url":"https:\/\/teknologiateollisuus.fi\/jasenille\/wp-content\/uploads\/sites\/1\/2025\/01\/Nimeton-28.jpg","contentUrl":"https:\/\/teknologiateollisuus.fi\/jasenille\/wp-content\/uploads\/sites\/1\/2025\/01\/Nimeton-28.jpg","width":1920,"height":1080,"caption":"Strategia ja kannat muodostavat vaikuttamisty\u00f6n perustan, inforgaafi."},{"@type":"BreadcrumbList","@id":"https:\/\/teknologiateollisuus.fi\/jasenille\/tietoa-toiminnasta\/kannanmuodostus\/#breadcrumb","itemListElement":[{"@type":"ListItem","position":1,"name":"Home","item":"https:\/\/teknologiateollisuus.fi\/jasenille\/"},{"@type":"ListItem","position":2,"name":"Tietoa toiminnasta","item":"https:\/\/teknologiateollisuus.fi\/jasenille\/tietoa-toiminnasta\/"},{"@type":"ListItem","position":3,"name":"Kannanmuodostus"}]},{"@type":"WebSite","@id":"https:\/\/teknologiateollisuus.fi\/jasenille\/#website","url":"https:\/\/teknologiateollisuus.fi\/jasenille\/","name":"Teknologiateollisuus - J\u00e4senille","description":"","publisher":{"@id":"https:\/\/teknologiateollisuus.fi\/jasenille\/#organization"},"potentialAction":[{"@type":"SearchAction","target":{"@type":"EntryPoint","urlTemplate":"https:\/\/teknologiateollisuus.fi\/jasenille\/?s={search_term_string}"},"query-input":{"@type":"PropertyValueSpecification","valueRequired":true,"valueName":"search_term_string"}}],"inLanguage":"fi"},{"@type":"Organization","@id":"https:\/\/teknologiateollisuus.fi\/jasenille\/#organization","name":"Teknologiateollisuus - J\u00e4senille","url":"https:\/\/teknologiateollisuus.fi\/jasenille\/","logo":{"@type":"ImageObject","inLanguage":"fi","@id":"https:\/\/teknologiateollisuus.fi\/jasenille\/#\/schema\/logo\/image\/","url":"https:\/\/teknologiateollisuus.fi\/jasenille\/wp-content\/uploads\/sites\/1\/2023\/10\/placeholder.png","contentUrl":"https:\/\/teknologiateollisuus.fi\/jasenille\/wp-content\/uploads\/sites\/1\/2023\/10\/placeholder.png","width":2560,"height":1920,"caption":"Teknologiateollisuus - J\u00e4senille"},"image":{"@id":"https:\/\/teknologiateollisuus.fi\/jasenille\/#\/schema\/logo\/image\/"}}]}},"lang":"fi","translations":{"fi":23533},"pll_sync_post":[],"_links":{"self":[{"href":"https:\/\/teknologiateollisuus.fi\/jasenille\/wp-json\/wp\/v2\/pages\/23533","targetHints":{"allow":["GET"]}}],"collection":[{"href":"https:\/\/teknologiateollisuus.fi\/jasenille\/wp-json\/wp\/v2\/pages"}],"about":[{"href":"https:\/\/teknologiateollisuus.fi\/jasenille\/wp-json\/wp\/v2\/types\/page"}],"author":[{"embeddable":true,"href":"https:\/\/teknologiateollisuus.fi\/jasenille\/wp-json\/wp\/v2\/users\/45"}],"replies":[{"embeddable":true,"href":"https:\/\/teknologiateollisuus.fi\/jasenille\/wp-json\/wp\/v2\/comments?post=23533"}],"version-history":[{"count":16,"href":"https:\/\/teknologiateollisuus.fi\/jasenille\/wp-json\/wp\/v2\/pages\/23533\/revisions"}],"predecessor-version":[{"id":28736,"href":"https:\/\/teknologiateollisuus.fi\/jasenille\/wp-json\/wp\/v2\/pages\/23533\/revisions\/28736"}],"up":[{"embeddable":true,"href":"https:\/\/teknologiateollisuus.fi\/jasenille\/wp-json\/wp\/v2\/pages\/28171"}],"wp:attachment":[{"href":"https:\/\/teknologiateollisuus.fi\/jasenille\/wp-json\/wp\/v2\/media?parent=23533"}],"curies":[{"name":"wp","href":"https:\/\/api.w.org\/{rel}","templated":true}]}}