{"id":25247,"date":"2025-04-03T12:34:34","date_gmt":"2025-04-03T09:34:34","guid":{"rendered":"https:\/\/teknologiateollisuus.fi\/jasenille\/?page_id=25247"},"modified":"2025-07-18T14:45:32","modified_gmt":"2025-07-18T11:45:32","slug":"kyberturvallisuuslaki","status":"publish","type":"page","link":"https:\/\/teknologiateollisuus.fi\/jasenille\/palvelut\/kasvupalvelut\/digitalisaatio-ja-tekoaly\/kyberturvallisuuslaki\/","title":{"rendered":"Kyberturvallisuuslaki"},"content":{"rendered":"\n<div class=\"em-block-hero hero-has-background-color has-background has-black-background-color collapse  \">\n\t<div class=\"em-block-hero__container\">\n\t\t<div class=\"em-block-hero__content\">\n\t\t\t<div class=\"yoast-breadcrumbs\"><span><span><a href=\"https:\/\/teknologiateollisuus.fi\/jasenille\/\">Home<\/a><\/span> <span class=\"separator\"><\/span> <span><a href=\"https:\/\/teknologiateollisuus.fi\/jasenille\/palvelut\/\">Palvelut<\/a><\/span> <span class=\"separator\"><\/span> <span><a href=\"https:\/\/teknologiateollisuus.fi\/jasenille\/palvelut\/kasvupalvelut\/\">Kasvupalvelut<\/a><\/span> <span class=\"separator\"><\/span> <span><a href=\"https:\/\/teknologiateollisuus.fi\/jasenille\/palvelut\/kasvupalvelut\/digitalisaatio-ja-tekoaly\/\">Digitalisaatio ja teko\u00e4ly<\/a><\/span> <span class=\"separator\"><\/span> <span class=\"breadcrumb_last\" aria-current=\"page\">Kyberturvallisuuslaki<\/span><\/span><\/div>\t\t\t\n<h1 class=\"wp-block-heading\" id=\"h-kyberturvallisuuslaki\">Kyberturvallisuuslaki<\/h1>\n\n<p>Kyberturvallisuuslaki koskee useita tuhansia yhteiskunnan toiminnan kannalta merkityksellisi\u00e4 organisaatioita, kuten huoltovarmuusorganisaatioon kuuluvia yrityksi\u00e4 sek\u00e4 niiden ensisijaisia toimittajia.<\/p>\n\t\t\t<div class=\"em-block-hero__modified-date\"> P\u00e4ivitetty 18.07.2025 klo 14:45<\/div>\t\t<\/div>\n\t\t\t\t\t<figure class=\"em-block-hero__image\">\n\t\t\t\t\t\t\t<\/figure>\n\t\t\t<\/div>\n<\/div>\n\n\n\n<h2 class=\"wp-block-heading\" id=\"h-kyberturvallisuuden-saantely\" id=\"kyberturvallisuuden-saantely\">Kyberturvallisuuden s\u00e4\u00e4ntely<\/h2>\n\n\n\n<p>Kyberturvallisuuslaki (NIS2-direktiivin t\u00e4yt\u00e4nt\u00f6\u00f6npanolaki) eli s\u00e4\u00e4d\u00f6s turvallisempien verkko- ja tietoj\u00e4rjestelmien vaatimuksiksi on voimassa koko EU:ssa.<\/p>\n\n\n\n<p>Laki koskee useita tuhansia yhteiskunnan toiminnan kannalta merkityksellisi\u00e4 organisaatioita, kuten huoltovarmuusorganisaatioon kuuluvia yrityksi\u00e4 sek\u00e4 niiden ensisijaisia toimittajia. Kansallinen laki (kyberturvallisuuslaki) tulee voimaan&nbsp;<strong>huhtikuun alussa 2025<\/strong>. Laki sis\u00e4lt\u00e4\u00e4 v\u00e4himm\u00e4istason velvoitteet yrityksille ja julkishallinnon organisaatioille kyberturvallisuuden riskienhallinnasta ja merkitt\u00e4vien poikkeamien raportoinnista. Yrityksill\u00e4 tulee olemaan lain voimaantulosta&nbsp;<strong>kuukausi<\/strong>&nbsp;aikaa ilmoittautua toimijaluetteloon ja&nbsp;<strong>kolme kuukautta<\/strong>&nbsp;aikaa ottaa k\u00e4ytt\u00f6\u00f6n kyberturvallisuuden riskienhallinnan toimintamalli.<\/p>\n\n\n\n<div class=\"wp-block-buttons is-layout-flex wp-block-buttons-is-layout-flex\">\n<div class=\"wp-block-button  icon-right\"><a class=\"wp-block-button__link wp-element-button\" href=\"https:\/\/teknologiateollisuus.fi\/fisc\/kyberala-ry-julkaisi-eun-verkko-ja-tietoturvallisuusdirektiivin-nis2-soveltamisoppaan-laki-voimaan-8-4-2025\/#msdynmkt_trackingcontext=7785b4b4-c290-4547-8c38-101fbaa50000\">K\u00e4yt\u00e4nn\u00f6n soveltamisopas<\/a><\/div>\n<\/div>\n\n\n\n<div class=\"wp-block-scb-columns scb-columns  has-mobile-behavior--stacked has-auto-fit em-pattern-event-contacts\">\n<div class=\"wp-block-scb-column scb-column is-scale-cover\">\n<h2 class=\"wp-block-heading\" id=\"h-lisatiedot\" id=\"lisatiedot\">Lis\u00e4tiedot:<\/h2>\n\n\n\n<article class=\"em-block-contact-card is-style-list\">\n\n\t<div class=\"em-block-contact-card__image\">\n\t\t\t\t\t<img loading=\"lazy\" decoding=\"async\" width=\"300\" height=\"400\" src=\"https:\/\/teknologiateollisuus.fi\/jasenille\/wp-content\/uploads\/2024\/05\/php7zobrq.png\" class=\"attachment-portrait size-portrait\" alt=\"\" \/>\t\t\t<\/div>\n\t<div class=\"em-block-contact-card__content-wrapper\">\n\t\t<div class=\"em-block-contact-card__content\">\n\t\t\t\t\t\t\t<div class=\"em-block-contact-card__business-units\">\n\t\t\t\t\t\t\t\t\t\t\t<span class=\"em-block-contact-card__business-unit\">Toimialat ja liiketoiminnan jatkuvuus<\/span>\n\t\t\t\t\t\t\t\t\t<\/div>\n\t\t\t\t\t\t<h3 class=\"em-block-contact-card__title\"><a target=\"_self\" href=\"https:\/\/teknologiateollisuus.fi\/?p=1211\">Sund Peter<\/a><\/h3>\n\t\t\t\t\t\t\t<span class=\"em-block-contact-card__job_title\">Toimitusjohtaja &#8211; Kyberala<\/span>\n\t\t\t\t\t\t\t\t\t\t<span class=\"em-block-contact-card__organisation\">Kyberala ry<\/span>\n\t\t\t\t\t<\/div>\n\t\t<div class=\"em-block-contact-card__content\">\n\t\t\t\t\t\t<address class=\"em-block-contact-card__contact-details\">\n\t\t\t\t\t\t\t\t\t<span class=\"em-block-contact-card__phone\">\n\t\t\t\t\t\t<a href=\"tel:+358 505650621\">+358 505650621<\/a><\/a>\n\t\t\t\t\t<\/span>\n\t\t\t\t\t\t\t\t\t\t\t\t\t<span class=\"em-block-contact-card__email\">\n\t\t\t\t\t\t<a href=\"mailto:peter.sund@teknologiateollisuus.fi\">peter.sund@teknologiateollisuus.fi<\/a><\/a>\n\t\t\t\t\t<\/span>\n\t\t\t\t\t\t\t<\/address>\n\t\t\t\t\t<\/div>\n\t<\/div>\n\n<\/article>\n<\/div>\n<\/div>\n","protected":false},"excerpt":{"rendered":"<p>Kyberturvallisuuden s\u00e4\u00e4ntely Kyberturvallisuuslaki (NIS2-direktiivin t\u00e4yt\u00e4nt\u00f6\u00f6npanolaki) eli s\u00e4\u00e4d\u00f6s turvallisempien verkko- ja tietoj\u00e4rjestelmien vaatimuksiksi on voimassa koko EU:ssa. Laki koskee useita tuhansia yhteiskunnan toiminnan kannalta merkityksellisi\u00e4 organisaatioita, kuten huoltovarmuusorganisaatioon kuuluvia yrityksi\u00e4 sek\u00e4 niiden ensisijaisia toimittajia. Kansallinen laki (kyberturvallisuuslaki) tulee voimaan&nbsp;huhtikuun alussa 2025. Laki sis\u00e4lt\u00e4\u00e4 v\u00e4himm\u00e4istason velvoitteet yrityksille ja julkishallinnon organisaatioille kyberturvallisuuden riskienhallinnasta ja merkitt\u00e4vien poikkeamien raportoinnista. Yrityksill\u00e4 [&hellip;]<\/p>\n","protected":false},"author":1655,"featured_media":0,"parent":8018,"menu_order":0,"comment_status":"closed","ping_status":"closed","template":"","meta":{"_acf_changed":false,"_relevanssi_hide_post":"","_relevanssi_hide_content":"","_relevanssi_pin_for_all":"","_relevanssi_pin_keywords":"","_relevanssi_unpin_keywords":"","_relevanssi_related_keywords":"","_relevanssi_related_include_ids":"","_relevanssi_related_exclude_ids":"","_relevanssi_related_no_append":"","_relevanssi_related_not_related":"","_relevanssi_related_posts":"24303,23608,5826,7136,5248,16721","_relevanssi_noindex_reason":"","inline_featured_image":false,"growthstack-ab-test":[],"growthstack-ab-test-views":[],"footnotes":""},"class_list":["post-25247","page","type-page","status-publish","hentry"],"acf":{"is_store_related":false,"locked":false},"yoast_head":"<!-- This site is optimized with the Yoast SEO Premium plugin v27.1 (Yoast SEO v27.4) - https:\/\/yoast.com\/product\/yoast-seo-premium-wordpress\/ -->\n<title>Kyberturvallisuuslaki - Teknologiateollisuus - J\u00e4senille<\/title>\n<meta name=\"description\" content=\"Kyberturvallisuuslaki koskee useita tuhansia yhteiskunnan toiminnan kannalta merkityksellisi\u00e4 organisaatioita, kuten huoltovarmuusorganisaatioon kuuluvia yrityksi\u00e4 sek\u00e4 niiden ensisijaisia toimittajia.\" \/>\n<meta name=\"robots\" content=\"index, follow, max-snippet:-1, max-image-preview:large, max-video-preview:-1\" \/>\n<link rel=\"canonical\" href=\"https:\/\/teknologiateollisuus.fi\/jasenille\/palvelut\/kasvupalvelut\/digitalisaatio-ja-tekoaly\/kyberturvallisuuslaki\/\" \/>\n<meta property=\"og:locale\" content=\"fi_FI\" \/>\n<meta property=\"og:type\" content=\"article\" \/>\n<meta property=\"og:title\" content=\"Kyberturvallisuuslaki\" \/>\n<meta property=\"og:description\" content=\"Kyberturvallisuuslaki koskee useita tuhansia yhteiskunnan toiminnan kannalta merkityksellisi\u00e4 organisaatioita, kuten huoltovarmuusorganisaatioon kuuluvia yrityksi\u00e4 sek\u00e4 niiden ensisijaisia toimittajia.\" \/>\n<meta property=\"og:url\" content=\"https:\/\/teknologiateollisuus.fi\/jasenille\/palvelut\/kasvupalvelut\/digitalisaatio-ja-tekoaly\/kyberturvallisuuslaki\/\" \/>\n<meta property=\"og:site_name\" content=\"Teknologiateollisuus - J\u00e4senille\" \/>\n<meta property=\"article:modified_time\" content=\"2025-07-18T11:45:32+00:00\" \/>\n<meta name=\"twitter:card\" content=\"summary_large_image\" \/>\n<meta name=\"twitter:label1\" content=\"Arvioitu lukuaika\" \/>\n\t<meta name=\"twitter:data1\" content=\"1 minuutti\" \/>\n<script type=\"application\/ld+json\" class=\"yoast-schema-graph\">{\"@context\":\"https:\\\/\\\/schema.org\",\"@graph\":[{\"@type\":\"WebPage\",\"@id\":\"https:\\\/\\\/teknologiateollisuus.fi\\\/jasenille\\\/palvelut\\\/kasvupalvelut\\\/digitalisaatio-ja-tekoaly\\\/kyberturvallisuuslaki\\\/\",\"url\":\"https:\\\/\\\/teknologiateollisuus.fi\\\/jasenille\\\/palvelut\\\/kasvupalvelut\\\/digitalisaatio-ja-tekoaly\\\/kyberturvallisuuslaki\\\/\",\"name\":\"Kyberturvallisuuslaki - Teknologiateollisuus - J\u00e4senille\",\"isPartOf\":{\"@id\":\"https:\\\/\\\/teknologiateollisuus.fi\\\/jasenille\\\/#website\"},\"datePublished\":\"2025-04-03T09:34:34+00:00\",\"dateModified\":\"2025-07-18T11:45:32+00:00\",\"description\":\"Kyberturvallisuuslaki koskee useita tuhansia yhteiskunnan toiminnan kannalta merkityksellisi\u00e4 organisaatioita, kuten huoltovarmuusorganisaatioon kuuluvia yrityksi\u00e4 sek\u00e4 niiden ensisijaisia toimittajia.\",\"breadcrumb\":{\"@id\":\"https:\\\/\\\/teknologiateollisuus.fi\\\/jasenille\\\/palvelut\\\/kasvupalvelut\\\/digitalisaatio-ja-tekoaly\\\/kyberturvallisuuslaki\\\/#breadcrumb\"},\"inLanguage\":\"fi\",\"potentialAction\":[{\"@type\":\"ReadAction\",\"target\":[\"https:\\\/\\\/teknologiateollisuus.fi\\\/jasenille\\\/palvelut\\\/kasvupalvelut\\\/digitalisaatio-ja-tekoaly\\\/kyberturvallisuuslaki\\\/\"]}]},{\"@type\":\"BreadcrumbList\",\"@id\":\"https:\\\/\\\/teknologiateollisuus.fi\\\/jasenille\\\/palvelut\\\/kasvupalvelut\\\/digitalisaatio-ja-tekoaly\\\/kyberturvallisuuslaki\\\/#breadcrumb\",\"itemListElement\":[{\"@type\":\"ListItem\",\"position\":1,\"name\":\"Home\",\"item\":\"https:\\\/\\\/teknologiateollisuus.fi\\\/jasenille\\\/\"},{\"@type\":\"ListItem\",\"position\":2,\"name\":\"Palvelut\",\"item\":\"https:\\\/\\\/teknologiateollisuus.fi\\\/jasenille\\\/palvelut\\\/\"},{\"@type\":\"ListItem\",\"position\":3,\"name\":\"Kasvupalvelut\",\"item\":\"https:\\\/\\\/teknologiateollisuus.fi\\\/jasenille\\\/palvelut\\\/kasvupalvelut\\\/\"},{\"@type\":\"ListItem\",\"position\":4,\"name\":\"Digitalisaatio ja teko\u00e4ly\",\"item\":\"https:\\\/\\\/teknologiateollisuus.fi\\\/jasenille\\\/palvelut\\\/kasvupalvelut\\\/digitalisaatio-ja-tekoaly\\\/\"},{\"@type\":\"ListItem\",\"position\":5,\"name\":\"Kyberturvallisuuslaki\"}]},{\"@type\":\"WebSite\",\"@id\":\"https:\\\/\\\/teknologiateollisuus.fi\\\/jasenille\\\/#website\",\"url\":\"https:\\\/\\\/teknologiateollisuus.fi\\\/jasenille\\\/\",\"name\":\"Teknologiateollisuus - J\u00e4senille\",\"description\":\"\",\"publisher\":{\"@id\":\"https:\\\/\\\/teknologiateollisuus.fi\\\/jasenille\\\/#organization\"},\"potentialAction\":[{\"@type\":\"SearchAction\",\"target\":{\"@type\":\"EntryPoint\",\"urlTemplate\":\"https:\\\/\\\/teknologiateollisuus.fi\\\/jasenille\\\/?s={search_term_string}\"},\"query-input\":{\"@type\":\"PropertyValueSpecification\",\"valueRequired\":true,\"valueName\":\"search_term_string\"}}],\"inLanguage\":\"fi\"},{\"@type\":\"Organization\",\"@id\":\"https:\\\/\\\/teknologiateollisuus.fi\\\/jasenille\\\/#organization\",\"name\":\"Teknologiateollisuus - J\u00e4senille\",\"url\":\"https:\\\/\\\/teknologiateollisuus.fi\\\/jasenille\\\/\",\"logo\":{\"@type\":\"ImageObject\",\"inLanguage\":\"fi\",\"@id\":\"https:\\\/\\\/teknologiateollisuus.fi\\\/jasenille\\\/#\\\/schema\\\/logo\\\/image\\\/\",\"url\":\"https:\\\/\\\/teknologiateollisuus.fi\\\/jasenille\\\/wp-content\\\/uploads\\\/sites\\\/1\\\/2023\\\/10\\\/placeholder.png\",\"contentUrl\":\"https:\\\/\\\/teknologiateollisuus.fi\\\/jasenille\\\/wp-content\\\/uploads\\\/sites\\\/1\\\/2023\\\/10\\\/placeholder.png\",\"width\":2560,\"height\":1920,\"caption\":\"Teknologiateollisuus - J\u00e4senille\"},\"image\":{\"@id\":\"https:\\\/\\\/teknologiateollisuus.fi\\\/jasenille\\\/#\\\/schema\\\/logo\\\/image\\\/\"}}]}<\/script>\n<!-- \/ Yoast SEO Premium plugin. -->","yoast_head_json":{"title":"Kyberturvallisuuslaki - Teknologiateollisuus - J\u00e4senille","description":"Kyberturvallisuuslaki koskee useita tuhansia yhteiskunnan toiminnan kannalta merkityksellisi\u00e4 organisaatioita, kuten huoltovarmuusorganisaatioon kuuluvia yrityksi\u00e4 sek\u00e4 niiden ensisijaisia toimittajia.","robots":{"index":"index","follow":"follow","max-snippet":"max-snippet:-1","max-image-preview":"max-image-preview:large","max-video-preview":"max-video-preview:-1"},"canonical":"https:\/\/teknologiateollisuus.fi\/jasenille\/palvelut\/kasvupalvelut\/digitalisaatio-ja-tekoaly\/kyberturvallisuuslaki\/","og_locale":"fi_FI","og_type":"article","og_title":"Kyberturvallisuuslaki","og_description":"Kyberturvallisuuslaki koskee useita tuhansia yhteiskunnan toiminnan kannalta merkityksellisi\u00e4 organisaatioita, kuten huoltovarmuusorganisaatioon kuuluvia yrityksi\u00e4 sek\u00e4 niiden ensisijaisia toimittajia.","og_url":"https:\/\/teknologiateollisuus.fi\/jasenille\/palvelut\/kasvupalvelut\/digitalisaatio-ja-tekoaly\/kyberturvallisuuslaki\/","og_site_name":"Teknologiateollisuus - J\u00e4senille","article_modified_time":"2025-07-18T11:45:32+00:00","twitter_card":"summary_large_image","twitter_misc":{"Arvioitu lukuaika":"1 minuutti"},"schema":{"@context":"https:\/\/schema.org","@graph":[{"@type":"WebPage","@id":"https:\/\/teknologiateollisuus.fi\/jasenille\/palvelut\/kasvupalvelut\/digitalisaatio-ja-tekoaly\/kyberturvallisuuslaki\/","url":"https:\/\/teknologiateollisuus.fi\/jasenille\/palvelut\/kasvupalvelut\/digitalisaatio-ja-tekoaly\/kyberturvallisuuslaki\/","name":"Kyberturvallisuuslaki - Teknologiateollisuus - J\u00e4senille","isPartOf":{"@id":"https:\/\/teknologiateollisuus.fi\/jasenille\/#website"},"datePublished":"2025-04-03T09:34:34+00:00","dateModified":"2025-07-18T11:45:32+00:00","description":"Kyberturvallisuuslaki koskee useita tuhansia yhteiskunnan toiminnan kannalta merkityksellisi\u00e4 organisaatioita, kuten huoltovarmuusorganisaatioon kuuluvia yrityksi\u00e4 sek\u00e4 niiden ensisijaisia toimittajia.","breadcrumb":{"@id":"https:\/\/teknologiateollisuus.fi\/jasenille\/palvelut\/kasvupalvelut\/digitalisaatio-ja-tekoaly\/kyberturvallisuuslaki\/#breadcrumb"},"inLanguage":"fi","potentialAction":[{"@type":"ReadAction","target":["https:\/\/teknologiateollisuus.fi\/jasenille\/palvelut\/kasvupalvelut\/digitalisaatio-ja-tekoaly\/kyberturvallisuuslaki\/"]}]},{"@type":"BreadcrumbList","@id":"https:\/\/teknologiateollisuus.fi\/jasenille\/palvelut\/kasvupalvelut\/digitalisaatio-ja-tekoaly\/kyberturvallisuuslaki\/#breadcrumb","itemListElement":[{"@type":"ListItem","position":1,"name":"Home","item":"https:\/\/teknologiateollisuus.fi\/jasenille\/"},{"@type":"ListItem","position":2,"name":"Palvelut","item":"https:\/\/teknologiateollisuus.fi\/jasenille\/palvelut\/"},{"@type":"ListItem","position":3,"name":"Kasvupalvelut","item":"https:\/\/teknologiateollisuus.fi\/jasenille\/palvelut\/kasvupalvelut\/"},{"@type":"ListItem","position":4,"name":"Digitalisaatio ja teko\u00e4ly","item":"https:\/\/teknologiateollisuus.fi\/jasenille\/palvelut\/kasvupalvelut\/digitalisaatio-ja-tekoaly\/"},{"@type":"ListItem","position":5,"name":"Kyberturvallisuuslaki"}]},{"@type":"WebSite","@id":"https:\/\/teknologiateollisuus.fi\/jasenille\/#website","url":"https:\/\/teknologiateollisuus.fi\/jasenille\/","name":"Teknologiateollisuus - J\u00e4senille","description":"","publisher":{"@id":"https:\/\/teknologiateollisuus.fi\/jasenille\/#organization"},"potentialAction":[{"@type":"SearchAction","target":{"@type":"EntryPoint","urlTemplate":"https:\/\/teknologiateollisuus.fi\/jasenille\/?s={search_term_string}"},"query-input":{"@type":"PropertyValueSpecification","valueRequired":true,"valueName":"search_term_string"}}],"inLanguage":"fi"},{"@type":"Organization","@id":"https:\/\/teknologiateollisuus.fi\/jasenille\/#organization","name":"Teknologiateollisuus - J\u00e4senille","url":"https:\/\/teknologiateollisuus.fi\/jasenille\/","logo":{"@type":"ImageObject","inLanguage":"fi","@id":"https:\/\/teknologiateollisuus.fi\/jasenille\/#\/schema\/logo\/image\/","url":"https:\/\/teknologiateollisuus.fi\/jasenille\/wp-content\/uploads\/sites\/1\/2023\/10\/placeholder.png","contentUrl":"https:\/\/teknologiateollisuus.fi\/jasenille\/wp-content\/uploads\/sites\/1\/2023\/10\/placeholder.png","width":2560,"height":1920,"caption":"Teknologiateollisuus - J\u00e4senille"},"image":{"@id":"https:\/\/teknologiateollisuus.fi\/jasenille\/#\/schema\/logo\/image\/"}}]}},"lang":"fi","translations":{"fi":25247},"pll_sync_post":[],"_links":{"self":[{"href":"https:\/\/teknologiateollisuus.fi\/jasenille\/wp-json\/wp\/v2\/pages\/25247","targetHints":{"allow":["GET"]}}],"collection":[{"href":"https:\/\/teknologiateollisuus.fi\/jasenille\/wp-json\/wp\/v2\/pages"}],"about":[{"href":"https:\/\/teknologiateollisuus.fi\/jasenille\/wp-json\/wp\/v2\/types\/page"}],"author":[{"embeddable":true,"href":"https:\/\/teknologiateollisuus.fi\/jasenille\/wp-json\/wp\/v2\/users\/1655"}],"replies":[{"embeddable":true,"href":"https:\/\/teknologiateollisuus.fi\/jasenille\/wp-json\/wp\/v2\/comments?post=25247"}],"version-history":[{"count":5,"href":"https:\/\/teknologiateollisuus.fi\/jasenille\/wp-json\/wp\/v2\/pages\/25247\/revisions"}],"predecessor-version":[{"id":27349,"href":"https:\/\/teknologiateollisuus.fi\/jasenille\/wp-json\/wp\/v2\/pages\/25247\/revisions\/27349"}],"up":[{"embeddable":true,"href":"https:\/\/teknologiateollisuus.fi\/jasenille\/wp-json\/wp\/v2\/pages\/8018"}],"wp:attachment":[{"href":"https:\/\/teknologiateollisuus.fi\/jasenille\/wp-json\/wp\/v2\/media?parent=25247"}],"curies":[{"name":"wp","href":"https:\/\/api.w.org\/{rel}","templated":true}]}}