{"id":4866,"date":"2024-02-06T13:13:27","date_gmt":"2024-02-06T11:13:27","guid":{"rendered":"https:\/\/teknologiateollisuus.fi\/jasenille\/?page_id=4866"},"modified":"2025-05-28T13:10:20","modified_gmt":"2025-05-28T10:10:20","slug":"tyomarkkinoiden-tilannekuva","status":"publish","type":"page","link":"https:\/\/teknologiateollisuus.fi\/jasenille\/palvelut\/tilannekuva\/tyomarkkinoiden-tilannekuva\/","title":{"rendered":"Ty\u00f6markkinoiden tilannekuva"},"content":{"rendered":"\n<div class=\"em-block-hero hero-has-background-color has-background has-black-background-color has-image media-position-right \">\n\t<div class=\"em-block-hero__container\">\n\t\t<div class=\"em-block-hero__content\">\n\t\t\t<div class=\"yoast-breadcrumbs\"><span><span><a href=\"https:\/\/teknologiateollisuus.fi\/jasenille\/\">Home<\/a><\/span> <span class=\"separator\"><\/span> <span><a href=\"https:\/\/teknologiateollisuus.fi\/jasenille\/palvelut\/\">Palvelut<\/a><\/span> <span class=\"separator\"><\/span> <span><a href=\"https:\/\/teknologiateollisuus.fi\/jasenille\/palvelut\/tilannekuva\/\">Tilannekuva<\/a><\/span> <span class=\"separator\"><\/span> <span class=\"breadcrumb_last\" aria-current=\"page\">Ty\u00f6markkinoiden tilannekuva<\/span><\/span><\/div>\t\t\t<span class=\"locked-content-chip\">J\u00e4senille<\/span>\n<h1 class=\"wp-block-heading\" id=\"h-tyomarkkinoiden-tilannekuva\">Ty\u00f6markkinoiden tilannekuva<\/h1>\n\n<p>Tilanne ty\u00f6markkinoilla on onneksi rauhoittunut poliittisen lakkorumban j\u00e4lkeen. Kev\u00e4t 2024 j\u00e4\u00e4 ty\u00f6markkinahistoriaan. Maalis-huhtikuussa n\u00e4htiin per\u00e4ti nelj\u00e4 viikkoa kest\u00e4nyt satamalakko sek\u00e4 yht\u00e4 pitk\u00e4t lakot nelj\u00e4ss\u00e4 teollisuuden vientiyrityksess\u00e4, joista kolme teknologiateollisuuden sektorilla. Lis\u00e4ksi toimialallamme j\u00e4rjestettiin lukuisia lyhyempi\u00e4 poliittisia ty\u00f6taisteluita. Lakoista aiheutui kansantaloudelle miljardiluokan menetykset.&nbsp;<\/p>\n\t\t\t<div class=\"em-block-hero__modified-date\"> P\u00e4ivitetty 28.05.2025 klo 13:10<\/div>\t\t<\/div>\n\t\t\t\t\t<figure class=\"em-block-hero__image\">\n\t\t\t\t<img loading=\"lazy\" decoding=\"async\" width=\"1279\" height=\"799\" src=\"https:\/\/teknologiateollisuus.fi\/jasenille\/wp-content\/uploads\/sites\/1\/2023\/12\/Minna_Helle_06-edited.jpg\" class=\"attachment-hero size-hero\" alt=\"Teknologiateollisuus ry:n varatoimitusjohtaja Minna Helle\" srcset=\"https:\/\/teknologiateollisuus.fi\/jasenille\/wp-content\/uploads\/sites\/1\/2023\/12\/Minna_Helle_06-edited.jpg 1279w, https:\/\/teknologiateollisuus.fi\/jasenille\/wp-content\/uploads\/sites\/1\/2023\/12\/Minna_Helle_06-edited-400x250.jpg 400w, https:\/\/teknologiateollisuus.fi\/jasenille\/wp-content\/uploads\/sites\/1\/2023\/12\/Minna_Helle_06-edited-800x500.jpg 800w, https:\/\/teknologiateollisuus.fi\/jasenille\/wp-content\/uploads\/sites\/1\/2023\/12\/Minna_Helle_06-edited-768x480.jpg 768w\" sizes=\"auto, (max-width: 1279px) 100vw, 1279px\" \/>\t\t\t<\/figure>\n\t\t\t<\/div>\n<\/div>\n\n\n\n<h2 class=\"wp-block-heading\" id=\"h-ajankohtaista-seuraa-tyomarkkinaneuvotteluiden-etenemista\" id=\"ajankohtaista-seuraa-tyomarkkinaneuvotteluiden-etenemista\">Ajankohtaista: Seuraa ty\u00f6markkinaneuvotteluiden etenemist\u00e4<\/h2>\n\n\n\n<article class=\"em-block-post-list-item  mt-none\">\n\t<a class=\"em-block-post-list-item__link\" href=\"https:\/\/teknologiateollisuus.fi\/jasenille\/teknologiateollisuuden-tyoehtosopimusneuvottelut-alkoivat-neuvotteluiden-etenemista-voi-seurata-talla-sivulla\/\" target=\"_self\">\n\t\t<div class=\"em-block-post-list-item__content\">\n\t\t\t\t\t\t<h3 class=\"em-block-post-list-item__title\">Teknologiateollisuuden ty\u00f6ehtosopimusneuvottelut 2024\u20132025<\/h3>\n\t\t\t<div class=\"em-block-post-list-item__footer\">\n\t\t\t\t<time class=\"em-block-post-list-item__date\" datetime=\"2024-09-12\">\n\t\t\t\t\t12.9.2024\t\t\t\t<\/time>\n\t\t\t\t\t\t\t\t\t<div class=\"em-block-post-list-item__categories\">\n\t\t\t\t\t\t\t\t\t\t\t\t\t<span class=\"em-block-post-list-item__category\">Uutiset<\/span>\n\t\t\t\t\t\t\t\t\t\t\t<\/div>\n\t\t\t\t\t\t\t<\/div>\n\t\t<\/div>\n\t\t<div class=\"em-block-post-list-item__image-wrapper\">\n\t\t\t\t\t<div class=\"em-block-post-list-item__image\"><img loading=\"lazy\" decoding=\"async\" width=\"768\" height=\"515\" src=\"https:\/\/teknologiateollisuus.fi\/jasenille\/wp-content\/uploads\/sites\/1\/2024\/09\/Etelaranta_kesa-scaled-1-768x515.jpg\" class=\"attachment-medium_large size-medium_large\" alt=\"\" srcset=\"https:\/\/teknologiateollisuus.fi\/jasenille\/wp-content\/uploads\/sites\/1\/2024\/09\/Etelaranta_kesa-scaled-1-768x515.jpg 768w, https:\/\/teknologiateollisuus.fi\/jasenille\/wp-content\/uploads\/sites\/1\/2024\/09\/Etelaranta_kesa-scaled-1-400x268.jpg 400w, https:\/\/teknologiateollisuus.fi\/jasenille\/wp-content\/uploads\/sites\/1\/2024\/09\/Etelaranta_kesa-scaled-1-800x537.jpg 800w, https:\/\/teknologiateollisuus.fi\/jasenille\/wp-content\/uploads\/sites\/1\/2024\/09\/Etelaranta_kesa-scaled-1-1536x1030.jpg 1536w, https:\/\/teknologiateollisuus.fi\/jasenille\/wp-content\/uploads\/sites\/1\/2024\/09\/Etelaranta_kesa-scaled-1-2048x1374.jpg 2048w, https:\/\/teknologiateollisuus.fi\/jasenille\/wp-content\/uploads\/sites\/1\/2024\/09\/Etelaranta_kesa-scaled-1-1300x872.jpg 1300w, https:\/\/teknologiateollisuus.fi\/jasenille\/wp-content\/uploads\/sites\/1\/2024\/09\/Etelaranta_kesa-scaled-1-1440x966.jpg 1440w, https:\/\/teknologiateollisuus.fi\/jasenille\/wp-content\/uploads\/sites\/1\/2024\/09\/Etelaranta_kesa-scaled-1-560x376.jpg 560w\" sizes=\"auto, (max-width: 768px) 100vw, 768px\" \/><\/div>\n\t\t<\/div>\n\t<\/a>\n<\/article>\n\n\n\n<div class=\"wp-block-group is-layout-constrained wp-block-group-is-layout-constrained\">\n<div class=\"wp-block-group is-layout-constrained wp-block-group-is-layout-constrained\">\n<div class=\"wp-block-group em-pattern-image-cards is-layout-constrained wp-block-group-is-layout-constrained\">\n<h2 class=\"wp-block-heading has-text-align-center\" id=\"h-ensimmaisena-etenevat-tyomarkkinauudistukset\" id=\"ensimmaisena-etenevat-tyomarkkinauudistukset\">Ensimm\u00e4isen\u00e4 etenev\u00e4t ty\u00f6markkinauudistukset<\/h2>\n\n\n\n<div class=\"wp-block-scb-columns scb-columns  has-mobile-behavior--stacked has-columns-3 mb-xs\">\n<div class=\"wp-block-scb-column scb-column is-scale-cover\">\n<div class=\"wp-block-group  mt-none has-light-gray-background-color has-background is-layout-constrained wp-block-group-is-layout-constrained\">\n<h3 class=\"wp-block-heading\" id=\"h-tyorauha\" id=\"tyorauha\">Ty\u00f6rauha<\/h3>\n\n\n\n<ul class=\"wp-block-list mt-none mb-xs is-style-styled\">\n<li>Poliittiset ty\u00f6taistelut rajoitetaan enint\u00e4\u00e4n yhden vuorokauden mittaiseksi.<\/li>\n\n\n\n<li>Tukity\u00f6taisteluita ei voi j\u00e4rjest\u00e4\u00e4 vapaasti, vaan toimien suhteellisuus tulee arvioinnin kohteeksi.<\/li>\n\n\n\n<li>Laittomasta ty\u00f6taistelusta tuomittavia hyvityssakkoja korotetaan.<\/li>\n\n\n\n<li>Laittomaksi tuomitun lakon jatkamisesta ty\u00f6ntekij\u00e4lle 200 euron seuraamusmaksu.<\/li>\n\n\n\n<li>Eduskuntaan 3\/2024<\/li>\n\n\n\n<li>Voimaan 1.7.2024 (arvio)<\/li>\n<\/ul>\n<\/div>\n<\/div>\n\n\n\n<div class=\"wp-block-scb-column scb-column is-scale-cover\">\n<div class=\"wp-block-group  mt-none has-light-gray-background-color has-background is-layout-constrained wp-block-group-is-layout-constrained\">\n<h3 class=\"wp-block-heading\" id=\"h-paikallinen-sopiminen\" id=\"paikallinen-sopiminen\">Paikallinen sopiminen<\/h3>\n\n\n\n<ul class=\"wp-block-list mt-none mb-xs is-style-styled\">\n<li>J\u00e4rjest\u00e4ytym\u00e4tt\u00f6mi\u00e4 yrityksi\u00e4 koskevat paikallisen sopimisen kiellot poistuvat.<\/li>\n\n\n\n<li>Yrityskohtaisille ty\u00f6ehtosopimuksille samat mahdollisuudet poiketa ty\u00f6lains\u00e4\u00e4d\u00e4nn\u00f6st\u00e4 kuin mit\u00e4 valtakunnallisilla ty\u00f6ehtosopimuksilla on.<\/li>\n\n\n\n<li>Eduskuntaan alkukes\u00e4ll\u00e4 2024 (arvio)<\/li>\n\n\n\n<li>Voimaan 1.1.2025 (arvio)<\/li>\n<\/ul>\n<\/div>\n<\/div>\n\n\n\n<div class=\"wp-block-scb-column scb-column is-scale-cover\">\n<div class=\"wp-block-group  mt-none has-light-gray-background-color has-background is-layout-constrained wp-block-group-is-layout-constrained\">\n<h3 class=\"wp-block-heading  mt-xs mb-none\" id=\"h-palkkamalli\" id=\"palkkamalli\">Palkkamalli<\/h3>\n\n\n\n<ul class=\"wp-block-list mt-xs mb-none is-style-styled\">\n<li>Palkantarkastusten yleist\u00e4 linjaa ei voida ylitt\u00e4\u00e4 valtakunnansovittelijan tai sovittelulautakunnan toimesta annettavalla sovintoehdotuksella.<\/li>\n\n\n\n<li>Eduskuntaan loppukes\u00e4ll\u00e4 2024 (arvio)<\/li>\n\n\n\n<li class=\" mb-none\">Voimaan 1.12.2024 (arvio)<\/li>\n<\/ul>\n<\/div>\n<\/div>\n<\/div>\n<\/div>\n<\/div>\n<\/div>\n\n\n\n<div class=\"wp-block-scb-columns scb-columns  has-mobile-behavior--stacked has-columns-1 mb-xs mt-sm\">\n<div class=\"wp-block-scb-column scb-column is-scale-cover\">\n<div class=\"wp-block-group has-light-gray-background-color has-background is-layout-constrained wp-block-group-is-layout-constrained\">\n<h3 class=\"wp-block-heading\" id=\"h-hallitusohjelmassa-sovitut-muut-tyomarkkinauudistukset\" id=\"hallitusohjelmassa-sovitut-muut-tyomarkkinauudistukset\">Hallitusohjelmassa sovitut muut ty\u00f6markkinauudistukset<\/h3>\n\n\n\n<div class=\"wp-block-scb-columns scb-columns  has-mobile-behavior--stacked has-auto-fit mt-sm\">\n<div class=\"wp-block-scb-column scb-column is-scale-cover\">\n<ul class=\"wp-block-list mt-none mb-xs is-style-styled\">\n<li>Mahdollisuus tehd\u00e4 m\u00e4\u00e4r\u00e4aikainen ty\u00f6sopimus enint\u00e4\u00e4n vuodeksi ilman erityist\u00e4 perustetta. Huom. muutoksen ei tule lis\u00e4t\u00e4 m\u00e4\u00e4r\u00e4aikaisten ty\u00f6sopimusten perusteetonta ketjuttamista.<\/li>\n\n\n\n<li>Lomautusilmoitusajan lyhent\u00e4minen seitsem\u00e4\u00e4n p\u00e4iv\u00e4\u00e4n.<\/li>\n\n\n\n<li>Ensimm\u00e4inen sairauspoissaolop\u00e4iv\u00e4 palkattomaksi, ellei ty\u00f6ehtosopimuksessa tai ty\u00f6sopimuksessa ole toisin sovittu.<\/li>\n\n\n\n<li>Henkil\u00f6\u00f6n liittyv\u00e4n irtisanomisperusteen muutos: asiallinen syy (nyt asiallinen ja painava syy).<\/li>\n<\/ul>\n<\/div>\n\n\n\n<div class=\"wp-block-scb-column scb-column is-scale-cover\">\n<ul class=\"wp-block-list mt-none mb-xs is-style-styled\">\n<li>Yhteistoimintalain soveltamisala EU:n mahdollistamalle tasolle (50 ty\u00f6ntekij\u00e4\u00e4).<\/li>\n\n\n\n<li>Muutosneuvottelujen v\u00e4himm\u00e4isaikojen puolittaminen.<\/li>\n\n\n\n<li>Takaisinottovelvollisuuden poistaminen alle 50 ty\u00f6ntekij\u00e4\u00e4 s\u00e4\u00e4nn\u00f6llisesti ty\u00f6llist\u00e4vilt\u00e4 yrityksilt\u00e4.<\/li>\n\n\n\n<li><strong>Muutosten aikataulu selkeytyy valmistelun edetess\u00e4.<\/strong><\/li>\n<\/ul>\n<\/div>\n<\/div>\n<\/div>\n<\/div>\n<\/div>\n\n\n","protected":false},"excerpt":{"rendered":"","protected":false},"author":7,"featured_media":0,"parent":1458,"menu_order":0,"comment_status":"closed","ping_status":"closed","template":"","meta":{"_acf_changed":false,"_relevanssi_hide_post":"","_relevanssi_hide_content":"","_relevanssi_pin_for_all":"","_relevanssi_pin_keywords":"","_relevanssi_unpin_keywords":"","_relevanssi_related_keywords":"","_relevanssi_related_include_ids":"","_relevanssi_related_exclude_ids":"","_relevanssi_related_no_append":"","_relevanssi_related_not_related":"","_relevanssi_related_posts":"4705,4418,4164,4553,4422,165","_relevanssi_noindex_reason":"","inline_featured_image":false,"growthstack-ab-test":[],"growthstack-ab-test-views":[],"footnotes":""},"class_list":["post-4866","page","type-page","status-publish","hentry"],"acf":{"is_store_related":false,"locked":true},"yoast_head":"<!-- This site is optimized with the Yoast SEO Premium plugin v27.1 (Yoast SEO v27.4) - https:\/\/yoast.com\/product\/yoast-seo-premium-wordpress\/ -->\n<title>Ty\u00f6markkinoiden tilannekuva - Teknologiateollisuus - J\u00e4senille<\/title>\n<meta name=\"description\" content=\"Minna Helle kirjoittaa, milt\u00e4 ty\u00f6markkinat ja ty\u00f6el\u00e4m\u00e4 t\u00e4ll\u00e4 hetkell\u00e4 n\u00e4ytt\u00e4v\u00e4t. Tilannekuva p\u00e4ivitet\u00e4\u00e4n kvartaaleittain.\" \/>\n<meta name=\"robots\" content=\"index, follow, max-snippet:-1, max-image-preview:large, max-video-preview:-1\" \/>\n<link rel=\"canonical\" href=\"https:\/\/teknologiateollisuus.fi\/jasenille\/palvelut\/tilannekuva\/tyomarkkinoiden-tilannekuva\/\" \/>\n<meta property=\"og:locale\" content=\"fi_FI\" \/>\n<meta property=\"og:type\" content=\"article\" \/>\n<meta property=\"og:title\" content=\"Ty\u00f6markkinoiden tilannekuva\" \/>\n<meta property=\"og:description\" content=\"Minna Helle kirjoittaa, milt\u00e4 ty\u00f6markkinat ja ty\u00f6el\u00e4m\u00e4 t\u00e4ll\u00e4 hetkell\u00e4 n\u00e4ytt\u00e4v\u00e4t. Tilannekuva p\u00e4ivitet\u00e4\u00e4n kvartaaleittain.\" \/>\n<meta property=\"og:url\" content=\"https:\/\/teknologiateollisuus.fi\/jasenille\/palvelut\/tilannekuva\/tyomarkkinoiden-tilannekuva\/\" \/>\n<meta property=\"og:site_name\" content=\"Teknologiateollisuus - J\u00e4senille\" \/>\n<meta property=\"article:modified_time\" content=\"2025-05-28T10:10:20+00:00\" \/>\n<meta name=\"twitter:card\" content=\"summary_large_image\" \/>\n<meta name=\"twitter:label1\" content=\"Arvioitu lukuaika\" \/>\n\t<meta name=\"twitter:data1\" content=\"4 minuuttia\" \/>\n<script type=\"application\/ld+json\" class=\"yoast-schema-graph\">{\"@context\":\"https:\\\/\\\/schema.org\",\"@graph\":[{\"@type\":\"WebPage\",\"@id\":\"https:\\\/\\\/teknologiateollisuus.fi\\\/jasenille\\\/palvelut\\\/tilannekuva\\\/tyomarkkinoiden-tilannekuva\\\/\",\"url\":\"https:\\\/\\\/teknologiateollisuus.fi\\\/jasenille\\\/palvelut\\\/tilannekuva\\\/tyomarkkinoiden-tilannekuva\\\/\",\"name\":\"Ty\u00f6markkinoiden tilannekuva - Teknologiateollisuus - J\u00e4senille\",\"isPartOf\":{\"@id\":\"https:\\\/\\\/teknologiateollisuus.fi\\\/jasenille\\\/#website\"},\"datePublished\":\"2024-02-06T11:13:27+00:00\",\"dateModified\":\"2025-05-28T10:10:20+00:00\",\"description\":\"Minna Helle kirjoittaa, milt\u00e4 ty\u00f6markkinat ja ty\u00f6el\u00e4m\u00e4 t\u00e4ll\u00e4 hetkell\u00e4 n\u00e4ytt\u00e4v\u00e4t. Tilannekuva p\u00e4ivitet\u00e4\u00e4n kvartaaleittain.\",\"breadcrumb\":{\"@id\":\"https:\\\/\\\/teknologiateollisuus.fi\\\/jasenille\\\/palvelut\\\/tilannekuva\\\/tyomarkkinoiden-tilannekuva\\\/#breadcrumb\"},\"inLanguage\":\"fi\",\"potentialAction\":[{\"@type\":\"ReadAction\",\"target\":[\"https:\\\/\\\/teknologiateollisuus.fi\\\/jasenille\\\/palvelut\\\/tilannekuva\\\/tyomarkkinoiden-tilannekuva\\\/\"]}]},{\"@type\":\"BreadcrumbList\",\"@id\":\"https:\\\/\\\/teknologiateollisuus.fi\\\/jasenille\\\/palvelut\\\/tilannekuva\\\/tyomarkkinoiden-tilannekuva\\\/#breadcrumb\",\"itemListElement\":[{\"@type\":\"ListItem\",\"position\":1,\"name\":\"Home\",\"item\":\"https:\\\/\\\/teknologiateollisuus.fi\\\/jasenille\\\/\"},{\"@type\":\"ListItem\",\"position\":2,\"name\":\"Palvelut\",\"item\":\"https:\\\/\\\/teknologiateollisuus.fi\\\/jasenille\\\/palvelut\\\/\"},{\"@type\":\"ListItem\",\"position\":3,\"name\":\"Tilannekuva\",\"item\":\"https:\\\/\\\/teknologiateollisuus.fi\\\/jasenille\\\/palvelut\\\/tilannekuva\\\/\"},{\"@type\":\"ListItem\",\"position\":4,\"name\":\"Ty\u00f6markkinoiden tilannekuva\"}]},{\"@type\":\"WebSite\",\"@id\":\"https:\\\/\\\/teknologiateollisuus.fi\\\/jasenille\\\/#website\",\"url\":\"https:\\\/\\\/teknologiateollisuus.fi\\\/jasenille\\\/\",\"name\":\"Teknologiateollisuus - J\u00e4senille\",\"description\":\"\",\"publisher\":{\"@id\":\"https:\\\/\\\/teknologiateollisuus.fi\\\/jasenille\\\/#organization\"},\"potentialAction\":[{\"@type\":\"SearchAction\",\"target\":{\"@type\":\"EntryPoint\",\"urlTemplate\":\"https:\\\/\\\/teknologiateollisuus.fi\\\/jasenille\\\/?s={search_term_string}\"},\"query-input\":{\"@type\":\"PropertyValueSpecification\",\"valueRequired\":true,\"valueName\":\"search_term_string\"}}],\"inLanguage\":\"fi\"},{\"@type\":\"Organization\",\"@id\":\"https:\\\/\\\/teknologiateollisuus.fi\\\/jasenille\\\/#organization\",\"name\":\"Teknologiateollisuus - J\u00e4senille\",\"url\":\"https:\\\/\\\/teknologiateollisuus.fi\\\/jasenille\\\/\",\"logo\":{\"@type\":\"ImageObject\",\"inLanguage\":\"fi\",\"@id\":\"https:\\\/\\\/teknologiateollisuus.fi\\\/jasenille\\\/#\\\/schema\\\/logo\\\/image\\\/\",\"url\":\"https:\\\/\\\/teknologiateollisuus.fi\\\/jasenille\\\/wp-content\\\/uploads\\\/sites\\\/1\\\/2023\\\/10\\\/placeholder.png\",\"contentUrl\":\"https:\\\/\\\/teknologiateollisuus.fi\\\/jasenille\\\/wp-content\\\/uploads\\\/sites\\\/1\\\/2023\\\/10\\\/placeholder.png\",\"width\":2560,\"height\":1920,\"caption\":\"Teknologiateollisuus - J\u00e4senille\"},\"image\":{\"@id\":\"https:\\\/\\\/teknologiateollisuus.fi\\\/jasenille\\\/#\\\/schema\\\/logo\\\/image\\\/\"}}]}<\/script>\n<!-- \/ Yoast SEO Premium plugin. -->","yoast_head_json":{"title":"Ty\u00f6markkinoiden tilannekuva - Teknologiateollisuus - J\u00e4senille","description":"Minna Helle kirjoittaa, milt\u00e4 ty\u00f6markkinat ja ty\u00f6el\u00e4m\u00e4 t\u00e4ll\u00e4 hetkell\u00e4 n\u00e4ytt\u00e4v\u00e4t. Tilannekuva p\u00e4ivitet\u00e4\u00e4n kvartaaleittain.","robots":{"index":"index","follow":"follow","max-snippet":"max-snippet:-1","max-image-preview":"max-image-preview:large","max-video-preview":"max-video-preview:-1"},"canonical":"https:\/\/teknologiateollisuus.fi\/jasenille\/palvelut\/tilannekuva\/tyomarkkinoiden-tilannekuva\/","og_locale":"fi_FI","og_type":"article","og_title":"Ty\u00f6markkinoiden tilannekuva","og_description":"Minna Helle kirjoittaa, milt\u00e4 ty\u00f6markkinat ja ty\u00f6el\u00e4m\u00e4 t\u00e4ll\u00e4 hetkell\u00e4 n\u00e4ytt\u00e4v\u00e4t. Tilannekuva p\u00e4ivitet\u00e4\u00e4n kvartaaleittain.","og_url":"https:\/\/teknologiateollisuus.fi\/jasenille\/palvelut\/tilannekuva\/tyomarkkinoiden-tilannekuva\/","og_site_name":"Teknologiateollisuus - J\u00e4senille","article_modified_time":"2025-05-28T10:10:20+00:00","twitter_card":"summary_large_image","twitter_misc":{"Arvioitu lukuaika":"4 minuuttia"},"schema":{"@context":"https:\/\/schema.org","@graph":[{"@type":"WebPage","@id":"https:\/\/teknologiateollisuus.fi\/jasenille\/palvelut\/tilannekuva\/tyomarkkinoiden-tilannekuva\/","url":"https:\/\/teknologiateollisuus.fi\/jasenille\/palvelut\/tilannekuva\/tyomarkkinoiden-tilannekuva\/","name":"Ty\u00f6markkinoiden tilannekuva - Teknologiateollisuus - J\u00e4senille","isPartOf":{"@id":"https:\/\/teknologiateollisuus.fi\/jasenille\/#website"},"datePublished":"2024-02-06T11:13:27+00:00","dateModified":"2025-05-28T10:10:20+00:00","description":"Minna Helle kirjoittaa, milt\u00e4 ty\u00f6markkinat ja ty\u00f6el\u00e4m\u00e4 t\u00e4ll\u00e4 hetkell\u00e4 n\u00e4ytt\u00e4v\u00e4t. Tilannekuva p\u00e4ivitet\u00e4\u00e4n kvartaaleittain.","breadcrumb":{"@id":"https:\/\/teknologiateollisuus.fi\/jasenille\/palvelut\/tilannekuva\/tyomarkkinoiden-tilannekuva\/#breadcrumb"},"inLanguage":"fi","potentialAction":[{"@type":"ReadAction","target":["https:\/\/teknologiateollisuus.fi\/jasenille\/palvelut\/tilannekuva\/tyomarkkinoiden-tilannekuva\/"]}]},{"@type":"BreadcrumbList","@id":"https:\/\/teknologiateollisuus.fi\/jasenille\/palvelut\/tilannekuva\/tyomarkkinoiden-tilannekuva\/#breadcrumb","itemListElement":[{"@type":"ListItem","position":1,"name":"Home","item":"https:\/\/teknologiateollisuus.fi\/jasenille\/"},{"@type":"ListItem","position":2,"name":"Palvelut","item":"https:\/\/teknologiateollisuus.fi\/jasenille\/palvelut\/"},{"@type":"ListItem","position":3,"name":"Tilannekuva","item":"https:\/\/teknologiateollisuus.fi\/jasenille\/palvelut\/tilannekuva\/"},{"@type":"ListItem","position":4,"name":"Ty\u00f6markkinoiden tilannekuva"}]},{"@type":"WebSite","@id":"https:\/\/teknologiateollisuus.fi\/jasenille\/#website","url":"https:\/\/teknologiateollisuus.fi\/jasenille\/","name":"Teknologiateollisuus - J\u00e4senille","description":"","publisher":{"@id":"https:\/\/teknologiateollisuus.fi\/jasenille\/#organization"},"potentialAction":[{"@type":"SearchAction","target":{"@type":"EntryPoint","urlTemplate":"https:\/\/teknologiateollisuus.fi\/jasenille\/?s={search_term_string}"},"query-input":{"@type":"PropertyValueSpecification","valueRequired":true,"valueName":"search_term_string"}}],"inLanguage":"fi"},{"@type":"Organization","@id":"https:\/\/teknologiateollisuus.fi\/jasenille\/#organization","name":"Teknologiateollisuus - J\u00e4senille","url":"https:\/\/teknologiateollisuus.fi\/jasenille\/","logo":{"@type":"ImageObject","inLanguage":"fi","@id":"https:\/\/teknologiateollisuus.fi\/jasenille\/#\/schema\/logo\/image\/","url":"https:\/\/teknologiateollisuus.fi\/jasenille\/wp-content\/uploads\/sites\/1\/2023\/10\/placeholder.png","contentUrl":"https:\/\/teknologiateollisuus.fi\/jasenille\/wp-content\/uploads\/sites\/1\/2023\/10\/placeholder.png","width":2560,"height":1920,"caption":"Teknologiateollisuus - J\u00e4senille"},"image":{"@id":"https:\/\/teknologiateollisuus.fi\/jasenille\/#\/schema\/logo\/image\/"}}]}},"lang":"fi","translations":{"fi":4866},"pll_sync_post":[],"_links":{"self":[{"href":"https:\/\/teknologiateollisuus.fi\/jasenille\/wp-json\/wp\/v2\/pages\/4866","targetHints":{"allow":["GET"]}}],"collection":[{"href":"https:\/\/teknologiateollisuus.fi\/jasenille\/wp-json\/wp\/v2\/pages"}],"about":[{"href":"https:\/\/teknologiateollisuus.fi\/jasenille\/wp-json\/wp\/v2\/types\/page"}],"author":[{"embeddable":true,"href":"https:\/\/teknologiateollisuus.fi\/jasenille\/wp-json\/wp\/v2\/users\/7"}],"replies":[{"embeddable":true,"href":"https:\/\/teknologiateollisuus.fi\/jasenille\/wp-json\/wp\/v2\/comments?post=4866"}],"version-history":[{"count":30,"href":"https:\/\/teknologiateollisuus.fi\/jasenille\/wp-json\/wp\/v2\/pages\/4866\/revisions"}],"predecessor-version":[{"id":26009,"href":"https:\/\/teknologiateollisuus.fi\/jasenille\/wp-json\/wp\/v2\/pages\/4866\/revisions\/26009"}],"up":[{"embeddable":true,"href":"https:\/\/teknologiateollisuus.fi\/jasenille\/wp-json\/wp\/v2\/pages\/1458"}],"wp:attachment":[{"href":"https:\/\/teknologiateollisuus.fi\/jasenille\/wp-json\/wp\/v2\/media?parent=4866"}],"curies":[{"name":"wp","href":"https:\/\/api.w.org\/{rel}","templated":true}]}}