{"id":5636,"date":"2024-02-28T13:14:37","date_gmt":"2024-02-28T11:14:37","guid":{"rendered":"https:\/\/teknologiateollisuus.fi\/jasenille\/?page_id=5636"},"modified":"2026-03-25T15:16:10","modified_gmt":"2026-03-25T13:16:10","slug":"kybertilannekuva","status":"publish","type":"page","link":"https:\/\/teknologiateollisuus.fi\/jasenille\/palvelut\/tilannekuva\/kybertilannekuva\/","title":{"rendered":"Kybertilannekuva"},"content":{"rendered":"\n<div class=\"em-block-hero hero-has-background-color has-background has-black-background-color has-image media-position-right \">\n\t<div class=\"em-block-hero__container\">\n\t\t<div class=\"em-block-hero__content\">\n\t\t\t<div class=\"yoast-breadcrumbs\"><span><span><a href=\"https:\/\/teknologiateollisuus.fi\/jasenille\/\">Home<\/a><\/span> <span class=\"separator\"><\/span> <span><a href=\"https:\/\/teknologiateollisuus.fi\/jasenille\/palvelut\/\">Palvelut<\/a><\/span> <span class=\"separator\"><\/span> <span><a href=\"https:\/\/teknologiateollisuus.fi\/jasenille\/palvelut\/tilannekuva\/\">Tilannekuva<\/a><\/span> <span class=\"separator\"><\/span> <span class=\"breadcrumb_last\" aria-current=\"page\">Kybertilannekuva<\/span><\/span><\/div>\t\t\t<span class=\"locked-content-chip\">J\u00e4senille<\/span>\n<h1 class=\"wp-block-heading\" id=\"h-kyberturvallisuuden-tilannekuva\">Kyberturvallisuuden tilannekuva<\/h1>\n\t\t\t<div class=\"em-block-hero__modified-date\"> P\u00e4ivitetty 25.03.2026 klo 15:16<\/div>\t\t<\/div>\n\t\t\t\t\t<figure class=\"em-block-hero__image\">\n\t\t\t\t<img loading=\"lazy\" decoding=\"async\" width=\"1920\" height=\"1281\" src=\"https:\/\/teknologiateollisuus.fi\/jasenille\/wp-content\/uploads\/sites\/1\/2024\/02\/Peter_Sund_8788.jpg\" class=\"attachment-hero size-hero\" alt=\"\" srcset=\"https:\/\/teknologiateollisuus.fi\/jasenille\/wp-content\/uploads\/sites\/1\/2024\/02\/Peter_Sund_8788.jpg 1920w, https:\/\/teknologiateollisuus.fi\/jasenille\/wp-content\/uploads\/sites\/1\/2024\/02\/Peter_Sund_8788-400x267.jpg 400w, https:\/\/teknologiateollisuus.fi\/jasenille\/wp-content\/uploads\/sites\/1\/2024\/02\/Peter_Sund_8788-800x534.jpg 800w, https:\/\/teknologiateollisuus.fi\/jasenille\/wp-content\/uploads\/sites\/1\/2024\/02\/Peter_Sund_8788-768x512.jpg 768w, https:\/\/teknologiateollisuus.fi\/jasenille\/wp-content\/uploads\/sites\/1\/2024\/02\/Peter_Sund_8788-1536x1025.jpg 1536w, https:\/\/teknologiateollisuus.fi\/jasenille\/wp-content\/uploads\/sites\/1\/2024\/02\/Peter_Sund_8788-1300x867.jpg 1300w, https:\/\/teknologiateollisuus.fi\/jasenille\/wp-content\/uploads\/sites\/1\/2024\/02\/Peter_Sund_8788-1440x961.jpg 1440w\" sizes=\"auto, (max-width: 1920px) 100vw, 1920px\" \/>\t\t\t<\/figure>\n\t\t\t<\/div>\n<\/div>\n\n\n\n<div class=\"wp-block-group is-layout-constrained wp-block-group-is-layout-constrained\">\n<div class=\"wp-block-group pt-md pb-md em-pattern-member-pages mb-xs mt-none is-layout-constrained wp-block-group-is-layout-constrained\">\n<div class=\"wp-block-scb-columns scb-columns  has-mobile-behavior--stacked has-columns-2\">\n<div class=\"wp-block-scb-column scb-column is-scale-cover\">\n<h2 class=\"wp-block-heading\" id=\"h-hyodyllista-tietoa-kyberturvallisuudesta\" id=\"hyodyllista-tietoa-kyberturvallisuudesta\">Hy\u00f6dyllist\u00e4 tietoa kyberturvallisuudesta<\/h2>\n\n\n\n<p class=\" mt-xs mb-xs\">P\u00e4ivit\u00e4mme tilannekuvaa v\u00e4hint\u00e4\u00e4n kvartaaleittain tarjoamaan yrityksille n\u00e4kym\u00e4\u00e4 kyberturvallisuudesta ja -tilanteesta. Kirjautumalla alustalle saat tarkempaa tietoa.<\/p>\n\n\n\n<p class=\" mt-xs mb-xs\">Teknologiateollisuus ry:n kybertilannekuvaa t\u00e4ydent\u00e4v\u00e4\u00e4 tietoa l\u00f6yd\u00e4t oheisten linkkien kautta!<\/p>\n\n\n\n<p class=\" mt-xs mb-xs\">Kybertilannekuvaa yll\u00e4pit\u00e4\u00e4 Kyberala ry:n toimitusjohtaja <a href=\"https:\/\/teknologiateollisuus.fi\/jasenille\/tilannekuva\/kybertilannekuva\/#lisatietoja\">Peter Sund<\/a>.<br><\/p>\n\n\n\n<p class=\" mt-xs mb-xs\">Kyberturvallisuudella tarkoitetaan toimia, joita tarvitaan viestint\u00e4verkkojen ja tietoj\u00e4rjestelmien, niiden tietojen, k\u00e4ytt\u00e4jien ja muiden asianosaisten henkil\u00f6iden suojaamiseksi tapahtumilta tai toiminnalta, joka voi vahingoittaa edell\u00e4 mainittuja tai vaikuttaa n\u00e4ihin haitallisesti.<\/p>\n<\/div>\n\n\n\n<div class=\"wp-block-scb-column scb-column is-scale-cover\">\n<div class=\"wp-block-evermade-links em-block-links has-columns-1\">\n<a\n\tclass=\"wp-block-evermade-external-link em-block-link is-external   has-subtitle\"\n\thref=\"https:\/\/www.kyberturvallisuuskeskus.fi\/fi\/ajankohtaista\/kybersaa\"\n\taria-label=\"Avaa uudessa v\u00e4lilehdess\u00e4\"\n\ttarget=\"_blank\"\n\trel=\"noopener noreferrer\"\n>\n\t<div class=\"em-block-link__content\">\n\t\t<span class=\"em-block-link__title\">\n\t\t\tKybers\u00e4\u00e4 &#8211; Kyberturvallisuuskeskus\t\t<\/span>\n\t\t\t\t\t<span class=\"em-block-link__subtitle\">\n\t\t\t\tKuukausittain p\u00e4ivittyv\u00e4 yhteenveto, joka t\u00e4ydent\u00e4\u00e4 Kyberturvallisuuskeskuksen viikkokatsauksia.\t\t\t<\/span>\n\t\t\t<\/div>\n\t<div class=\"em-block-link__arrow\"><\/div>\n\t<div class=\"em-block-link__pressable\"><\/div>\n<\/a>\n\n\n\n<a\n\tclass=\"wp-block-evermade-external-link em-block-link is-external   has-subtitle\"\n\thref=\"https:\/\/www.fisc.fi\/fi\"\n\taria-label=\"Avaa uudessa v\u00e4lilehdess\u00e4\"\n\ttarget=\"_blank\"\n\trel=\"noopener noreferrer\"\n>\n\t<div class=\"em-block-link__content\">\n\t\t<span class=\"em-block-link__title\">\n\t\t\tKyberala ry\t\t<\/span>\n\t\t\t\t\t<span class=\"em-block-link__subtitle\">\n\t\t\t\tTeknologiateollisuus ry:n kyberturvallisuuteen erikoistunut alayhdistys.\t\t\t<\/span>\n\t\t\t<\/div>\n\t<div class=\"em-block-link__arrow\"><\/div>\n\t<div class=\"em-block-link__pressable\"><\/div>\n<\/a>\n\n\n\n<a\n\tclass=\"wp-block-evermade-external-link em-block-link is-external   has-subtitle\"\n\thref=\"https:\/\/www.fisc.fi\/sites\/fisc\/files\/inline-files\/KYBERALA_NIS2_OPAS_0.9_BETA.pdf\"\n\taria-label=\"Avaa uudessa v\u00e4lilehdess\u00e4\"\n\ttarget=\"_blank\"\n\trel=\"noopener noreferrer\"\n>\n\t<div class=\"em-block-link__content\">\n\t\t<span class=\"em-block-link__title\">\n\t\t\tNIS2-soveltamisopas\t\t<\/span>\n\t\t\t\t\t<span class=\"em-block-link__subtitle\">\n\t\t\t\tOpas on suunnattu organisaatioille, jotka haluavat varmistaa, ett\u00e4 niiden kyberturvallisuusk\u00e4yt\u00e4nn\u00f6t t\u00e4ytt\u00e4v\u00e4t uuden lains\u00e4\u00e4d\u00e4nn\u00f6n vaatimukset ja edist\u00e4v\u00e4t riskienhallintaa k\u00e4yt\u00e4nn\u00f6ss\u00e4.\u00a0\t\t\t<\/span>\n\t\t\t<\/div>\n\t<div class=\"em-block-link__arrow\"><\/div>\n\t<div class=\"em-block-link__pressable\"><\/div>\n<\/a>\n<\/div>\n<\/div>\n<\/div>\n\n\n\n<article class=\"em-block-post-list-item \">\n\t<a class=\"em-block-post-list-item__link\" href=\"https:\/\/teknologiateollisuus.fi\/jasenille\/kyberala-ry-julkaisi-eun-verkko-ja-tietoturvallisuusdirektiivin-nis2-soveltamisoppaan\/\" target=\"_self\">\n\t\t<div class=\"em-block-post-list-item__content\">\n\t\t\t\t\t\t<h3 class=\"em-block-post-list-item__title\">Kyberala ry julkaisi EU:n verkko- ja tietoturvallisuusdirektiivin soveltamisoppaan yrityksille<\/h3>\n\t\t\t<div class=\"em-block-post-list-item__footer\">\n\t\t\t\t<time class=\"em-block-post-list-item__date\" datetime=\"2024-04-10\">\n\t\t\t\t\t10.4.2024\t\t\t\t<\/time>\n\t\t\t\t\t\t\t\t\t<div class=\"em-block-post-list-item__categories\">\n\t\t\t\t\t\t\t\t\t\t\t\t\t<span class=\"em-block-post-list-item__category\">Tiedotteet<\/span>\n\t\t\t\t\t\t\t\t\t\t\t<\/div>\n\t\t\t\t\t\t\t<\/div>\n\t\t<\/div>\n\t\t<div class=\"em-block-post-list-item__image-wrapper\">\n\t\t\t\t\t<div class=\"em-block-post-list-item__image\"><img loading=\"lazy\" decoding=\"async\" width=\"768\" height=\"512\" src=\"https:\/\/teknologiateollisuus.fi\/jasenille\/wp-content\/uploads\/sites\/1\/2024\/04\/Teknologia_6-768x512.jpg\" class=\"attachment-medium_large size-medium_large\" alt=\"\" srcset=\"https:\/\/teknologiateollisuus.fi\/jasenille\/wp-content\/uploads\/sites\/1\/2024\/04\/Teknologia_6-768x512.jpg 768w, https:\/\/teknologiateollisuus.fi\/jasenille\/wp-content\/uploads\/sites\/1\/2024\/04\/Teknologia_6-400x267.jpg 400w, https:\/\/teknologiateollisuus.fi\/jasenille\/wp-content\/uploads\/sites\/1\/2024\/04\/Teknologia_6-800x533.jpg 800w, https:\/\/teknologiateollisuus.fi\/jasenille\/wp-content\/uploads\/sites\/1\/2024\/04\/Teknologia_6-1536x1024.jpg 1536w, https:\/\/teknologiateollisuus.fi\/jasenille\/wp-content\/uploads\/sites\/1\/2024\/04\/Teknologia_6-1300x867.jpg 1300w, https:\/\/teknologiateollisuus.fi\/jasenille\/wp-content\/uploads\/sites\/1\/2024\/04\/Teknologia_6-1440x960.jpg 1440w, https:\/\/teknologiateollisuus.fi\/jasenille\/wp-content\/uploads\/sites\/1\/2024\/04\/Teknologia_6.jpg 1920w\" sizes=\"auto, (max-width: 768px) 100vw, 768px\" \/><\/div>\n\t\t<\/div>\n\t<\/a>\n<\/article>\n\n\n\n<div class=\"wp-block-group  mt-md is-layout-constrained wp-block-group-is-layout-constrained\">\n<h2 class=\"wp-block-heading\" id=\"h-kyberturvallisuuden-tila-3-2026-ajankohtaiset-lainsaadantohankkeet-muokkaavat-kyberturvallisuusteollisuuden-toimintaymparistoa\" id=\"kyberturvallisuuden-tila-3-2026-ajankohtaiset-lainsaadantohankkeet-muokkaavat-kyberturvallisuusteollisuuden-toimintaymparistoa\">Kyberturvallisuuden tila 3\/2026: Ajankohtaiset lains\u00e4\u00e4d\u00e4nt\u00f6hankkeet muokkaavat kyberturvallisuusteollisuuden toimintaymp\u00e4rist\u00f6\u00e4<\/h2>\n\n\n\n<p>Monimuotoisten kyberturvallisuusuhkien listaamisen sijasta olennaista on havaita, ett\u00e4 yritysten kyberturvallisuusriskien hallinta t\u00e4ht\u00e4\u00e4 toimitusvarmuuden ja taloudellisen kannattavuuden varmistamiseen. Kyberturvallisuus on k\u00e4yt\u00e4nn\u00f6ss\u00e4 sellaisten rikosten est\u00e4mist\u00e4, joissa kohteena ovat digitaaliset tietoj\u00e4rjestelm\u00e4t ja data. Kyberrikollisuus on p\u00e4\u00e4osin valtioiden rajat ylitt\u00e4v\u00e4\u00e4 ja muodostaa merkitt\u00e4v\u00e4n osuuden kaikesta kansainv\u00e4lisest\u00e4 rikollisuudesta.<\/p>\n\n\n\n<p>Ulko- ja turvallisuuspoliittisessa myllerryksess\u00e4 keskeisimpi\u00e4 seikkoja on, ett\u00e4 Ven\u00e4j\u00e4n ei katsota muodostavan suoraa ja v\u00e4lit\u00f6nt\u00e4 sotilaallista uhkaa Suomelle, mutta se harjoittaa monimuotoisin keinoin laaja-alaista painostusta eli hybridivaikuttamista. Painostus ilmenee mm. v\u00e4lineellistetyn maahanmuuton, Suomen infrastruktuurin vahingoittumisen sek\u00e4 v\u00e4\u00e4ristetyn uutisoinnin lis\u00e4ksi erityisesti tietoverkkojen kautta harjoitettuna laittomana toimintana kuten vakoiluna, tietoturvaloukkauksina ja sabotaaseina sek\u00e4 digitaalisten alustojen avulla levitettyn\u00e4 hienojakoisena ja vastaanottajan taipumuksiin sovitettuna propagandana. Kiina harjoittaa laajamittaista teollisuusvakoilua tietoturvaloukkauksiin johtavin keinoin.<\/p>\n<\/div>\n<\/div>\n<\/div>\n\n\n","protected":false},"excerpt":{"rendered":"","protected":false},"author":7,"featured_media":0,"parent":1458,"menu_order":0,"comment_status":"closed","ping_status":"closed","template":"","meta":{"_acf_changed":false,"_relevanssi_hide_post":"","_relevanssi_hide_content":"","_relevanssi_pin_for_all":"","_relevanssi_pin_keywords":"","_relevanssi_unpin_keywords":"","_relevanssi_related_keywords":"","_relevanssi_related_include_ids":"","_relevanssi_related_exclude_ids":"","_relevanssi_related_no_append":"","_relevanssi_related_not_related":"","_relevanssi_related_posts":"5242,5248,4164,5380","_relevanssi_noindex_reason":"","inline_featured_image":false,"growthstack-ab-test":[],"growthstack-ab-test-views":[],"footnotes":""},"class_list":["post-5636","page","type-page","status-publish","hentry"],"acf":{"is_store_related":false,"locked":true},"yoast_head":"<!-- This site is optimized with the Yoast SEO Premium plugin v27.1 (Yoast SEO v27.4) - https:\/\/yoast.com\/product\/yoast-seo-premium-wordpress\/ -->\n<title>Kybertilannekuva - Teknologiateollisuus - J\u00e4senille<\/title>\n<meta name=\"description\" content=\"Teknologiateollisuuden kybertilannekuva t\u00e4ydent\u00e4\u00e4 tilannekuvatietoa ja tarjoaa keskeisimpi\u00e4 kyberturvallisuusnostoja alan yrityksille.\" \/>\n<meta name=\"robots\" content=\"index, follow, max-snippet:-1, max-image-preview:large, max-video-preview:-1\" \/>\n<link rel=\"canonical\" href=\"https:\/\/teknologiateollisuus.fi\/jasenille\/palvelut\/tilannekuva\/kybertilannekuva\/\" \/>\n<meta property=\"og:locale\" content=\"fi_FI\" \/>\n<meta property=\"og:type\" content=\"article\" \/>\n<meta property=\"og:title\" content=\"Kybertilannekuva\" \/>\n<meta property=\"og:description\" content=\"Teknologiateollisuuden kybertilannekuva t\u00e4ydent\u00e4\u00e4 tilannekuvatietoa ja tarjoaa keskeisimpi\u00e4 kyberturvallisuusnostoja alan yrityksille.\" \/>\n<meta property=\"og:url\" content=\"https:\/\/teknologiateollisuus.fi\/jasenille\/palvelut\/tilannekuva\/kybertilannekuva\/\" \/>\n<meta property=\"og:site_name\" content=\"Teknologiateollisuus - J\u00e4senille\" \/>\n<meta property=\"article:modified_time\" content=\"2026-03-25T13:16:10+00:00\" \/>\n<meta property=\"og:image\" content=\"https:\/\/teknologiateollisuus.fi\/jasenille\/wp-content\/uploads\/sites\/1\/2025\/12\/image-1-800x406.png\" \/>\n<meta name=\"twitter:card\" content=\"summary_large_image\" \/>\n<meta name=\"twitter:label1\" content=\"Arvioitu lukuaika\" \/>\n\t<meta name=\"twitter:data1\" content=\"20 minuuttia\" \/>\n<script type=\"application\/ld+json\" class=\"yoast-schema-graph\">{\"@context\":\"https:\\\/\\\/schema.org\",\"@graph\":[{\"@type\":\"WebPage\",\"@id\":\"https:\\\/\\\/teknologiateollisuus.fi\\\/jasenille\\\/palvelut\\\/tilannekuva\\\/kybertilannekuva\\\/\",\"url\":\"https:\\\/\\\/teknologiateollisuus.fi\\\/jasenille\\\/palvelut\\\/tilannekuva\\\/kybertilannekuva\\\/\",\"name\":\"Kybertilannekuva - Teknologiateollisuus - J\u00e4senille\",\"isPartOf\":{\"@id\":\"https:\\\/\\\/teknologiateollisuus.fi\\\/jasenille\\\/#website\"},\"primaryImageOfPage\":{\"@id\":\"https:\\\/\\\/teknologiateollisuus.fi\\\/jasenille\\\/palvelut\\\/tilannekuva\\\/kybertilannekuva\\\/#primaryimage\"},\"image\":{\"@id\":\"https:\\\/\\\/teknologiateollisuus.fi\\\/jasenille\\\/palvelut\\\/tilannekuva\\\/kybertilannekuva\\\/#primaryimage\"},\"thumbnailUrl\":\"https:\\\/\\\/teknologiateollisuus.fi\\\/jasenille\\\/wp-content\\\/uploads\\\/sites\\\/1\\\/2025\\\/12\\\/image-1-800x406.png\",\"datePublished\":\"2024-02-28T11:14:37+00:00\",\"dateModified\":\"2026-03-25T13:16:10+00:00\",\"description\":\"Teknologiateollisuuden kybertilannekuva t\u00e4ydent\u00e4\u00e4 tilannekuvatietoa ja tarjoaa keskeisimpi\u00e4 kyberturvallisuusnostoja alan yrityksille.\",\"breadcrumb\":{\"@id\":\"https:\\\/\\\/teknologiateollisuus.fi\\\/jasenille\\\/palvelut\\\/tilannekuva\\\/kybertilannekuva\\\/#breadcrumb\"},\"inLanguage\":\"fi\",\"potentialAction\":[{\"@type\":\"ReadAction\",\"target\":[\"https:\\\/\\\/teknologiateollisuus.fi\\\/jasenille\\\/palvelut\\\/tilannekuva\\\/kybertilannekuva\\\/\"]}]},{\"@type\":\"ImageObject\",\"inLanguage\":\"fi\",\"@id\":\"https:\\\/\\\/teknologiateollisuus.fi\\\/jasenille\\\/palvelut\\\/tilannekuva\\\/kybertilannekuva\\\/#primaryimage\",\"url\":\"https:\\\/\\\/teknologiateollisuus.fi\\\/jasenille\\\/wp-content\\\/uploads\\\/sites\\\/1\\\/2025\\\/12\\\/image-1.png\",\"contentUrl\":\"https:\\\/\\\/teknologiateollisuus.fi\\\/jasenille\\\/wp-content\\\/uploads\\\/sites\\\/1\\\/2025\\\/12\\\/image-1.png\",\"width\":901,\"height\":457},{\"@type\":\"BreadcrumbList\",\"@id\":\"https:\\\/\\\/teknologiateollisuus.fi\\\/jasenille\\\/palvelut\\\/tilannekuva\\\/kybertilannekuva\\\/#breadcrumb\",\"itemListElement\":[{\"@type\":\"ListItem\",\"position\":1,\"name\":\"Home\",\"item\":\"https:\\\/\\\/teknologiateollisuus.fi\\\/jasenille\\\/\"},{\"@type\":\"ListItem\",\"position\":2,\"name\":\"Palvelut\",\"item\":\"https:\\\/\\\/teknologiateollisuus.fi\\\/jasenille\\\/palvelut\\\/\"},{\"@type\":\"ListItem\",\"position\":3,\"name\":\"Tilannekuva\",\"item\":\"https:\\\/\\\/teknologiateollisuus.fi\\\/jasenille\\\/palvelut\\\/tilannekuva\\\/\"},{\"@type\":\"ListItem\",\"position\":4,\"name\":\"Kybertilannekuva\"}]},{\"@type\":\"WebSite\",\"@id\":\"https:\\\/\\\/teknologiateollisuus.fi\\\/jasenille\\\/#website\",\"url\":\"https:\\\/\\\/teknologiateollisuus.fi\\\/jasenille\\\/\",\"name\":\"Teknologiateollisuus - J\u00e4senille\",\"description\":\"\",\"publisher\":{\"@id\":\"https:\\\/\\\/teknologiateollisuus.fi\\\/jasenille\\\/#organization\"},\"potentialAction\":[{\"@type\":\"SearchAction\",\"target\":{\"@type\":\"EntryPoint\",\"urlTemplate\":\"https:\\\/\\\/teknologiateollisuus.fi\\\/jasenille\\\/?s={search_term_string}\"},\"query-input\":{\"@type\":\"PropertyValueSpecification\",\"valueRequired\":true,\"valueName\":\"search_term_string\"}}],\"inLanguage\":\"fi\"},{\"@type\":\"Organization\",\"@id\":\"https:\\\/\\\/teknologiateollisuus.fi\\\/jasenille\\\/#organization\",\"name\":\"Teknologiateollisuus - J\u00e4senille\",\"url\":\"https:\\\/\\\/teknologiateollisuus.fi\\\/jasenille\\\/\",\"logo\":{\"@type\":\"ImageObject\",\"inLanguage\":\"fi\",\"@id\":\"https:\\\/\\\/teknologiateollisuus.fi\\\/jasenille\\\/#\\\/schema\\\/logo\\\/image\\\/\",\"url\":\"https:\\\/\\\/teknologiateollisuus.fi\\\/jasenille\\\/wp-content\\\/uploads\\\/sites\\\/1\\\/2023\\\/10\\\/placeholder.png\",\"contentUrl\":\"https:\\\/\\\/teknologiateollisuus.fi\\\/jasenille\\\/wp-content\\\/uploads\\\/sites\\\/1\\\/2023\\\/10\\\/placeholder.png\",\"width\":2560,\"height\":1920,\"caption\":\"Teknologiateollisuus - J\u00e4senille\"},\"image\":{\"@id\":\"https:\\\/\\\/teknologiateollisuus.fi\\\/jasenille\\\/#\\\/schema\\\/logo\\\/image\\\/\"}}]}<\/script>\n<!-- \/ Yoast SEO Premium plugin. -->","yoast_head_json":{"title":"Kybertilannekuva - Teknologiateollisuus - J\u00e4senille","description":"Teknologiateollisuuden kybertilannekuva t\u00e4ydent\u00e4\u00e4 tilannekuvatietoa ja tarjoaa keskeisimpi\u00e4 kyberturvallisuusnostoja alan yrityksille.","robots":{"index":"index","follow":"follow","max-snippet":"max-snippet:-1","max-image-preview":"max-image-preview:large","max-video-preview":"max-video-preview:-1"},"canonical":"https:\/\/teknologiateollisuus.fi\/jasenille\/palvelut\/tilannekuva\/kybertilannekuva\/","og_locale":"fi_FI","og_type":"article","og_title":"Kybertilannekuva","og_description":"Teknologiateollisuuden kybertilannekuva t\u00e4ydent\u00e4\u00e4 tilannekuvatietoa ja tarjoaa keskeisimpi\u00e4 kyberturvallisuusnostoja alan yrityksille.","og_url":"https:\/\/teknologiateollisuus.fi\/jasenille\/palvelut\/tilannekuva\/kybertilannekuva\/","og_site_name":"Teknologiateollisuus - J\u00e4senille","article_modified_time":"2026-03-25T13:16:10+00:00","og_image":[{"url":"https:\/\/teknologiateollisuus.fi\/jasenille\/wp-content\/uploads\/sites\/1\/2025\/12\/image-1-800x406.png","type":"","width":"","height":""}],"twitter_card":"summary_large_image","twitter_misc":{"Arvioitu lukuaika":"20 minuuttia"},"schema":{"@context":"https:\/\/schema.org","@graph":[{"@type":"WebPage","@id":"https:\/\/teknologiateollisuus.fi\/jasenille\/palvelut\/tilannekuva\/kybertilannekuva\/","url":"https:\/\/teknologiateollisuus.fi\/jasenille\/palvelut\/tilannekuva\/kybertilannekuva\/","name":"Kybertilannekuva - Teknologiateollisuus - J\u00e4senille","isPartOf":{"@id":"https:\/\/teknologiateollisuus.fi\/jasenille\/#website"},"primaryImageOfPage":{"@id":"https:\/\/teknologiateollisuus.fi\/jasenille\/palvelut\/tilannekuva\/kybertilannekuva\/#primaryimage"},"image":{"@id":"https:\/\/teknologiateollisuus.fi\/jasenille\/palvelut\/tilannekuva\/kybertilannekuva\/#primaryimage"},"thumbnailUrl":"https:\/\/teknologiateollisuus.fi\/jasenille\/wp-content\/uploads\/sites\/1\/2025\/12\/image-1-800x406.png","datePublished":"2024-02-28T11:14:37+00:00","dateModified":"2026-03-25T13:16:10+00:00","description":"Teknologiateollisuuden kybertilannekuva t\u00e4ydent\u00e4\u00e4 tilannekuvatietoa ja tarjoaa keskeisimpi\u00e4 kyberturvallisuusnostoja alan yrityksille.","breadcrumb":{"@id":"https:\/\/teknologiateollisuus.fi\/jasenille\/palvelut\/tilannekuva\/kybertilannekuva\/#breadcrumb"},"inLanguage":"fi","potentialAction":[{"@type":"ReadAction","target":["https:\/\/teknologiateollisuus.fi\/jasenille\/palvelut\/tilannekuva\/kybertilannekuva\/"]}]},{"@type":"ImageObject","inLanguage":"fi","@id":"https:\/\/teknologiateollisuus.fi\/jasenille\/palvelut\/tilannekuva\/kybertilannekuva\/#primaryimage","url":"https:\/\/teknologiateollisuus.fi\/jasenille\/wp-content\/uploads\/sites\/1\/2025\/12\/image-1.png","contentUrl":"https:\/\/teknologiateollisuus.fi\/jasenille\/wp-content\/uploads\/sites\/1\/2025\/12\/image-1.png","width":901,"height":457},{"@type":"BreadcrumbList","@id":"https:\/\/teknologiateollisuus.fi\/jasenille\/palvelut\/tilannekuva\/kybertilannekuva\/#breadcrumb","itemListElement":[{"@type":"ListItem","position":1,"name":"Home","item":"https:\/\/teknologiateollisuus.fi\/jasenille\/"},{"@type":"ListItem","position":2,"name":"Palvelut","item":"https:\/\/teknologiateollisuus.fi\/jasenille\/palvelut\/"},{"@type":"ListItem","position":3,"name":"Tilannekuva","item":"https:\/\/teknologiateollisuus.fi\/jasenille\/palvelut\/tilannekuva\/"},{"@type":"ListItem","position":4,"name":"Kybertilannekuva"}]},{"@type":"WebSite","@id":"https:\/\/teknologiateollisuus.fi\/jasenille\/#website","url":"https:\/\/teknologiateollisuus.fi\/jasenille\/","name":"Teknologiateollisuus - J\u00e4senille","description":"","publisher":{"@id":"https:\/\/teknologiateollisuus.fi\/jasenille\/#organization"},"potentialAction":[{"@type":"SearchAction","target":{"@type":"EntryPoint","urlTemplate":"https:\/\/teknologiateollisuus.fi\/jasenille\/?s={search_term_string}"},"query-input":{"@type":"PropertyValueSpecification","valueRequired":true,"valueName":"search_term_string"}}],"inLanguage":"fi"},{"@type":"Organization","@id":"https:\/\/teknologiateollisuus.fi\/jasenille\/#organization","name":"Teknologiateollisuus - J\u00e4senille","url":"https:\/\/teknologiateollisuus.fi\/jasenille\/","logo":{"@type":"ImageObject","inLanguage":"fi","@id":"https:\/\/teknologiateollisuus.fi\/jasenille\/#\/schema\/logo\/image\/","url":"https:\/\/teknologiateollisuus.fi\/jasenille\/wp-content\/uploads\/sites\/1\/2023\/10\/placeholder.png","contentUrl":"https:\/\/teknologiateollisuus.fi\/jasenille\/wp-content\/uploads\/sites\/1\/2023\/10\/placeholder.png","width":2560,"height":1920,"caption":"Teknologiateollisuus - J\u00e4senille"},"image":{"@id":"https:\/\/teknologiateollisuus.fi\/jasenille\/#\/schema\/logo\/image\/"}}]}},"lang":"fi","translations":{"fi":5636},"pll_sync_post":[],"_links":{"self":[{"href":"https:\/\/teknologiateollisuus.fi\/jasenille\/wp-json\/wp\/v2\/pages\/5636","targetHints":{"allow":["GET"]}}],"collection":[{"href":"https:\/\/teknologiateollisuus.fi\/jasenille\/wp-json\/wp\/v2\/pages"}],"about":[{"href":"https:\/\/teknologiateollisuus.fi\/jasenille\/wp-json\/wp\/v2\/types\/page"}],"author":[{"embeddable":true,"href":"https:\/\/teknologiateollisuus.fi\/jasenille\/wp-json\/wp\/v2\/users\/7"}],"replies":[{"embeddable":true,"href":"https:\/\/teknologiateollisuus.fi\/jasenille\/wp-json\/wp\/v2\/comments?post=5636"}],"version-history":[{"count":30,"href":"https:\/\/teknologiateollisuus.fi\/jasenille\/wp-json\/wp\/v2\/pages\/5636\/revisions"}],"predecessor-version":[{"id":29499,"href":"https:\/\/teknologiateollisuus.fi\/jasenille\/wp-json\/wp\/v2\/pages\/5636\/revisions\/29499"}],"up":[{"embeddable":true,"href":"https:\/\/teknologiateollisuus.fi\/jasenille\/wp-json\/wp\/v2\/pages\/1458"}],"wp:attachment":[{"href":"https:\/\/teknologiateollisuus.fi\/jasenille\/wp-json\/wp\/v2\/media?parent=5636"}],"curies":[{"name":"wp","href":"https:\/\/api.w.org\/{rel}","templated":true}]}}