{"id":832,"date":"2023-11-28T11:21:39","date_gmt":"2023-11-28T09:21:39","guid":{"rendered":"https:\/\/teknologiateollisuus.fi\/jasenille\/?page_id=832"},"modified":"2026-03-27T08:23:08","modified_gmt":"2026-03-27T06:23:08","slug":"liity-teknologiateollisuuden-tyonantajat-ryn-jaseneksi","status":"publish","type":"page","link":"https:\/\/teknologiateollisuus.fi\/jasenille\/tietoa-toiminnasta\/jasenyys\/liity-teknologiateollisuuden-tyonantajat-ryn-jaseneksi\/","title":{"rendered":"Liity Teknologiateollisuuden ty\u00f6nantajat ry:n j\u00e4seneksi"},"content":{"rendered":"\n<div class=\"em-block-hero hero-has-background-color has-background has-black-background-color collapse  \">\n\t<div class=\"em-block-hero__container\">\n\t\t<div class=\"em-block-hero__content\">\n\t\t\t<div class=\"yoast-breadcrumbs\"><span><span><a href=\"https:\/\/teknologiateollisuus.fi\/jasenille\/\">Home<\/a><\/span> <span class=\"separator\"><\/span> <span><a href=\"https:\/\/teknologiateollisuus.fi\/jasenille\/tietoa-toiminnasta\/\">Tietoa toiminnasta<\/a><\/span> <span class=\"separator\"><\/span> <span><a href=\"https:\/\/teknologiateollisuus.fi\/jasenille\/tietoa-toiminnasta\/jasenyys\/\">J\u00e4senyys<\/a><\/span> <span class=\"separator\"><\/span> <span class=\"breadcrumb_last\" aria-current=\"page\">Liity Teknologiateollisuuden ty\u00f6nantajat ry:n j\u00e4seneksi<\/span><\/span><\/div>\t\t\t\n<h1 class=\"wp-block-heading\" id=\"h-liity-teknologiateollisuuden-tyonantajat-ry-n-jaseneksi\">Liity Teknologiateollisuuden ty\u00f6nantajat ry:n j\u00e4seneksi<\/h1>\n\t\t\t<div class=\"em-block-hero__modified-date\"> P\u00e4ivitetty 27.03.2026 klo 08:23<\/div>\t\t<\/div>\n\t\t\t\t\t<figure class=\"em-block-hero__image\">\n\t\t\t\t\t\t\t<\/figure>\n\t\t\t<\/div>\n<\/div>\n\n\n\n<h2 class=\"wp-block-heading  mt-sm\" id=\"h-tyoehdot-ja-jasenyys\" id=\"tyoehdot-ja-jasenyys\">Ty\u00f6ehdot ja j\u00e4senyys <\/h2>\n\n\n\n<p>Yrityksen valitsema ty\u00f6ehtomalli ratkaisee sen, mink\u00e4laisen j\u00e4senyyden se tarvitsee. Mik\u00e4li yritys on ep\u00e4varma sopivasta ty\u00f6ehtomallista, kannattaa sen aluksi hakea vain&nbsp;<strong>Teknologiateollisuus ry:n&nbsp;<\/strong>j\u00e4senyytt\u00e4. T\u00e4ll\u00f6in se p\u00e4\u00e4see j\u00e4senpalvelujen piiriin ja asiantuntijamme tukevat sopivimman ty\u00f6ehtomallin valinnassa.<\/p>\n\n\n\n<div class=\"wp-block-buttons  mt-none is-layout-flex wp-block-buttons-is-layout-flex\">\n<div class=\"wp-block-button  icon-right\"><a class=\"wp-block-button__link wp-element-button\" href=\"https:\/\/teknologiateollisuus.fi\/jasenille\/tyoehdot\/\">Lue lis\u00e4\u00e4 ty\u00f6ehtomalleista <\/a><\/div>\n<\/div>\n\n\n\n<h2 class=\"wp-block-heading  mb-xs mt-sm\" id=\"h-liity-teknologiateollisuuden-tyonantajat-ry-n-jaseneksi-0\" id=\"liity-teknologiateollisuuden-tyonantajat-ryn-jaseneksi\">Liity Teknologiateollisuuden ty\u00f6nantajat ry:n j\u00e4seneksi<\/h2>\n\n\n\n<p class=\" mt-xs\">Teknologiateollisuuden ty\u00f6nantajat ry:n j\u00e4seneksi voivat hakea ty\u00f6nantajayritykset, jotka ovat Teknologiateollisuus ry:n j\u00e4seni\u00e4 ja, jotka haluavat noudattaa valtakunnallisten j\u00e4rjest\u00f6jen solmimia ty\u00f6ehtoja j\u00e4rjest\u00f6jen valvonnan alaisena.<\/p>\n\n\n\n<p>Kaikkien samaan konserniin kuuluvien Teknologiateollisuuden alalla toimivien yritysten olisi hyv\u00e4 samaan aikaan hakea Teknologiateollisuuden ty\u00f6nantajat ry:n j\u00e4seneksi, jotta ty\u00f6ehtosopimuksiin liittyen ei tule tulkinnallisia ongelmia konsernin sis\u00e4ll\u00e4.<\/p>\n\n\n\n<p>Hakemusprosessin yhteydess\u00e4 arvioidaan mink\u00e4 Teknologiateollisuuden ty\u00f6nantajat ry:n sopiman ty\u00f6ehtosopimuksen tai ty\u00f6ehtosopimusten piiriin j\u00e4seneksi tuleva yritys soveltuisi.&nbsp;<\/p>\n\n\n\n<p>J\u00e4senyytt\u00e4 hakiessaan yritys sitoutuu noudattamaan <a href=\"https:\/\/teknologiateollisuus.fi\/jasenille\/wp-content\/uploads\/sites\/1\/2023\/11\/Teknologiateollisuuden-tyonantajat-ryn-saannot.pdf\">Teknologiateollisuuden ty\u00f6nantajat ry:n s\u00e4\u00e4nt\u00f6j\u00e4<\/a>. Luethan s\u00e4\u00e4nn\u00f6t ennen hakemuksen l\u00e4hett\u00e4mist\u00e4.<\/p>\n\n\n\n<div class=\"wp-block-buttons  mt-none is-layout-flex wp-block-buttons-is-layout-flex\">\n<div class=\"wp-block-button  icon-right\"><a class=\"wp-block-button__link wp-element-button\" href=\"https:\/\/hakemus.teknologiatyonantajat.fi\/\">Tee s\u00e4hk\u00f6inen j\u00e4senhakemus<\/a><\/div>\n<\/div>\n\n\n\n<h2 class=\"wp-block-heading  mb-xs mt-xs\" id=\"h-hakemuksen-taytto-ja-hakemusprosessi\" id=\"hakemuksen-taytto-ja-hakemusprosessi\"><br>Hakemuksen t\u00e4ytt\u00f6 ja hakemusprosessi <\/h2>\n\n\n\n<p class=\" mt-xs\">Teknologiateollisuus ry:n j\u00e4senyys tarkastetaan hakemusprosessissa y-tunnuksen avulla. Hakemuksen voi allekirjoittaa ainoastaan yrityksen nimenkirjoitusoikeudellinen henkil\u00f6. Hakemuksen allekirjoittajan nimenkirjoitusoikeus tarkistetaan kaupparekisterist\u00e4 s\u00e4hk\u00f6isen allekirjoitusprosessin aikana.<\/p>\n\n\n\n<p>Jos allekirjoittajia on kaksi, hakemukseen t\u00e4ytet\u00e4\u00e4n heist\u00e4 ensimm\u00e4isen s\u00e4hk\u00f6postiosoite. Allekirjoitusprosessi l\u00e4hett\u00e4\u00e4 ensimm\u00e4isen allekirjoituskutsun. Kun allekirjoitus on hyv\u00e4ksytty, saa ensimm\u00e4inen allekirjoittaja siit\u00e4 vahvistuksen sek\u00e4 pyynn\u00f6n v\u00e4litt\u00e4\u00e4 h\u00e4nelle l\u00e4hetetty s\u00e4hk\u00f6posti yrityksen toiselle nimenkirjoittajalle. Allekirjoitusprosessi l\u00e4hett\u00e4\u00e4 uuden viestin, kun molemmat allekirjoitukset on hyv\u00e4ksytty.<\/p>\n\n\n\n<p>J\u00e4senhakemukset ratkaisee Teknologiateollisuuden ty\u00f6nantajat ry:n hallitus kokouksissaan. Kussakin kokouksessa k\u00e4sitell\u00e4\u00e4n ne hakemukset, jotka on allekirjoitettu kokousta edelt\u00e4v\u00e4n p\u00e4iv\u00e4n aamuun menness\u00e4.<\/p>\n\n\n\n<div class=\"wp-block-group is-style-tight has-light-gray-background-color has-background is-layout-constrained wp-block-group-is-layout-constrained\">\n<h4 class=\"wp-block-heading\" id=\"h-hallituksen-kokoukset-2026-21-5-2026-21-8-2026-8-10-2026-10-12-2026\" id=\"hallituksen-kokoukset-202621-5-202621-8-20268-10-202610-12-2026\">Hallituksen kokoukset 2026<br>21.5.2026<br>21.8.2026<br>8.10.2026<br>10.12.2026<\/h4>\n<\/div>\n\n\n\n<p class=\" mt-sm\">Olemme hakemuksen l\u00e4hett\u00e4j\u00e4\u00e4n yhteydess\u00e4 s\u00e4hk\u00f6postitse hakemusprosessin aikana, viimeist\u00e4\u00e4n silloin kun hakemus on siirtynyt hallituksen hyv\u00e4ksytt\u00e4v\u00e4ksi. Hallituksen kokouksen j\u00e4lkeen l\u00e4het\u00e4mme tiedotteen j\u00e4senyydest\u00e4 uusien j\u00e4senyritysten toimitusjohtajille.<\/p>\n\n\n\n<p>Ongelmatilanteissa pyyd\u00e4mme ottamaan s\u00e4hk\u00f6postitse yhteytt\u00e4 j\u00e4senhallintoomme <strong>jasenasiat@teknologiateollisuus.fi<\/strong><\/p>\n","protected":false},"excerpt":{"rendered":"<p>Ty\u00f6ehdot ja j\u00e4senyys Yrityksen valitsema ty\u00f6ehtomalli ratkaisee sen, mink\u00e4laisen j\u00e4senyyden se tarvitsee. Mik\u00e4li yritys on ep\u00e4varma sopivasta ty\u00f6ehtomallista, kannattaa sen aluksi hakea vain&nbsp;Teknologiateollisuus ry:n&nbsp;j\u00e4senyytt\u00e4. T\u00e4ll\u00f6in se p\u00e4\u00e4see j\u00e4senpalvelujen piiriin ja asiantuntijamme tukevat sopivimman ty\u00f6ehtomallin valinnassa. Liity Teknologiateollisuuden ty\u00f6nantajat ry:n j\u00e4seneksi Teknologiateollisuuden ty\u00f6nantajat ry:n j\u00e4seneksi voivat hakea ty\u00f6nantajayritykset, jotka ovat Teknologiateollisuus ry:n j\u00e4seni\u00e4 ja, jotka haluavat [&hellip;]<\/p>\n","protected":false},"author":20,"featured_media":0,"parent":635,"menu_order":2,"comment_status":"closed","ping_status":"closed","template":"","meta":{"_acf_changed":false,"_relevanssi_hide_post":"","_relevanssi_hide_content":"","_relevanssi_pin_for_all":"","_relevanssi_pin_keywords":"","_relevanssi_unpin_keywords":"","_relevanssi_related_keywords":"","_relevanssi_related_include_ids":"","_relevanssi_related_exclude_ids":"","_relevanssi_related_no_append":"","_relevanssi_related_not_related":"","_relevanssi_related_posts":"168,169,165,167,1417,166","_relevanssi_noindex_reason":"","inline_featured_image":false,"growthstack-ab-test":[],"growthstack-ab-test-views":[],"footnotes":""},"class_list":["post-832","page","type-page","status-publish","hentry"],"acf":{"is_store_related":false,"locked":false},"yoast_head":"<!-- This site is optimized with the Yoast SEO Premium plugin v27.1 (Yoast SEO v27.4) - https:\/\/yoast.com\/product\/yoast-seo-premium-wordpress\/ -->\n<title>Liity Teknologiateollisuuden ty\u00f6nantajat ry:n j\u00e4seneksi - Teknologiateollisuus - J\u00e4senille<\/title>\n<meta name=\"description\" content=\"Tutustu j\u00e4senhakemukseen ja hae j\u00e4seneksi!\" \/>\n<meta name=\"robots\" content=\"index, follow, max-snippet:-1, max-image-preview:large, max-video-preview:-1\" \/>\n<link rel=\"canonical\" href=\"https:\/\/teknologiateollisuus.fi\/jasenille\/tietoa-toiminnasta\/jasenyys\/liity-teknologiateollisuuden-tyonantajat-ryn-jaseneksi\/\" \/>\n<meta property=\"og:locale\" content=\"fi_FI\" \/>\n<meta property=\"og:type\" content=\"article\" \/>\n<meta property=\"og:title\" content=\"Liity Teknologiateollisuuden ty\u00f6nantajat ry:n j\u00e4seneksi\" \/>\n<meta property=\"og:description\" content=\"Tutustu j\u00e4senhakemukseen ja hae j\u00e4seneksi!\" \/>\n<meta property=\"og:url\" content=\"https:\/\/teknologiateollisuus.fi\/jasenille\/tietoa-toiminnasta\/jasenyys\/liity-teknologiateollisuuden-tyonantajat-ryn-jaseneksi\/\" \/>\n<meta property=\"og:site_name\" content=\"Teknologiateollisuus - J\u00e4senille\" \/>\n<meta property=\"article:modified_time\" content=\"2026-03-27T06:23:08+00:00\" \/>\n<meta name=\"twitter:card\" content=\"summary_large_image\" \/>\n<meta name=\"twitter:label1\" content=\"Arvioitu lukuaika\" \/>\n\t<meta name=\"twitter:data1\" content=\"2 minuuttia\" \/>\n<script type=\"application\/ld+json\" class=\"yoast-schema-graph\">{\"@context\":\"https:\\\/\\\/schema.org\",\"@graph\":[{\"@type\":\"WebPage\",\"@id\":\"https:\\\/\\\/teknologiateollisuus.fi\\\/jasenille\\\/tietoa-toiminnasta\\\/jasenyys\\\/liity-teknologiateollisuuden-tyonantajat-ryn-jaseneksi\\\/\",\"url\":\"https:\\\/\\\/teknologiateollisuus.fi\\\/jasenille\\\/tietoa-toiminnasta\\\/jasenyys\\\/liity-teknologiateollisuuden-tyonantajat-ryn-jaseneksi\\\/\",\"name\":\"Liity Teknologiateollisuuden ty\u00f6nantajat ry:n j\u00e4seneksi - Teknologiateollisuus - J\u00e4senille\",\"isPartOf\":{\"@id\":\"https:\\\/\\\/teknologiateollisuus.fi\\\/jasenille\\\/#website\"},\"datePublished\":\"2023-11-28T09:21:39+00:00\",\"dateModified\":\"2026-03-27T06:23:08+00:00\",\"description\":\"Tutustu j\u00e4senhakemukseen ja hae j\u00e4seneksi!\",\"breadcrumb\":{\"@id\":\"https:\\\/\\\/teknologiateollisuus.fi\\\/jasenille\\\/tietoa-toiminnasta\\\/jasenyys\\\/liity-teknologiateollisuuden-tyonantajat-ryn-jaseneksi\\\/#breadcrumb\"},\"inLanguage\":\"fi\",\"potentialAction\":[{\"@type\":\"ReadAction\",\"target\":[\"https:\\\/\\\/teknologiateollisuus.fi\\\/jasenille\\\/tietoa-toiminnasta\\\/jasenyys\\\/liity-teknologiateollisuuden-tyonantajat-ryn-jaseneksi\\\/\"]}]},{\"@type\":\"BreadcrumbList\",\"@id\":\"https:\\\/\\\/teknologiateollisuus.fi\\\/jasenille\\\/tietoa-toiminnasta\\\/jasenyys\\\/liity-teknologiateollisuuden-tyonantajat-ryn-jaseneksi\\\/#breadcrumb\",\"itemListElement\":[{\"@type\":\"ListItem\",\"position\":1,\"name\":\"Home\",\"item\":\"https:\\\/\\\/teknologiateollisuus.fi\\\/jasenille\\\/\"},{\"@type\":\"ListItem\",\"position\":2,\"name\":\"Tietoa toiminnasta\",\"item\":\"https:\\\/\\\/teknologiateollisuus.fi\\\/jasenille\\\/tietoa-toiminnasta\\\/\"},{\"@type\":\"ListItem\",\"position\":3,\"name\":\"J\u00e4senyys\",\"item\":\"https:\\\/\\\/teknologiateollisuus.fi\\\/jasenille\\\/tietoa-toiminnasta\\\/jasenyys\\\/\"},{\"@type\":\"ListItem\",\"position\":4,\"name\":\"Liity Teknologiateollisuuden ty\u00f6nantajat ry:n j\u00e4seneksi\"}]},{\"@type\":\"WebSite\",\"@id\":\"https:\\\/\\\/teknologiateollisuus.fi\\\/jasenille\\\/#website\",\"url\":\"https:\\\/\\\/teknologiateollisuus.fi\\\/jasenille\\\/\",\"name\":\"Teknologiateollisuus - J\u00e4senille\",\"description\":\"\",\"publisher\":{\"@id\":\"https:\\\/\\\/teknologiateollisuus.fi\\\/jasenille\\\/#organization\"},\"potentialAction\":[{\"@type\":\"SearchAction\",\"target\":{\"@type\":\"EntryPoint\",\"urlTemplate\":\"https:\\\/\\\/teknologiateollisuus.fi\\\/jasenille\\\/?s={search_term_string}\"},\"query-input\":{\"@type\":\"PropertyValueSpecification\",\"valueRequired\":true,\"valueName\":\"search_term_string\"}}],\"inLanguage\":\"fi\"},{\"@type\":\"Organization\",\"@id\":\"https:\\\/\\\/teknologiateollisuus.fi\\\/jasenille\\\/#organization\",\"name\":\"Teknologiateollisuus - J\u00e4senille\",\"url\":\"https:\\\/\\\/teknologiateollisuus.fi\\\/jasenille\\\/\",\"logo\":{\"@type\":\"ImageObject\",\"inLanguage\":\"fi\",\"@id\":\"https:\\\/\\\/teknologiateollisuus.fi\\\/jasenille\\\/#\\\/schema\\\/logo\\\/image\\\/\",\"url\":\"https:\\\/\\\/teknologiateollisuus.fi\\\/jasenille\\\/wp-content\\\/uploads\\\/sites\\\/1\\\/2023\\\/10\\\/placeholder.png\",\"contentUrl\":\"https:\\\/\\\/teknologiateollisuus.fi\\\/jasenille\\\/wp-content\\\/uploads\\\/sites\\\/1\\\/2023\\\/10\\\/placeholder.png\",\"width\":2560,\"height\":1920,\"caption\":\"Teknologiateollisuus - J\u00e4senille\"},\"image\":{\"@id\":\"https:\\\/\\\/teknologiateollisuus.fi\\\/jasenille\\\/#\\\/schema\\\/logo\\\/image\\\/\"}}]}<\/script>\n<!-- \/ Yoast SEO Premium plugin. -->","yoast_head_json":{"title":"Liity Teknologiateollisuuden ty\u00f6nantajat ry:n j\u00e4seneksi - Teknologiateollisuus - J\u00e4senille","description":"Tutustu j\u00e4senhakemukseen ja hae j\u00e4seneksi!","robots":{"index":"index","follow":"follow","max-snippet":"max-snippet:-1","max-image-preview":"max-image-preview:large","max-video-preview":"max-video-preview:-1"},"canonical":"https:\/\/teknologiateollisuus.fi\/jasenille\/tietoa-toiminnasta\/jasenyys\/liity-teknologiateollisuuden-tyonantajat-ryn-jaseneksi\/","og_locale":"fi_FI","og_type":"article","og_title":"Liity Teknologiateollisuuden ty\u00f6nantajat ry:n j\u00e4seneksi","og_description":"Tutustu j\u00e4senhakemukseen ja hae j\u00e4seneksi!","og_url":"https:\/\/teknologiateollisuus.fi\/jasenille\/tietoa-toiminnasta\/jasenyys\/liity-teknologiateollisuuden-tyonantajat-ryn-jaseneksi\/","og_site_name":"Teknologiateollisuus - J\u00e4senille","article_modified_time":"2026-03-27T06:23:08+00:00","twitter_card":"summary_large_image","twitter_misc":{"Arvioitu lukuaika":"2 minuuttia"},"schema":{"@context":"https:\/\/schema.org","@graph":[{"@type":"WebPage","@id":"https:\/\/teknologiateollisuus.fi\/jasenille\/tietoa-toiminnasta\/jasenyys\/liity-teknologiateollisuuden-tyonantajat-ryn-jaseneksi\/","url":"https:\/\/teknologiateollisuus.fi\/jasenille\/tietoa-toiminnasta\/jasenyys\/liity-teknologiateollisuuden-tyonantajat-ryn-jaseneksi\/","name":"Liity Teknologiateollisuuden ty\u00f6nantajat ry:n j\u00e4seneksi - Teknologiateollisuus - J\u00e4senille","isPartOf":{"@id":"https:\/\/teknologiateollisuus.fi\/jasenille\/#website"},"datePublished":"2023-11-28T09:21:39+00:00","dateModified":"2026-03-27T06:23:08+00:00","description":"Tutustu j\u00e4senhakemukseen ja hae j\u00e4seneksi!","breadcrumb":{"@id":"https:\/\/teknologiateollisuus.fi\/jasenille\/tietoa-toiminnasta\/jasenyys\/liity-teknologiateollisuuden-tyonantajat-ryn-jaseneksi\/#breadcrumb"},"inLanguage":"fi","potentialAction":[{"@type":"ReadAction","target":["https:\/\/teknologiateollisuus.fi\/jasenille\/tietoa-toiminnasta\/jasenyys\/liity-teknologiateollisuuden-tyonantajat-ryn-jaseneksi\/"]}]},{"@type":"BreadcrumbList","@id":"https:\/\/teknologiateollisuus.fi\/jasenille\/tietoa-toiminnasta\/jasenyys\/liity-teknologiateollisuuden-tyonantajat-ryn-jaseneksi\/#breadcrumb","itemListElement":[{"@type":"ListItem","position":1,"name":"Home","item":"https:\/\/teknologiateollisuus.fi\/jasenille\/"},{"@type":"ListItem","position":2,"name":"Tietoa toiminnasta","item":"https:\/\/teknologiateollisuus.fi\/jasenille\/tietoa-toiminnasta\/"},{"@type":"ListItem","position":3,"name":"J\u00e4senyys","item":"https:\/\/teknologiateollisuus.fi\/jasenille\/tietoa-toiminnasta\/jasenyys\/"},{"@type":"ListItem","position":4,"name":"Liity Teknologiateollisuuden ty\u00f6nantajat ry:n j\u00e4seneksi"}]},{"@type":"WebSite","@id":"https:\/\/teknologiateollisuus.fi\/jasenille\/#website","url":"https:\/\/teknologiateollisuus.fi\/jasenille\/","name":"Teknologiateollisuus - J\u00e4senille","description":"","publisher":{"@id":"https:\/\/teknologiateollisuus.fi\/jasenille\/#organization"},"potentialAction":[{"@type":"SearchAction","target":{"@type":"EntryPoint","urlTemplate":"https:\/\/teknologiateollisuus.fi\/jasenille\/?s={search_term_string}"},"query-input":{"@type":"PropertyValueSpecification","valueRequired":true,"valueName":"search_term_string"}}],"inLanguage":"fi"},{"@type":"Organization","@id":"https:\/\/teknologiateollisuus.fi\/jasenille\/#organization","name":"Teknologiateollisuus - J\u00e4senille","url":"https:\/\/teknologiateollisuus.fi\/jasenille\/","logo":{"@type":"ImageObject","inLanguage":"fi","@id":"https:\/\/teknologiateollisuus.fi\/jasenille\/#\/schema\/logo\/image\/","url":"https:\/\/teknologiateollisuus.fi\/jasenille\/wp-content\/uploads\/sites\/1\/2023\/10\/placeholder.png","contentUrl":"https:\/\/teknologiateollisuus.fi\/jasenille\/wp-content\/uploads\/sites\/1\/2023\/10\/placeholder.png","width":2560,"height":1920,"caption":"Teknologiateollisuus - J\u00e4senille"},"image":{"@id":"https:\/\/teknologiateollisuus.fi\/jasenille\/#\/schema\/logo\/image\/"}}]}},"lang":"fi","translations":{"fi":832},"pll_sync_post":[],"_links":{"self":[{"href":"https:\/\/teknologiateollisuus.fi\/jasenille\/wp-json\/wp\/v2\/pages\/832","targetHints":{"allow":["GET"]}}],"collection":[{"href":"https:\/\/teknologiateollisuus.fi\/jasenille\/wp-json\/wp\/v2\/pages"}],"about":[{"href":"https:\/\/teknologiateollisuus.fi\/jasenille\/wp-json\/wp\/v2\/types\/page"}],"author":[{"embeddable":true,"href":"https:\/\/teknologiateollisuus.fi\/jasenille\/wp-json\/wp\/v2\/users\/20"}],"replies":[{"embeddable":true,"href":"https:\/\/teknologiateollisuus.fi\/jasenille\/wp-json\/wp\/v2\/comments?post=832"}],"version-history":[{"count":30,"href":"https:\/\/teknologiateollisuus.fi\/jasenille\/wp-json\/wp\/v2\/pages\/832\/revisions"}],"predecessor-version":[{"id":29552,"href":"https:\/\/teknologiateollisuus.fi\/jasenille\/wp-json\/wp\/v2\/pages\/832\/revisions\/29552"}],"up":[{"embeddable":true,"href":"https:\/\/teknologiateollisuus.fi\/jasenille\/wp-json\/wp\/v2\/pages\/635"}],"wp:attachment":[{"href":"https:\/\/teknologiateollisuus.fi\/jasenille\/wp-json\/wp\/v2\/media?parent=832"}],"curies":[{"name":"wp","href":"https:\/\/api.w.org\/{rel}","templated":true}]}}