{"id":16159,"date":"2024-11-08T12:27:44","date_gmt":"2024-11-08T10:27:44","guid":{"rendered":"https:\/\/teknologiateollisuus.fi\/jasenille\/?post_type=product&#038;p=16159"},"modified":"2025-08-11T14:52:55","modified_gmt":"2025-08-11T11:52:55","slug":"nu-15-pohjoismaiset-huoltotoiminnan-yleiset-sopimusehdot-pdf-muodossa","status":"publish","type":"product","link":"https:\/\/teknologiateollisuus.fi\/jasenille\/julkaisu\/nu-15-pohjoismaiset-huoltotoiminnan-yleiset-sopimusehdot-pdf-muodossa\/","title":{"rendered":"Huoltotoiminnan yleiset sopimusehdot (NU 15, pdf, Pohjoismaat, suomi)"},"content":{"rendered":"<div class=\"field field-name-body field-type-text-with-summary field-label-hidden\">\n<div class=\"field-items\">\n<div class=\"field-item even\">\n<p>NU 15 Pohjoismaiset huoltotoiminnan yleiset sopimusehdot on uudistettu vuonna 2015 ja ne korvaavat aiemmat NU 06 FI (muokattu 2011) -ehdot.\u00a0 Uusittujen ehtojen nimi on NU 15.<\/p>\n<p>N\u00e4it\u00e4 huoltosopimusehtoja sovelletaan tilanteissa, joissa yritys (tilaaja) sopii huoltoyrityksen (toimittaja) kanssa m\u00e4\u00e4r\u00e4ajoin tai -v\u00e4lein teht\u00e4v\u00e4n huollon suorittamisesta tilaajan koneille tai muille laitteistoille. Toimitusehdoissa k\u00e4ytet\u00e4\u00e4n k\u00e4sitteit\u00e4 ennakkohuolto ja korjaushuolto. Ennakkohuollolla tarkoitetaan huoltoa, jossa s\u00e4\u00e4nn\u00f6llisell\u00e4 huollolla pyrit\u00e4\u00e4n ennakolta torjumaan virheet tai h\u00e4iri\u00f6t.<br \/>\nKorjaushuollolla tarkoitetaan huoltoa, jossa laitteiston toimintaan ilmaantunut virhe tai h\u00e4iri\u00f6 poistetaan.<\/p>\n<p>NU 15 -ehtojen k\u00e4ytt\u00f6\u00e4 helpottamaan voit ladata sopimusmallin, joka on tarkoitettu k\u00e4ytett\u00e4v\u00e4ksi NU-ehtojen mukaisia huoltosopimuksia laadittaessa.<\/p>\n<p>NU 15 -ehdot on sopeutettu toimivaan toimitusk\u00e4yt\u00e4nt\u00f6\u00f6n. Niiden kieliasua ja terminologiaa on uudistettu ja t\u00e4ydennetty. Liitteen\u00e4 olevassa taustatiedotteessa selostetaan muutoksia yksityiskohtaisesti.<\/p>\n<p>&nbsp;<\/p>\n<p>&nbsp;<\/p>\n<\/div>\n<\/div>\n<\/div>\n","protected":false},"excerpt":{"rendered":"<p>NU 15 Pohjoismaiset huoltotoiminnan yleiset sopimusehdot on tarkoitettu tilanteisiin,\u00a0 joissa yritys (tilaaja) sopii huoltoyrityksen (toimittaja) kanssa m\u00e4\u00e4r\u00e4ajoin tai -v\u00e4lein teht\u00e4v\u00e4n huollon suorittamisesta tilaajan koneille tai muille laitteistoille. Toimitusehdoissa k\u00e4ytet\u00e4\u00e4n k\u00e4sitteit\u00e4 ennakkohuolto ja korjaushuolto.<\/p>\n","protected":false},"featured_media":25647,"template":"","meta":{"_acf_changed":false,"_relevanssi_hide_post":"","_relevanssi_hide_content":"","_relevanssi_pin_for_all":"","_relevanssi_pin_keywords":"","_relevanssi_unpin_keywords":"","_relevanssi_related_keywords":"","_relevanssi_related_include_ids":"","_relevanssi_related_exclude_ids":"","_relevanssi_related_no_append":"","_relevanssi_related_not_related":"","_relevanssi_related_posts":"","_relevanssi_noindex_reason":"","inline_featured_image":false,"growthstack-ab-test":[],"growthstack-ab-test-views":[]},"product_brand":[],"product_cat":[814,807],"product_tag":[730],"class_list":{"0":"post-16159","1":"product","2":"type-product","3":"status-publish","4":"has-post-thumbnail","6":"product_cat-huolto-korjaus-kunnossapitopalvelut","7":"product_cat-sopimusehdot","8":"product_tag-liiketoiminta-ja-innovaatiot","10":"first","11":"instock","12":"sold-individually","13":"taxable","14":"shipping-taxable","15":"purchasable","16":"product-type-variable","17":"has-default-attributes"},"acf":{"creators":"","member_discount":50,"attachments":[{"attachment":16300},{"attachment":16390}],"links":null,"product_recommendations":{"number_of_products":10,"recommendation_basis":"date"}},"yoast_head":"<!-- This site is optimized with the Yoast SEO Premium plugin v27.1 (Yoast SEO v27.3) - https:\/\/yoast.com\/product\/yoast-seo-premium-wordpress\/ -->\n<title>Huoltotoiminnan yleiset sopimusehdot (NU 15, pdf, Pohjoismaat, suomi) - Teknologiateollisuus - J\u00e4senille<\/title>\n<meta name=\"robots\" content=\"index, follow, max-snippet:-1, max-image-preview:large, max-video-preview:-1\" \/>\n<link rel=\"canonical\" href=\"https:\/\/teknologiateollisuus.fi\/jasenille\/julkaisu\/nu-15-pohjoismaiset-huoltotoiminnan-yleiset-sopimusehdot-pdf-muodossa\/\" \/>\n<meta property=\"og:locale\" content=\"fi_FI\" \/>\n<meta property=\"og:type\" content=\"article\" \/>\n<meta property=\"og:title\" content=\"Huoltotoiminnan yleiset sopimusehdot (NU 15, pdf, Pohjoismaat, suomi)\" \/>\n<meta property=\"og:description\" content=\"NU 15 Pohjoismaiset huoltotoiminnan yleiset sopimusehdot on tarkoitettu tilanteisiin,\u00a0 joissa yritys (tilaaja) sopii huoltoyrityksen (toimittaja) kanssa m\u00e4\u00e4r\u00e4ajoin tai -v\u00e4lein teht\u00e4v\u00e4n huollon suorittamisesta tilaajan koneille tai muille laitteistoille. Toimitusehdoissa k\u00e4ytet\u00e4\u00e4n k\u00e4sitteit\u00e4 ennakkohuolto ja korjaushuolto.\" \/>\n<meta property=\"og:url\" content=\"https:\/\/teknologiateollisuus.fi\/jasenille\/julkaisu\/nu-15-pohjoismaiset-huoltotoiminnan-yleiset-sopimusehdot-pdf-muodossa\/\" \/>\n<meta property=\"og:site_name\" content=\"Teknologiateollisuus - J\u00e4senille\" \/>\n<meta property=\"article:modified_time\" content=\"2025-08-11T11:52:55+00:00\" \/>\n<meta property=\"og:image\" content=\"https:\/\/teknologiateollisuus.fi\/jasenille\/wp-content\/uploads\/sites\/1\/2025\/02\/kuvitus-paperinippu-aakkosittain-liitot-pdf-770-900.png\" \/>\n\t<meta property=\"og:image:width\" content=\"770\" \/>\n\t<meta property=\"og:image:height\" content=\"900\" \/>\n\t<meta property=\"og:image:type\" content=\"image\/png\" \/>\n<meta name=\"twitter:card\" content=\"summary_large_image\" \/>\n<meta name=\"twitter:label1\" content=\"Arvioitu lukuaika\" \/>\n\t<meta name=\"twitter:data1\" content=\"1 minuutti\" \/>\n<script type=\"application\/ld+json\" class=\"yoast-schema-graph\">{\"@context\":\"https:\\\/\\\/schema.org\",\"@graph\":[{\"@type\":\"WebPage\",\"@id\":\"https:\\\/\\\/teknologiateollisuus.fi\\\/jasenille\\\/julkaisu\\\/nu-15-pohjoismaiset-huoltotoiminnan-yleiset-sopimusehdot-pdf-muodossa\\\/\",\"url\":\"https:\\\/\\\/teknologiateollisuus.fi\\\/jasenille\\\/julkaisu\\\/nu-15-pohjoismaiset-huoltotoiminnan-yleiset-sopimusehdot-pdf-muodossa\\\/\",\"name\":\"Huoltotoiminnan yleiset sopimusehdot (NU 15, pdf, Pohjoismaat, suomi) - Teknologiateollisuus - J\u00e4senille\",\"isPartOf\":{\"@id\":\"https:\\\/\\\/teknologiateollisuus.fi\\\/jasenille\\\/#website\"},\"primaryImageOfPage\":{\"@id\":\"https:\\\/\\\/teknologiateollisuus.fi\\\/jasenille\\\/julkaisu\\\/nu-15-pohjoismaiset-huoltotoiminnan-yleiset-sopimusehdot-pdf-muodossa\\\/#primaryimage\"},\"image\":{\"@id\":\"https:\\\/\\\/teknologiateollisuus.fi\\\/jasenille\\\/julkaisu\\\/nu-15-pohjoismaiset-huoltotoiminnan-yleiset-sopimusehdot-pdf-muodossa\\\/#primaryimage\"},\"thumbnailUrl\":\"https:\\\/\\\/teknologiateollisuus.fi\\\/jasenille\\\/wp-content\\\/uploads\\\/sites\\\/1\\\/2025\\\/02\\\/kuvitus-paperinippu-aakkosittain-liitot-pdf-770-900.png\",\"datePublished\":\"2024-11-08T10:27:44+00:00\",\"dateModified\":\"2025-08-11T11:52:55+00:00\",\"breadcrumb\":{\"@id\":\"https:\\\/\\\/teknologiateollisuus.fi\\\/jasenille\\\/julkaisu\\\/nu-15-pohjoismaiset-huoltotoiminnan-yleiset-sopimusehdot-pdf-muodossa\\\/#breadcrumb\"},\"inLanguage\":\"fi\",\"potentialAction\":[{\"@type\":\"ReadAction\",\"target\":[\"https:\\\/\\\/teknologiateollisuus.fi\\\/jasenille\\\/julkaisu\\\/nu-15-pohjoismaiset-huoltotoiminnan-yleiset-sopimusehdot-pdf-muodossa\\\/\"]}]},{\"@type\":\"ImageObject\",\"inLanguage\":\"fi\",\"@id\":\"https:\\\/\\\/teknologiateollisuus.fi\\\/jasenille\\\/julkaisu\\\/nu-15-pohjoismaiset-huoltotoiminnan-yleiset-sopimusehdot-pdf-muodossa\\\/#primaryimage\",\"url\":\"https:\\\/\\\/teknologiateollisuus.fi\\\/jasenille\\\/wp-content\\\/uploads\\\/sites\\\/1\\\/2025\\\/02\\\/kuvitus-paperinippu-aakkosittain-liitot-pdf-770-900.png\",\"contentUrl\":\"https:\\\/\\\/teknologiateollisuus.fi\\\/jasenille\\\/wp-content\\\/uploads\\\/sites\\\/1\\\/2025\\\/02\\\/kuvitus-paperinippu-aakkosittain-liitot-pdf-770-900.png\",\"width\":770,\"height\":900},{\"@type\":\"BreadcrumbList\",\"@id\":\"https:\\\/\\\/teknologiateollisuus.fi\\\/jasenille\\\/julkaisu\\\/nu-15-pohjoismaiset-huoltotoiminnan-yleiset-sopimusehdot-pdf-muodossa\\\/#breadcrumb\",\"itemListElement\":[{\"@type\":\"ListItem\",\"position\":1,\"name\":\"Home\",\"item\":\"https:\\\/\\\/teknologiateollisuus.fi\\\/jasenille\\\/\"},{\"@type\":\"ListItem\",\"position\":2,\"name\":\"Kaikki julkaisut\",\"item\":\"https:\\\/\\\/teknologiateollisuus.fi\\\/jasenille\\\/palvelut\\\/julkaisut\\\/kaikki-julkaisut\\\/\"},{\"@type\":\"ListItem\",\"position\":3,\"name\":\"Huoltotoiminnan yleiset sopimusehdot (NU 15, pdf, Pohjoismaat, suomi)\"}]},{\"@type\":\"WebSite\",\"@id\":\"https:\\\/\\\/teknologiateollisuus.fi\\\/jasenille\\\/#website\",\"url\":\"https:\\\/\\\/teknologiateollisuus.fi\\\/jasenille\\\/\",\"name\":\"Teknologiateollisuus - J\u00e4senille\",\"description\":\"\",\"publisher\":{\"@id\":\"https:\\\/\\\/teknologiateollisuus.fi\\\/jasenille\\\/#organization\"},\"potentialAction\":[{\"@type\":\"SearchAction\",\"target\":{\"@type\":\"EntryPoint\",\"urlTemplate\":\"https:\\\/\\\/teknologiateollisuus.fi\\\/jasenille\\\/?s={search_term_string}\"},\"query-input\":{\"@type\":\"PropertyValueSpecification\",\"valueRequired\":true,\"valueName\":\"search_term_string\"}}],\"inLanguage\":\"fi\"},{\"@type\":\"Organization\",\"@id\":\"https:\\\/\\\/teknologiateollisuus.fi\\\/jasenille\\\/#organization\",\"name\":\"Teknologiateollisuus - J\u00e4senille\",\"url\":\"https:\\\/\\\/teknologiateollisuus.fi\\\/jasenille\\\/\",\"logo\":{\"@type\":\"ImageObject\",\"inLanguage\":\"fi\",\"@id\":\"https:\\\/\\\/teknologiateollisuus.fi\\\/jasenille\\\/#\\\/schema\\\/logo\\\/image\\\/\",\"url\":\"https:\\\/\\\/teknologiateollisuus.fi\\\/jasenille\\\/wp-content\\\/uploads\\\/sites\\\/1\\\/2023\\\/10\\\/placeholder.png\",\"contentUrl\":\"https:\\\/\\\/teknologiateollisuus.fi\\\/jasenille\\\/wp-content\\\/uploads\\\/sites\\\/1\\\/2023\\\/10\\\/placeholder.png\",\"width\":2560,\"height\":1920,\"caption\":\"Teknologiateollisuus - J\u00e4senille\"},\"image\":{\"@id\":\"https:\\\/\\\/teknologiateollisuus.fi\\\/jasenille\\\/#\\\/schema\\\/logo\\\/image\\\/\"}}]}<\/script>\n<!-- \/ Yoast SEO Premium plugin. -->","yoast_head_json":{"title":"Huoltotoiminnan yleiset sopimusehdot (NU 15, pdf, Pohjoismaat, suomi) - Teknologiateollisuus - J\u00e4senille","robots":{"index":"index","follow":"follow","max-snippet":"max-snippet:-1","max-image-preview":"max-image-preview:large","max-video-preview":"max-video-preview:-1"},"canonical":"https:\/\/teknologiateollisuus.fi\/jasenille\/julkaisu\/nu-15-pohjoismaiset-huoltotoiminnan-yleiset-sopimusehdot-pdf-muodossa\/","og_locale":"fi_FI","og_type":"article","og_title":"Huoltotoiminnan yleiset sopimusehdot (NU 15, pdf, Pohjoismaat, suomi)","og_description":"NU 15 Pohjoismaiset huoltotoiminnan yleiset sopimusehdot on tarkoitettu tilanteisiin,\u00a0 joissa yritys (tilaaja) sopii huoltoyrityksen (toimittaja) kanssa m\u00e4\u00e4r\u00e4ajoin tai -v\u00e4lein teht\u00e4v\u00e4n huollon suorittamisesta tilaajan koneille tai muille laitteistoille. Toimitusehdoissa k\u00e4ytet\u00e4\u00e4n k\u00e4sitteit\u00e4 ennakkohuolto ja korjaushuolto.","og_url":"https:\/\/teknologiateollisuus.fi\/jasenille\/julkaisu\/nu-15-pohjoismaiset-huoltotoiminnan-yleiset-sopimusehdot-pdf-muodossa\/","og_site_name":"Teknologiateollisuus - J\u00e4senille","article_modified_time":"2025-08-11T11:52:55+00:00","og_image":[{"width":770,"height":900,"url":"https:\/\/teknologiateollisuus.fi\/jasenille\/wp-content\/uploads\/sites\/1\/2025\/02\/kuvitus-paperinippu-aakkosittain-liitot-pdf-770-900.png","type":"image\/png"}],"twitter_card":"summary_large_image","twitter_misc":{"Arvioitu lukuaika":"1 minuutti"},"schema":{"@context":"https:\/\/schema.org","@graph":[{"@type":"WebPage","@id":"https:\/\/teknologiateollisuus.fi\/jasenille\/julkaisu\/nu-15-pohjoismaiset-huoltotoiminnan-yleiset-sopimusehdot-pdf-muodossa\/","url":"https:\/\/teknologiateollisuus.fi\/jasenille\/julkaisu\/nu-15-pohjoismaiset-huoltotoiminnan-yleiset-sopimusehdot-pdf-muodossa\/","name":"Huoltotoiminnan yleiset sopimusehdot (NU 15, pdf, Pohjoismaat, suomi) - Teknologiateollisuus - J\u00e4senille","isPartOf":{"@id":"https:\/\/teknologiateollisuus.fi\/jasenille\/#website"},"primaryImageOfPage":{"@id":"https:\/\/teknologiateollisuus.fi\/jasenille\/julkaisu\/nu-15-pohjoismaiset-huoltotoiminnan-yleiset-sopimusehdot-pdf-muodossa\/#primaryimage"},"image":{"@id":"https:\/\/teknologiateollisuus.fi\/jasenille\/julkaisu\/nu-15-pohjoismaiset-huoltotoiminnan-yleiset-sopimusehdot-pdf-muodossa\/#primaryimage"},"thumbnailUrl":"https:\/\/teknologiateollisuus.fi\/jasenille\/wp-content\/uploads\/sites\/1\/2025\/02\/kuvitus-paperinippu-aakkosittain-liitot-pdf-770-900.png","datePublished":"2024-11-08T10:27:44+00:00","dateModified":"2025-08-11T11:52:55+00:00","breadcrumb":{"@id":"https:\/\/teknologiateollisuus.fi\/jasenille\/julkaisu\/nu-15-pohjoismaiset-huoltotoiminnan-yleiset-sopimusehdot-pdf-muodossa\/#breadcrumb"},"inLanguage":"fi","potentialAction":[{"@type":"ReadAction","target":["https:\/\/teknologiateollisuus.fi\/jasenille\/julkaisu\/nu-15-pohjoismaiset-huoltotoiminnan-yleiset-sopimusehdot-pdf-muodossa\/"]}]},{"@type":"ImageObject","inLanguage":"fi","@id":"https:\/\/teknologiateollisuus.fi\/jasenille\/julkaisu\/nu-15-pohjoismaiset-huoltotoiminnan-yleiset-sopimusehdot-pdf-muodossa\/#primaryimage","url":"https:\/\/teknologiateollisuus.fi\/jasenille\/wp-content\/uploads\/sites\/1\/2025\/02\/kuvitus-paperinippu-aakkosittain-liitot-pdf-770-900.png","contentUrl":"https:\/\/teknologiateollisuus.fi\/jasenille\/wp-content\/uploads\/sites\/1\/2025\/02\/kuvitus-paperinippu-aakkosittain-liitot-pdf-770-900.png","width":770,"height":900},{"@type":"BreadcrumbList","@id":"https:\/\/teknologiateollisuus.fi\/jasenille\/julkaisu\/nu-15-pohjoismaiset-huoltotoiminnan-yleiset-sopimusehdot-pdf-muodossa\/#breadcrumb","itemListElement":[{"@type":"ListItem","position":1,"name":"Home","item":"https:\/\/teknologiateollisuus.fi\/jasenille\/"},{"@type":"ListItem","position":2,"name":"Kaikki julkaisut","item":"https:\/\/teknologiateollisuus.fi\/jasenille\/palvelut\/julkaisut\/kaikki-julkaisut\/"},{"@type":"ListItem","position":3,"name":"Huoltotoiminnan yleiset sopimusehdot (NU 15, pdf, Pohjoismaat, suomi)"}]},{"@type":"WebSite","@id":"https:\/\/teknologiateollisuus.fi\/jasenille\/#website","url":"https:\/\/teknologiateollisuus.fi\/jasenille\/","name":"Teknologiateollisuus - J\u00e4senille","description":"","publisher":{"@id":"https:\/\/teknologiateollisuus.fi\/jasenille\/#organization"},"potentialAction":[{"@type":"SearchAction","target":{"@type":"EntryPoint","urlTemplate":"https:\/\/teknologiateollisuus.fi\/jasenille\/?s={search_term_string}"},"query-input":{"@type":"PropertyValueSpecification","valueRequired":true,"valueName":"search_term_string"}}],"inLanguage":"fi"},{"@type":"Organization","@id":"https:\/\/teknologiateollisuus.fi\/jasenille\/#organization","name":"Teknologiateollisuus - J\u00e4senille","url":"https:\/\/teknologiateollisuus.fi\/jasenille\/","logo":{"@type":"ImageObject","inLanguage":"fi","@id":"https:\/\/teknologiateollisuus.fi\/jasenille\/#\/schema\/logo\/image\/","url":"https:\/\/teknologiateollisuus.fi\/jasenille\/wp-content\/uploads\/sites\/1\/2023\/10\/placeholder.png","contentUrl":"https:\/\/teknologiateollisuus.fi\/jasenille\/wp-content\/uploads\/sites\/1\/2023\/10\/placeholder.png","width":2560,"height":1920,"caption":"Teknologiateollisuus - J\u00e4senille"},"image":{"@id":"https:\/\/teknologiateollisuus.fi\/jasenille\/#\/schema\/logo\/image\/"}}]}},"_links":{"self":[{"href":"https:\/\/teknologiateollisuus.fi\/jasenille\/wp-json\/wp\/v2\/product\/16159","targetHints":{"allow":["GET"]}}],"collection":[{"href":"https:\/\/teknologiateollisuus.fi\/jasenille\/wp-json\/wp\/v2\/product"}],"about":[{"href":"https:\/\/teknologiateollisuus.fi\/jasenille\/wp-json\/wp\/v2\/types\/product"}],"wp:featuredmedia":[{"embeddable":true,"href":"https:\/\/teknologiateollisuus.fi\/jasenille\/wp-json\/wp\/v2\/media\/25647"}],"wp:attachment":[{"href":"https:\/\/teknologiateollisuus.fi\/jasenille\/wp-json\/wp\/v2\/media?parent=16159"}],"wp:term":[{"taxonomy":"product_brand","embeddable":true,"href":"https:\/\/teknologiateollisuus.fi\/jasenille\/wp-json\/wp\/v2\/product_brand?post=16159"},{"taxonomy":"product_cat","embeddable":true,"href":"https:\/\/teknologiateollisuus.fi\/jasenille\/wp-json\/wp\/v2\/product_cat?post=16159"},{"taxonomy":"product_tag","embeddable":true,"href":"https:\/\/teknologiateollisuus.fi\/jasenille\/wp-json\/wp\/v2\/product_tag?post=16159"}],"curies":[{"name":"wp","href":"https:\/\/api.w.org\/{rel}","templated":true}]}}