{"id":16661,"date":"2024-11-26T15:04:31","date_gmt":"2024-11-26T13:04:31","guid":{"rendered":"https:\/\/teknologiateollisuus.fi\/jasenille\/?post_type=product&#038;p=16661"},"modified":"2025-05-02T15:21:04","modified_gmt":"2025-05-02T12:21:04","slug":"orgalime-sc-06-general-conditions-for-the-manufacture-and-supply-of-specially-designed-components","status":"publish","type":"product","link":"https:\/\/teknologiateollisuus.fi\/jasenille\/julkaisu\/orgalime-sc-06-general-conditions-for-the-manufacture-and-supply-of-specially-designed-components\/","title":{"rendered":"Valmistusalihankinnan yleiset sopimusehdot (Orgalime SC 06, painettu, Eurooppa, englanti)"},"content":{"rendered":"<p>Orgalime SC 06 General conditions for the manufacture and supply of specially designed components<\/p>\n<p>Valmistushankinnan yleiset sopimusehdot SC 06 soveltuvat ostajan toiveiden mukaan suunniteltujen tuotteiden toimittamiseen, jotka on tarkoitus lis\u00e4t\u00e4 h\u00e4nen tuotteisiinsa tai joita ei yleens\u00e4 ole tarkoitettu k\u00e4ytett\u00e4v\u00e4ksi erillisin\u00e4. SC 06 on suunniteltu erityisesti komponenttien, kuten valettujen muottien, mallien ja ty\u00f6kalujen toimittamiseen valmistuksessa. S\u00e4\u00e4nn\u00f6kseen on tehty erityinen lis\u00e4ys, jonka (Appendix to General Conditions SC 06 for Serial Delivieries Contract), jota voidaan k\u00e4ytt\u00e4\u00e4 sarjatoimituksissa ja joka s\u00e4\u00e4telee muun muassa toimitussuunnitelmia ja ennakoituja m\u00e4\u00e4ri\u00e4.<\/p>\n<p>Jos toimittaja on tuotteen ainoa suunnittelija, OEM-sopimuksen Orgalim-malli voi olla parempi perusta. Jos kyseess\u00e4 on sarja-alihankinta, suositellaan k\u00e4ytt\u00e4m\u00e4\u00e4n Orgalim SP 99:n sarja-alihankinnan yleisi\u00e4 ehtoja.<\/p>\n<p>Hankitko mieluummin ehdot pdf-muodossa? Ehtojen s\u00e4hk\u00f6isen version voit tilata k\u00e4ytt\u00f6oikeuslisenssin\u00e4 <a href=\"https:\/\/licensing.orgalim.eu\/en\/general-conditions\" target=\"_blank\" rel=\"noopener\">Orgalimista<\/a>.<\/p>\n","protected":false},"excerpt":{"rendered":"<p>Valmistushankinnan yleiset sopimusehdot soveltuvat ostajan toiveiden mukaan suunniteltujen tuotteiden toimittamiseen, jotka on tarkoitus lis\u00e4t\u00e4 h\u00e4nen tuotteisiinsa tai joita ei yleens\u00e4 ole tarkoitettu k\u00e4ytett\u00e4v\u00e4ksi erillisin\u00e4.<\/p>\n","protected":false},"featured_media":25643,"template":"","meta":{"_acf_changed":false,"_relevanssi_hide_post":"","_relevanssi_hide_content":"","_relevanssi_pin_for_all":"","_relevanssi_pin_keywords":"","_relevanssi_unpin_keywords":"","_relevanssi_related_keywords":"","_relevanssi_related_include_ids":"","_relevanssi_related_exclude_ids":"","_relevanssi_related_no_append":"","_relevanssi_related_not_related":"","_relevanssi_related_posts":"","_relevanssi_noindex_reason":"","inline_featured_image":false,"growthstack-ab-test":[],"growthstack-ab-test-views":[]},"product_brand":[],"product_cat":[815,807],"product_tag":[730],"class_list":{"0":"post-16661","1":"product","2":"type-product","3":"status-publish","4":"has-post-thumbnail","6":"product_cat-alihankintatoimitukset","7":"product_cat-sopimusehdot","8":"product_tag-liiketoiminta-ja-innovaatiot","10":"first","11":"instock","12":"taxable","13":"shipping-taxable","14":"purchasable","15":"product-type-simple"},"acf":{"creators":"","member_discount":50,"attachments":null,"links":null,"product_recommendations":{"number_of_products":5,"recommendation_basis":"category"}},"yoast_head":"<!-- This site is optimized with the Yoast SEO Premium plugin v27.1 (Yoast SEO v27.3) - https:\/\/yoast.com\/product\/yoast-seo-premium-wordpress\/ -->\n<title>Valmistusalihankinnan yleiset sopimusehdot (Orgalime SC 06, painettu, Eurooppa, englanti) - Teknologiateollisuus - J\u00e4senille<\/title>\n<meta name=\"robots\" content=\"index, follow, max-snippet:-1, max-image-preview:large, max-video-preview:-1\" \/>\n<link rel=\"canonical\" href=\"https:\/\/teknologiateollisuus.fi\/jasenille\/julkaisu\/orgalime-sc-06-general-conditions-for-the-manufacture-and-supply-of-specially-designed-components\/\" \/>\n<meta property=\"og:locale\" content=\"fi_FI\" \/>\n<meta property=\"og:type\" content=\"article\" \/>\n<meta property=\"og:title\" content=\"Valmistusalihankinnan yleiset sopimusehdot (Orgalime SC 06, painettu, Eurooppa, englanti)\" \/>\n<meta property=\"og:description\" content=\"Valmistushankinnan yleiset sopimusehdot soveltuvat ostajan toiveiden mukaan suunniteltujen tuotteiden toimittamiseen, jotka on tarkoitus lis\u00e4t\u00e4 h\u00e4nen tuotteisiinsa tai joita ei yleens\u00e4 ole tarkoitettu k\u00e4ytett\u00e4v\u00e4ksi erillisin\u00e4.\" \/>\n<meta property=\"og:url\" content=\"https:\/\/teknologiateollisuus.fi\/jasenille\/julkaisu\/orgalime-sc-06-general-conditions-for-the-manufacture-and-supply-of-specially-designed-components\/\" \/>\n<meta property=\"og:site_name\" content=\"Teknologiateollisuus - J\u00e4senille\" \/>\n<meta property=\"article:modified_time\" content=\"2025-05-02T12:21:04+00:00\" \/>\n<meta property=\"og:image\" content=\"https:\/\/teknologiateollisuus.fi\/jasenille\/wp-content\/uploads\/sites\/1\/2024\/11\/kuvitus-paperinippu-orgalim-ikoni-770-900.png\" \/>\n\t<meta property=\"og:image:width\" content=\"770\" \/>\n\t<meta property=\"og:image:height\" content=\"900\" \/>\n\t<meta property=\"og:image:type\" content=\"image\/png\" \/>\n<meta name=\"twitter:card\" content=\"summary_large_image\" \/>\n<meta name=\"twitter:label1\" content=\"Arvioitu lukuaika\" \/>\n\t<meta name=\"twitter:data1\" content=\"1 minuutti\" \/>\n<script type=\"application\/ld+json\" class=\"yoast-schema-graph\">{\"@context\":\"https:\\\/\\\/schema.org\",\"@graph\":[{\"@type\":\"WebPage\",\"@id\":\"https:\\\/\\\/teknologiateollisuus.fi\\\/jasenille\\\/julkaisu\\\/orgalime-sc-06-general-conditions-for-the-manufacture-and-supply-of-specially-designed-components\\\/\",\"url\":\"https:\\\/\\\/teknologiateollisuus.fi\\\/jasenille\\\/julkaisu\\\/orgalime-sc-06-general-conditions-for-the-manufacture-and-supply-of-specially-designed-components\\\/\",\"name\":\"Valmistusalihankinnan yleiset sopimusehdot (Orgalime SC 06, painettu, Eurooppa, englanti) - Teknologiateollisuus - J\u00e4senille\",\"isPartOf\":{\"@id\":\"https:\\\/\\\/teknologiateollisuus.fi\\\/jasenille\\\/#website\"},\"primaryImageOfPage\":{\"@id\":\"https:\\\/\\\/teknologiateollisuus.fi\\\/jasenille\\\/julkaisu\\\/orgalime-sc-06-general-conditions-for-the-manufacture-and-supply-of-specially-designed-components\\\/#primaryimage\"},\"image\":{\"@id\":\"https:\\\/\\\/teknologiateollisuus.fi\\\/jasenille\\\/julkaisu\\\/orgalime-sc-06-general-conditions-for-the-manufacture-and-supply-of-specially-designed-components\\\/#primaryimage\"},\"thumbnailUrl\":\"https:\\\/\\\/teknologiateollisuus.fi\\\/jasenille\\\/wp-content\\\/uploads\\\/sites\\\/1\\\/2024\\\/11\\\/kuvitus-paperinippu-orgalim-ikoni-770-900.png\",\"datePublished\":\"2024-11-26T13:04:31+00:00\",\"dateModified\":\"2025-05-02T12:21:04+00:00\",\"breadcrumb\":{\"@id\":\"https:\\\/\\\/teknologiateollisuus.fi\\\/jasenille\\\/julkaisu\\\/orgalime-sc-06-general-conditions-for-the-manufacture-and-supply-of-specially-designed-components\\\/#breadcrumb\"},\"inLanguage\":\"fi\",\"potentialAction\":[{\"@type\":\"ReadAction\",\"target\":[\"https:\\\/\\\/teknologiateollisuus.fi\\\/jasenille\\\/julkaisu\\\/orgalime-sc-06-general-conditions-for-the-manufacture-and-supply-of-specially-designed-components\\\/\"]}]},{\"@type\":\"ImageObject\",\"inLanguage\":\"fi\",\"@id\":\"https:\\\/\\\/teknologiateollisuus.fi\\\/jasenille\\\/julkaisu\\\/orgalime-sc-06-general-conditions-for-the-manufacture-and-supply-of-specially-designed-components\\\/#primaryimage\",\"url\":\"https:\\\/\\\/teknologiateollisuus.fi\\\/jasenille\\\/wp-content\\\/uploads\\\/sites\\\/1\\\/2024\\\/11\\\/kuvitus-paperinippu-orgalim-ikoni-770-900.png\",\"contentUrl\":\"https:\\\/\\\/teknologiateollisuus.fi\\\/jasenille\\\/wp-content\\\/uploads\\\/sites\\\/1\\\/2024\\\/11\\\/kuvitus-paperinippu-orgalim-ikoni-770-900.png\",\"width\":770,\"height\":900},{\"@type\":\"BreadcrumbList\",\"@id\":\"https:\\\/\\\/teknologiateollisuus.fi\\\/jasenille\\\/julkaisu\\\/orgalime-sc-06-general-conditions-for-the-manufacture-and-supply-of-specially-designed-components\\\/#breadcrumb\",\"itemListElement\":[{\"@type\":\"ListItem\",\"position\":1,\"name\":\"Home\",\"item\":\"https:\\\/\\\/teknologiateollisuus.fi\\\/jasenille\\\/\"},{\"@type\":\"ListItem\",\"position\":2,\"name\":\"Kaikki julkaisut\",\"item\":\"https:\\\/\\\/teknologiateollisuus.fi\\\/jasenille\\\/palvelut\\\/julkaisut\\\/kaikki-julkaisut\\\/\"},{\"@type\":\"ListItem\",\"position\":3,\"name\":\"Valmistusalihankinnan yleiset sopimusehdot (Orgalime SC 06, painettu, Eurooppa, englanti)\"}]},{\"@type\":\"WebSite\",\"@id\":\"https:\\\/\\\/teknologiateollisuus.fi\\\/jasenille\\\/#website\",\"url\":\"https:\\\/\\\/teknologiateollisuus.fi\\\/jasenille\\\/\",\"name\":\"Teknologiateollisuus - J\u00e4senille\",\"description\":\"\",\"publisher\":{\"@id\":\"https:\\\/\\\/teknologiateollisuus.fi\\\/jasenille\\\/#organization\"},\"potentialAction\":[{\"@type\":\"SearchAction\",\"target\":{\"@type\":\"EntryPoint\",\"urlTemplate\":\"https:\\\/\\\/teknologiateollisuus.fi\\\/jasenille\\\/?s={search_term_string}\"},\"query-input\":{\"@type\":\"PropertyValueSpecification\",\"valueRequired\":true,\"valueName\":\"search_term_string\"}}],\"inLanguage\":\"fi\"},{\"@type\":\"Organization\",\"@id\":\"https:\\\/\\\/teknologiateollisuus.fi\\\/jasenille\\\/#organization\",\"name\":\"Teknologiateollisuus - J\u00e4senille\",\"url\":\"https:\\\/\\\/teknologiateollisuus.fi\\\/jasenille\\\/\",\"logo\":{\"@type\":\"ImageObject\",\"inLanguage\":\"fi\",\"@id\":\"https:\\\/\\\/teknologiateollisuus.fi\\\/jasenille\\\/#\\\/schema\\\/logo\\\/image\\\/\",\"url\":\"https:\\\/\\\/teknologiateollisuus.fi\\\/jasenille\\\/wp-content\\\/uploads\\\/sites\\\/1\\\/2023\\\/10\\\/placeholder.png\",\"contentUrl\":\"https:\\\/\\\/teknologiateollisuus.fi\\\/jasenille\\\/wp-content\\\/uploads\\\/sites\\\/1\\\/2023\\\/10\\\/placeholder.png\",\"width\":2560,\"height\":1920,\"caption\":\"Teknologiateollisuus - J\u00e4senille\"},\"image\":{\"@id\":\"https:\\\/\\\/teknologiateollisuus.fi\\\/jasenille\\\/#\\\/schema\\\/logo\\\/image\\\/\"}}]}<\/script>\n<!-- \/ Yoast SEO Premium plugin. -->","yoast_head_json":{"title":"Valmistusalihankinnan yleiset sopimusehdot (Orgalime SC 06, painettu, Eurooppa, englanti) - Teknologiateollisuus - J\u00e4senille","robots":{"index":"index","follow":"follow","max-snippet":"max-snippet:-1","max-image-preview":"max-image-preview:large","max-video-preview":"max-video-preview:-1"},"canonical":"https:\/\/teknologiateollisuus.fi\/jasenille\/julkaisu\/orgalime-sc-06-general-conditions-for-the-manufacture-and-supply-of-specially-designed-components\/","og_locale":"fi_FI","og_type":"article","og_title":"Valmistusalihankinnan yleiset sopimusehdot (Orgalime SC 06, painettu, Eurooppa, englanti)","og_description":"Valmistushankinnan yleiset sopimusehdot soveltuvat ostajan toiveiden mukaan suunniteltujen tuotteiden toimittamiseen, jotka on tarkoitus lis\u00e4t\u00e4 h\u00e4nen tuotteisiinsa tai joita ei yleens\u00e4 ole tarkoitettu k\u00e4ytett\u00e4v\u00e4ksi erillisin\u00e4.","og_url":"https:\/\/teknologiateollisuus.fi\/jasenille\/julkaisu\/orgalime-sc-06-general-conditions-for-the-manufacture-and-supply-of-specially-designed-components\/","og_site_name":"Teknologiateollisuus - J\u00e4senille","article_modified_time":"2025-05-02T12:21:04+00:00","og_image":[{"width":770,"height":900,"url":"https:\/\/teknologiateollisuus.fi\/jasenille\/wp-content\/uploads\/sites\/1\/2024\/11\/kuvitus-paperinippu-orgalim-ikoni-770-900.png","type":"image\/png"}],"twitter_card":"summary_large_image","twitter_misc":{"Arvioitu lukuaika":"1 minuutti"},"schema":{"@context":"https:\/\/schema.org","@graph":[{"@type":"WebPage","@id":"https:\/\/teknologiateollisuus.fi\/jasenille\/julkaisu\/orgalime-sc-06-general-conditions-for-the-manufacture-and-supply-of-specially-designed-components\/","url":"https:\/\/teknologiateollisuus.fi\/jasenille\/julkaisu\/orgalime-sc-06-general-conditions-for-the-manufacture-and-supply-of-specially-designed-components\/","name":"Valmistusalihankinnan yleiset sopimusehdot (Orgalime SC 06, painettu, Eurooppa, englanti) - Teknologiateollisuus - J\u00e4senille","isPartOf":{"@id":"https:\/\/teknologiateollisuus.fi\/jasenille\/#website"},"primaryImageOfPage":{"@id":"https:\/\/teknologiateollisuus.fi\/jasenille\/julkaisu\/orgalime-sc-06-general-conditions-for-the-manufacture-and-supply-of-specially-designed-components\/#primaryimage"},"image":{"@id":"https:\/\/teknologiateollisuus.fi\/jasenille\/julkaisu\/orgalime-sc-06-general-conditions-for-the-manufacture-and-supply-of-specially-designed-components\/#primaryimage"},"thumbnailUrl":"https:\/\/teknologiateollisuus.fi\/jasenille\/wp-content\/uploads\/sites\/1\/2024\/11\/kuvitus-paperinippu-orgalim-ikoni-770-900.png","datePublished":"2024-11-26T13:04:31+00:00","dateModified":"2025-05-02T12:21:04+00:00","breadcrumb":{"@id":"https:\/\/teknologiateollisuus.fi\/jasenille\/julkaisu\/orgalime-sc-06-general-conditions-for-the-manufacture-and-supply-of-specially-designed-components\/#breadcrumb"},"inLanguage":"fi","potentialAction":[{"@type":"ReadAction","target":["https:\/\/teknologiateollisuus.fi\/jasenille\/julkaisu\/orgalime-sc-06-general-conditions-for-the-manufacture-and-supply-of-specially-designed-components\/"]}]},{"@type":"ImageObject","inLanguage":"fi","@id":"https:\/\/teknologiateollisuus.fi\/jasenille\/julkaisu\/orgalime-sc-06-general-conditions-for-the-manufacture-and-supply-of-specially-designed-components\/#primaryimage","url":"https:\/\/teknologiateollisuus.fi\/jasenille\/wp-content\/uploads\/sites\/1\/2024\/11\/kuvitus-paperinippu-orgalim-ikoni-770-900.png","contentUrl":"https:\/\/teknologiateollisuus.fi\/jasenille\/wp-content\/uploads\/sites\/1\/2024\/11\/kuvitus-paperinippu-orgalim-ikoni-770-900.png","width":770,"height":900},{"@type":"BreadcrumbList","@id":"https:\/\/teknologiateollisuus.fi\/jasenille\/julkaisu\/orgalime-sc-06-general-conditions-for-the-manufacture-and-supply-of-specially-designed-components\/#breadcrumb","itemListElement":[{"@type":"ListItem","position":1,"name":"Home","item":"https:\/\/teknologiateollisuus.fi\/jasenille\/"},{"@type":"ListItem","position":2,"name":"Kaikki julkaisut","item":"https:\/\/teknologiateollisuus.fi\/jasenille\/palvelut\/julkaisut\/kaikki-julkaisut\/"},{"@type":"ListItem","position":3,"name":"Valmistusalihankinnan yleiset sopimusehdot (Orgalime SC 06, painettu, Eurooppa, englanti)"}]},{"@type":"WebSite","@id":"https:\/\/teknologiateollisuus.fi\/jasenille\/#website","url":"https:\/\/teknologiateollisuus.fi\/jasenille\/","name":"Teknologiateollisuus - J\u00e4senille","description":"","publisher":{"@id":"https:\/\/teknologiateollisuus.fi\/jasenille\/#organization"},"potentialAction":[{"@type":"SearchAction","target":{"@type":"EntryPoint","urlTemplate":"https:\/\/teknologiateollisuus.fi\/jasenille\/?s={search_term_string}"},"query-input":{"@type":"PropertyValueSpecification","valueRequired":true,"valueName":"search_term_string"}}],"inLanguage":"fi"},{"@type":"Organization","@id":"https:\/\/teknologiateollisuus.fi\/jasenille\/#organization","name":"Teknologiateollisuus - J\u00e4senille","url":"https:\/\/teknologiateollisuus.fi\/jasenille\/","logo":{"@type":"ImageObject","inLanguage":"fi","@id":"https:\/\/teknologiateollisuus.fi\/jasenille\/#\/schema\/logo\/image\/","url":"https:\/\/teknologiateollisuus.fi\/jasenille\/wp-content\/uploads\/sites\/1\/2023\/10\/placeholder.png","contentUrl":"https:\/\/teknologiateollisuus.fi\/jasenille\/wp-content\/uploads\/sites\/1\/2023\/10\/placeholder.png","width":2560,"height":1920,"caption":"Teknologiateollisuus - J\u00e4senille"},"image":{"@id":"https:\/\/teknologiateollisuus.fi\/jasenille\/#\/schema\/logo\/image\/"}}]}},"_links":{"self":[{"href":"https:\/\/teknologiateollisuus.fi\/jasenille\/wp-json\/wp\/v2\/product\/16661","targetHints":{"allow":["GET"]}}],"collection":[{"href":"https:\/\/teknologiateollisuus.fi\/jasenille\/wp-json\/wp\/v2\/product"}],"about":[{"href":"https:\/\/teknologiateollisuus.fi\/jasenille\/wp-json\/wp\/v2\/types\/product"}],"wp:featuredmedia":[{"embeddable":true,"href":"https:\/\/teknologiateollisuus.fi\/jasenille\/wp-json\/wp\/v2\/media\/25643"}],"wp:attachment":[{"href":"https:\/\/teknologiateollisuus.fi\/jasenille\/wp-json\/wp\/v2\/media?parent=16661"}],"wp:term":[{"taxonomy":"product_brand","embeddable":true,"href":"https:\/\/teknologiateollisuus.fi\/jasenille\/wp-json\/wp\/v2\/product_brand?post=16661"},{"taxonomy":"product_cat","embeddable":true,"href":"https:\/\/teknologiateollisuus.fi\/jasenille\/wp-json\/wp\/v2\/product_cat?post=16661"},{"taxonomy":"product_tag","embeddable":true,"href":"https:\/\/teknologiateollisuus.fi\/jasenille\/wp-json\/wp\/v2\/product_tag?post=16661"}],"curies":[{"name":"wp","href":"https:\/\/api.w.org\/{rel}","templated":true}]}}