{"id":16901,"date":"2024-12-05T16:00:42","date_gmt":"2024-12-05T14:00:42","guid":{"rendered":"https:\/\/teknologiateollisuus.fi\/jasenille\/?post_type=product&#038;p=16901"},"modified":"2026-01-02T10:00:09","modified_gmt":"2026-01-02T08:00:09","slug":"yhteiset-tavoitteet-yhteinen-etu-menestykseen-toimivalla-vuoropuhelulla","status":"publish","type":"product","link":"https:\/\/teknologiateollisuus.fi\/jasenille\/julkaisu\/yhteiset-tavoitteet-yhteinen-etu-menestykseen-toimivalla-vuoropuhelulla\/","title":{"rendered":"Yhteiset tavoitteet &#8211; yhteinen etu. Menestykseen toimivalla vuoropuhelulla"},"content":{"rendered":"<p>Teknologiateollisuus ja Teollisuusliitto pyrkiv\u00e4t edist\u00e4m\u00e4\u00e4n yhteistoimintaa ja paikallista sopimista ty\u00f6paikoilla. Julkaisussa pohditaan toimintaymp\u00e4rist\u00f6n asettamia vaatimuksia ty\u00f6yhteis\u00f6lle, yhteistoimintaan ja paikalliseen sopimiseen keskeisesti vaikuttavia tekij\u00f6it\u00e4 sek\u00e4 tuottavuuden jatkuvan parantamisen merkityst\u00e4. Tavoitteena on luoda valmiuksia my\u00f6nteiselle asennoitumiselle yhteistoimintaa ja sen laadun parantamista kohtaan. Ty\u00f6ehtosopimuksen sis\u00e4lt\u00f6\u00e4 tai juridiikkaa ei k\u00e4sitell\u00e4 t\u00e4ss\u00e4 yhteydess\u00e4.<\/p>\n<p>Menestykseen tuskin l\u00f6ytyy oikotiet\u00e4, vaan sen eteen on teht\u00e4v\u00e4 lujasti ty\u00f6t\u00e4. Menestyst\u00e4 edist\u00e4\u00e4 ty\u00f6yhteis\u00f6n yhteinen tahto ja n\u00e4kemys tavoitteista ja niiden merkityksest\u00e4 niin yrityksen kuin henkil\u00f6st\u00f6n kannalta. Yhteistoiminnassa ja paikallisessa sopimisessa on kyse osapuolten hy\u00f6tyyn ja luottamukseen perustuvasta muutostilanteiden hallinnasta. Toimivassa kulttuurissa edistet\u00e4\u00e4n jatkuvasti muutosvalmiuksia ja kyet\u00e4\u00e4n ennakoimaan toimintaymp\u00e4rist\u00f6n muutoksia. T\u00e4ll\u00f6in ty\u00f6yhteis\u00f6ll\u00e4 on enemm\u00e4n liikkumavaraa p\u00e4\u00e4t\u00f6ksenteossaan.<\/p>\n<p>Paikallisen sopimisen oppii parhaiten tekem\u00e4ll\u00e4. Ty\u00f6nantajan ohella my\u00f6s henkil\u00f6st\u00f6n kannattaa olla aloitteellinen paikallisen sopimisen kulttuurin vahvistamisessa. Yhteisty\u00f6 toimintatapana yhteensovittaa luontevasti osapuolten tarpeet samalla, kun malli tuottaa jatkuvasti ratkaisuja toiminnan kehitt\u00e4miseksi.<\/p>\n<p>Liitot tarjoavat yhteistoiminnasta ja paikallisesta sopimisesta my\u00f6s yhteist\u00e4 koulutusta, valmennusta ja konsultointia \u2013 osaamisen syvent\u00e4minen kannattaa! Yhteistoiminnan tasomittarilla ty\u00f6yhteis\u00f6 voi arvioida yhteistoimintansa tasoa ja sujuvuutta sek\u00e4 sopia sen perusteella kehitt\u00e4miskohteista.<\/p>\n<p>T\u00e4m\u00e4 julkaisu on toinen painos vuonna 2011 ilmestyneest\u00e4 alkuper\u00e4isest\u00e4 teoksesta.<\/p>\n","protected":false},"excerpt":{"rendered":"<p>Julkaisussa pohditaan toimintaymp\u00e4rist\u00f6n asettamia vaatimuksia ty\u00f6yhteis\u00f6lle, yhteistoimintaan ja paikalliseen sopimiseen keskeisesti vaikuttavia tekij\u00f6it\u00e4 sek\u00e4 tuottavuuden jatkuvan parantamisen merkityst\u00e4. Tavoitteena on luoda valmiuksia my\u00f6nteiselle asennoitumiselle yhteistoimintaa ja sen laadun parantamista kohtaan.<\/p>\n","protected":false},"featured_media":25667,"template":"","meta":{"_acf_changed":false,"_relevanssi_hide_post":"","_relevanssi_hide_content":"","_relevanssi_pin_for_all":"","_relevanssi_pin_keywords":"","_relevanssi_unpin_keywords":"","_relevanssi_related_keywords":"","_relevanssi_related_include_ids":"","_relevanssi_related_exclude_ids":"","_relevanssi_related_no_append":"","_relevanssi_related_not_related":"","_relevanssi_related_posts":"","_relevanssi_noindex_reason":"","inline_featured_image":false,"growthstack-ab-test":[],"growthstack-ab-test-views":[]},"product_brand":[],"product_cat":[809],"product_tag":[728],"class_list":{"0":"post-16901","1":"product","2":"type-product","3":"status-publish","4":"has-post-thumbnail","6":"product_cat-oppaat","7":"product_tag-tyosuhdeasiat-ja-tyoelama","8":"product_shipping_class-kirja","10":"first","11":"instock","12":"taxable","13":"shipping-taxable","14":"purchasable","15":"product-type-simple"},"acf":{"creators":"","member_discount":15,"attachments":null,"links":null,"product_recommendations":{"number_of_products":10,"recommendation_basis":"date"}},"yoast_head":"<!-- This site is optimized with the Yoast SEO Premium plugin v27.1 (Yoast SEO v27.4) - https:\/\/yoast.com\/product\/yoast-seo-premium-wordpress\/ -->\n<title>Yhteiset tavoitteet - yhteinen etu. Menestykseen toimivalla vuoropuhelulla - Teknologiateollisuus - J\u00e4senille<\/title>\n<meta name=\"robots\" content=\"index, follow, max-snippet:-1, max-image-preview:large, max-video-preview:-1\" \/>\n<link rel=\"canonical\" href=\"https:\/\/teknologiateollisuus.fi\/jasenille\/julkaisu\/yhteiset-tavoitteet-yhteinen-etu-menestykseen-toimivalla-vuoropuhelulla\/\" \/>\n<meta property=\"og:locale\" content=\"fi_FI\" \/>\n<meta property=\"og:type\" content=\"article\" \/>\n<meta property=\"og:title\" content=\"Yhteiset tavoitteet - yhteinen etu. Menestykseen toimivalla vuoropuhelulla\" \/>\n<meta property=\"og:description\" content=\"Julkaisussa pohditaan toimintaymp\u00e4rist\u00f6n asettamia vaatimuksia ty\u00f6yhteis\u00f6lle, yhteistoimintaan ja paikalliseen sopimiseen keskeisesti vaikuttavia tekij\u00f6it\u00e4 sek\u00e4 tuottavuuden jatkuvan parantamisen merkityst\u00e4. Tavoitteena on luoda valmiuksia my\u00f6nteiselle asennoitumiselle yhteistoimintaa ja sen laadun parantamista kohtaan.\" \/>\n<meta property=\"og:url\" content=\"https:\/\/teknologiateollisuus.fi\/jasenille\/julkaisu\/yhteiset-tavoitteet-yhteinen-etu-menestykseen-toimivalla-vuoropuhelulla\/\" \/>\n<meta property=\"og:site_name\" content=\"Teknologiateollisuus - J\u00e4senille\" \/>\n<meta property=\"article:modified_time\" content=\"2026-01-02T08:00:09+00:00\" \/>\n<meta property=\"og:image\" content=\"https:\/\/teknologiateollisuus.fi\/jasenille\/wp-content\/uploads\/sites\/1\/2024\/12\/kirja-yhteiset-tavoitteet-770-900.png\" \/>\n\t<meta property=\"og:image:width\" content=\"770\" \/>\n\t<meta property=\"og:image:height\" content=\"900\" \/>\n\t<meta property=\"og:image:type\" content=\"image\/png\" \/>\n<meta name=\"twitter:card\" content=\"summary_large_image\" \/>\n<meta name=\"twitter:label1\" content=\"Arvioitu lukuaika\" \/>\n\t<meta name=\"twitter:data1\" content=\"2 minuuttia\" \/>\n<script type=\"application\/ld+json\" class=\"yoast-schema-graph\">{\"@context\":\"https:\\\/\\\/schema.org\",\"@graph\":[{\"@type\":\"WebPage\",\"@id\":\"https:\\\/\\\/teknologiateollisuus.fi\\\/jasenille\\\/julkaisu\\\/yhteiset-tavoitteet-yhteinen-etu-menestykseen-toimivalla-vuoropuhelulla\\\/\",\"url\":\"https:\\\/\\\/teknologiateollisuus.fi\\\/jasenille\\\/julkaisu\\\/yhteiset-tavoitteet-yhteinen-etu-menestykseen-toimivalla-vuoropuhelulla\\\/\",\"name\":\"Yhteiset tavoitteet - yhteinen etu. Menestykseen toimivalla vuoropuhelulla - Teknologiateollisuus - J\u00e4senille\",\"isPartOf\":{\"@id\":\"https:\\\/\\\/teknologiateollisuus.fi\\\/jasenille\\\/#website\"},\"primaryImageOfPage\":{\"@id\":\"https:\\\/\\\/teknologiateollisuus.fi\\\/jasenille\\\/julkaisu\\\/yhteiset-tavoitteet-yhteinen-etu-menestykseen-toimivalla-vuoropuhelulla\\\/#primaryimage\"},\"image\":{\"@id\":\"https:\\\/\\\/teknologiateollisuus.fi\\\/jasenille\\\/julkaisu\\\/yhteiset-tavoitteet-yhteinen-etu-menestykseen-toimivalla-vuoropuhelulla\\\/#primaryimage\"},\"thumbnailUrl\":\"https:\\\/\\\/teknologiateollisuus.fi\\\/jasenille\\\/wp-content\\\/uploads\\\/sites\\\/1\\\/2024\\\/12\\\/kirja-yhteiset-tavoitteet-770-900.png\",\"datePublished\":\"2024-12-05T14:00:42+00:00\",\"dateModified\":\"2026-01-02T08:00:09+00:00\",\"breadcrumb\":{\"@id\":\"https:\\\/\\\/teknologiateollisuus.fi\\\/jasenille\\\/julkaisu\\\/yhteiset-tavoitteet-yhteinen-etu-menestykseen-toimivalla-vuoropuhelulla\\\/#breadcrumb\"},\"inLanguage\":\"fi\",\"potentialAction\":[{\"@type\":\"ReadAction\",\"target\":[\"https:\\\/\\\/teknologiateollisuus.fi\\\/jasenille\\\/julkaisu\\\/yhteiset-tavoitteet-yhteinen-etu-menestykseen-toimivalla-vuoropuhelulla\\\/\"]}]},{\"@type\":\"ImageObject\",\"inLanguage\":\"fi\",\"@id\":\"https:\\\/\\\/teknologiateollisuus.fi\\\/jasenille\\\/julkaisu\\\/yhteiset-tavoitteet-yhteinen-etu-menestykseen-toimivalla-vuoropuhelulla\\\/#primaryimage\",\"url\":\"https:\\\/\\\/teknologiateollisuus.fi\\\/jasenille\\\/wp-content\\\/uploads\\\/sites\\\/1\\\/2024\\\/12\\\/kirja-yhteiset-tavoitteet-770-900.png\",\"contentUrl\":\"https:\\\/\\\/teknologiateollisuus.fi\\\/jasenille\\\/wp-content\\\/uploads\\\/sites\\\/1\\\/2024\\\/12\\\/kirja-yhteiset-tavoitteet-770-900.png\",\"width\":770,\"height\":900},{\"@type\":\"BreadcrumbList\",\"@id\":\"https:\\\/\\\/teknologiateollisuus.fi\\\/jasenille\\\/julkaisu\\\/yhteiset-tavoitteet-yhteinen-etu-menestykseen-toimivalla-vuoropuhelulla\\\/#breadcrumb\",\"itemListElement\":[{\"@type\":\"ListItem\",\"position\":1,\"name\":\"Home\",\"item\":\"https:\\\/\\\/teknologiateollisuus.fi\\\/jasenille\\\/\"},{\"@type\":\"ListItem\",\"position\":2,\"name\":\"Kaikki julkaisut\",\"item\":\"https:\\\/\\\/teknologiateollisuus.fi\\\/jasenille\\\/palvelut\\\/julkaisut\\\/kaikki-julkaisut\\\/\"},{\"@type\":\"ListItem\",\"position\":3,\"name\":\"Yhteiset tavoitteet &#8211; yhteinen etu. Menestykseen toimivalla vuoropuhelulla\"}]},{\"@type\":\"WebSite\",\"@id\":\"https:\\\/\\\/teknologiateollisuus.fi\\\/jasenille\\\/#website\",\"url\":\"https:\\\/\\\/teknologiateollisuus.fi\\\/jasenille\\\/\",\"name\":\"Teknologiateollisuus - J\u00e4senille\",\"description\":\"\",\"publisher\":{\"@id\":\"https:\\\/\\\/teknologiateollisuus.fi\\\/jasenille\\\/#organization\"},\"potentialAction\":[{\"@type\":\"SearchAction\",\"target\":{\"@type\":\"EntryPoint\",\"urlTemplate\":\"https:\\\/\\\/teknologiateollisuus.fi\\\/jasenille\\\/?s={search_term_string}\"},\"query-input\":{\"@type\":\"PropertyValueSpecification\",\"valueRequired\":true,\"valueName\":\"search_term_string\"}}],\"inLanguage\":\"fi\"},{\"@type\":\"Organization\",\"@id\":\"https:\\\/\\\/teknologiateollisuus.fi\\\/jasenille\\\/#organization\",\"name\":\"Teknologiateollisuus - J\u00e4senille\",\"url\":\"https:\\\/\\\/teknologiateollisuus.fi\\\/jasenille\\\/\",\"logo\":{\"@type\":\"ImageObject\",\"inLanguage\":\"fi\",\"@id\":\"https:\\\/\\\/teknologiateollisuus.fi\\\/jasenille\\\/#\\\/schema\\\/logo\\\/image\\\/\",\"url\":\"https:\\\/\\\/teknologiateollisuus.fi\\\/jasenille\\\/wp-content\\\/uploads\\\/sites\\\/1\\\/2023\\\/10\\\/placeholder.png\",\"contentUrl\":\"https:\\\/\\\/teknologiateollisuus.fi\\\/jasenille\\\/wp-content\\\/uploads\\\/sites\\\/1\\\/2023\\\/10\\\/placeholder.png\",\"width\":2560,\"height\":1920,\"caption\":\"Teknologiateollisuus - J\u00e4senille\"},\"image\":{\"@id\":\"https:\\\/\\\/teknologiateollisuus.fi\\\/jasenille\\\/#\\\/schema\\\/logo\\\/image\\\/\"}}]}<\/script>\n<!-- \/ Yoast SEO Premium plugin. -->","yoast_head_json":{"title":"Yhteiset tavoitteet - yhteinen etu. Menestykseen toimivalla vuoropuhelulla - Teknologiateollisuus - J\u00e4senille","robots":{"index":"index","follow":"follow","max-snippet":"max-snippet:-1","max-image-preview":"max-image-preview:large","max-video-preview":"max-video-preview:-1"},"canonical":"https:\/\/teknologiateollisuus.fi\/jasenille\/julkaisu\/yhteiset-tavoitteet-yhteinen-etu-menestykseen-toimivalla-vuoropuhelulla\/","og_locale":"fi_FI","og_type":"article","og_title":"Yhteiset tavoitteet - yhteinen etu. Menestykseen toimivalla vuoropuhelulla","og_description":"Julkaisussa pohditaan toimintaymp\u00e4rist\u00f6n asettamia vaatimuksia ty\u00f6yhteis\u00f6lle, yhteistoimintaan ja paikalliseen sopimiseen keskeisesti vaikuttavia tekij\u00f6it\u00e4 sek\u00e4 tuottavuuden jatkuvan parantamisen merkityst\u00e4. Tavoitteena on luoda valmiuksia my\u00f6nteiselle asennoitumiselle yhteistoimintaa ja sen laadun parantamista kohtaan.","og_url":"https:\/\/teknologiateollisuus.fi\/jasenille\/julkaisu\/yhteiset-tavoitteet-yhteinen-etu-menestykseen-toimivalla-vuoropuhelulla\/","og_site_name":"Teknologiateollisuus - J\u00e4senille","article_modified_time":"2026-01-02T08:00:09+00:00","og_image":[{"width":770,"height":900,"url":"https:\/\/teknologiateollisuus.fi\/jasenille\/wp-content\/uploads\/sites\/1\/2024\/12\/kirja-yhteiset-tavoitteet-770-900.png","type":"image\/png"}],"twitter_card":"summary_large_image","twitter_misc":{"Arvioitu lukuaika":"2 minuuttia"},"schema":{"@context":"https:\/\/schema.org","@graph":[{"@type":"WebPage","@id":"https:\/\/teknologiateollisuus.fi\/jasenille\/julkaisu\/yhteiset-tavoitteet-yhteinen-etu-menestykseen-toimivalla-vuoropuhelulla\/","url":"https:\/\/teknologiateollisuus.fi\/jasenille\/julkaisu\/yhteiset-tavoitteet-yhteinen-etu-menestykseen-toimivalla-vuoropuhelulla\/","name":"Yhteiset tavoitteet - yhteinen etu. Menestykseen toimivalla vuoropuhelulla - Teknologiateollisuus - J\u00e4senille","isPartOf":{"@id":"https:\/\/teknologiateollisuus.fi\/jasenille\/#website"},"primaryImageOfPage":{"@id":"https:\/\/teknologiateollisuus.fi\/jasenille\/julkaisu\/yhteiset-tavoitteet-yhteinen-etu-menestykseen-toimivalla-vuoropuhelulla\/#primaryimage"},"image":{"@id":"https:\/\/teknologiateollisuus.fi\/jasenille\/julkaisu\/yhteiset-tavoitteet-yhteinen-etu-menestykseen-toimivalla-vuoropuhelulla\/#primaryimage"},"thumbnailUrl":"https:\/\/teknologiateollisuus.fi\/jasenille\/wp-content\/uploads\/sites\/1\/2024\/12\/kirja-yhteiset-tavoitteet-770-900.png","datePublished":"2024-12-05T14:00:42+00:00","dateModified":"2026-01-02T08:00:09+00:00","breadcrumb":{"@id":"https:\/\/teknologiateollisuus.fi\/jasenille\/julkaisu\/yhteiset-tavoitteet-yhteinen-etu-menestykseen-toimivalla-vuoropuhelulla\/#breadcrumb"},"inLanguage":"fi","potentialAction":[{"@type":"ReadAction","target":["https:\/\/teknologiateollisuus.fi\/jasenille\/julkaisu\/yhteiset-tavoitteet-yhteinen-etu-menestykseen-toimivalla-vuoropuhelulla\/"]}]},{"@type":"ImageObject","inLanguage":"fi","@id":"https:\/\/teknologiateollisuus.fi\/jasenille\/julkaisu\/yhteiset-tavoitteet-yhteinen-etu-menestykseen-toimivalla-vuoropuhelulla\/#primaryimage","url":"https:\/\/teknologiateollisuus.fi\/jasenille\/wp-content\/uploads\/sites\/1\/2024\/12\/kirja-yhteiset-tavoitteet-770-900.png","contentUrl":"https:\/\/teknologiateollisuus.fi\/jasenille\/wp-content\/uploads\/sites\/1\/2024\/12\/kirja-yhteiset-tavoitteet-770-900.png","width":770,"height":900},{"@type":"BreadcrumbList","@id":"https:\/\/teknologiateollisuus.fi\/jasenille\/julkaisu\/yhteiset-tavoitteet-yhteinen-etu-menestykseen-toimivalla-vuoropuhelulla\/#breadcrumb","itemListElement":[{"@type":"ListItem","position":1,"name":"Home","item":"https:\/\/teknologiateollisuus.fi\/jasenille\/"},{"@type":"ListItem","position":2,"name":"Kaikki julkaisut","item":"https:\/\/teknologiateollisuus.fi\/jasenille\/palvelut\/julkaisut\/kaikki-julkaisut\/"},{"@type":"ListItem","position":3,"name":"Yhteiset tavoitteet &#8211; yhteinen etu. Menestykseen toimivalla vuoropuhelulla"}]},{"@type":"WebSite","@id":"https:\/\/teknologiateollisuus.fi\/jasenille\/#website","url":"https:\/\/teknologiateollisuus.fi\/jasenille\/","name":"Teknologiateollisuus - J\u00e4senille","description":"","publisher":{"@id":"https:\/\/teknologiateollisuus.fi\/jasenille\/#organization"},"potentialAction":[{"@type":"SearchAction","target":{"@type":"EntryPoint","urlTemplate":"https:\/\/teknologiateollisuus.fi\/jasenille\/?s={search_term_string}"},"query-input":{"@type":"PropertyValueSpecification","valueRequired":true,"valueName":"search_term_string"}}],"inLanguage":"fi"},{"@type":"Organization","@id":"https:\/\/teknologiateollisuus.fi\/jasenille\/#organization","name":"Teknologiateollisuus - J\u00e4senille","url":"https:\/\/teknologiateollisuus.fi\/jasenille\/","logo":{"@type":"ImageObject","inLanguage":"fi","@id":"https:\/\/teknologiateollisuus.fi\/jasenille\/#\/schema\/logo\/image\/","url":"https:\/\/teknologiateollisuus.fi\/jasenille\/wp-content\/uploads\/sites\/1\/2023\/10\/placeholder.png","contentUrl":"https:\/\/teknologiateollisuus.fi\/jasenille\/wp-content\/uploads\/sites\/1\/2023\/10\/placeholder.png","width":2560,"height":1920,"caption":"Teknologiateollisuus - J\u00e4senille"},"image":{"@id":"https:\/\/teknologiateollisuus.fi\/jasenille\/#\/schema\/logo\/image\/"}}]}},"_links":{"self":[{"href":"https:\/\/teknologiateollisuus.fi\/jasenille\/wp-json\/wp\/v2\/product\/16901","targetHints":{"allow":["GET"]}}],"collection":[{"href":"https:\/\/teknologiateollisuus.fi\/jasenille\/wp-json\/wp\/v2\/product"}],"about":[{"href":"https:\/\/teknologiateollisuus.fi\/jasenille\/wp-json\/wp\/v2\/types\/product"}],"wp:featuredmedia":[{"embeddable":true,"href":"https:\/\/teknologiateollisuus.fi\/jasenille\/wp-json\/wp\/v2\/media\/25667"}],"wp:attachment":[{"href":"https:\/\/teknologiateollisuus.fi\/jasenille\/wp-json\/wp\/v2\/media?parent=16901"}],"wp:term":[{"taxonomy":"product_brand","embeddable":true,"href":"https:\/\/teknologiateollisuus.fi\/jasenille\/wp-json\/wp\/v2\/product_brand?post=16901"},{"taxonomy":"product_cat","embeddable":true,"href":"https:\/\/teknologiateollisuus.fi\/jasenille\/wp-json\/wp\/v2\/product_cat?post=16901"},{"taxonomy":"product_tag","embeddable":true,"href":"https:\/\/teknologiateollisuus.fi\/jasenille\/wp-json\/wp\/v2\/product_tag?post=16901"}],"curies":[{"name":"wp","href":"https:\/\/api.w.org\/{rel}","templated":true}]}}