{"id":1204,"date":"2024-08-16T15:13:01","date_gmt":"2024-08-16T12:13:01","guid":{"rendered":"https:\/\/meriteollisuus.teknologiateollisuus.fi\/?page_id=1204"},"modified":"2026-02-02T12:22:35","modified_gmt":"2026-02-02T10:22:35","slug":"yhdistys","status":"publish","type":"page","link":"https:\/\/teknologiateollisuus.fi\/meriteollisuus\/meriteollisuus-uusi\/yhdistys\/","title":{"rendered":"Meriteollisuus ry"},"content":{"rendered":"\n<div class=\"em-block-hero hero-has-background-color has-background has-petrol-background-color has-image media-position-right \">\n\t<div class=\"em-block-hero__container\">\n\t\t<div class=\"em-block-hero__content\">\n\t\t\t<div class=\"yoast-breadcrumbs\"><span><span><a href=\"https:\/\/teknologiateollisuus.fi\/meriteollisuus\/\">Etusivu<\/a><\/span> <span class=\"separator\"><\/span> <span><a href=\"https:\/\/teknologiateollisuus.fi\/meriteollisuus\/meriteollisuus-uusi\/\">Toimiala<\/a><\/span> <span class=\"separator\"><\/span> <span class=\"breadcrumb_last\" aria-current=\"page\">Meriteollisuus ry<\/span><\/span><\/div>\t\t\t\n<h1 class=\"wp-block-heading\" id=\"h-meriteollisuus-ry\">Meriteollisuus ry<\/h1>\n\n<p>Meriteollisuus ry on elinkeinopoliittinen vaikuttajaorganisaatio, joka edist\u00e4\u00e4 suomalaisen meriteollisuuden kilpailukyky\u00e4 ja toimintaedellytyksi\u00e4. Toimimme Teknologiateollisuus ry:n toimialayhdistyksen\u00e4.<br><br><br><\/p>\n\n<p><\/p>\n\t\t\t<div class=\"em-block-hero__modified-date\"> P\u00e4ivitetty 02.02.2026 klo 12:22<\/div>\t\t<\/div>\n\t\t\t\t\t<figure class=\"em-block-hero__image\">\n\t\t\t\t<img loading=\"lazy\" decoding=\"async\" width=\"1044\" height=\"696\" src=\"https:\/\/teknologiateollisuus.fi\/meriteollisuus\/wp-content\/uploads\/sites\/5\/2025\/03\/pienitiedosto_Meriteollisuus_8749.jpeg\" class=\"attachment-hero size-hero\" alt=\"Teknologiateollisuus, toimialat 20250108 Kuva Liisa Takala. Meriteollisuus., Aker Arctic, Vuosaari, Helsinki.\" srcset=\"https:\/\/teknologiateollisuus.fi\/meriteollisuus\/wp-content\/uploads\/sites\/5\/2025\/03\/pienitiedosto_Meriteollisuus_8749.jpeg 1044w, https:\/\/teknologiateollisuus.fi\/meriteollisuus\/wp-content\/uploads\/sites\/5\/2025\/03\/pienitiedosto_Meriteollisuus_8749-400x267.jpeg 400w, https:\/\/teknologiateollisuus.fi\/meriteollisuus\/wp-content\/uploads\/sites\/5\/2025\/03\/pienitiedosto_Meriteollisuus_8749-968x645.jpeg 968w, https:\/\/teknologiateollisuus.fi\/meriteollisuus\/wp-content\/uploads\/sites\/5\/2025\/03\/pienitiedosto_Meriteollisuus_8749-768x512.jpeg 768w\" sizes=\"auto, (max-width: 1044px) 100vw, 1044px\" \/>\t\t\t<\/figure>\n\t\t\t<\/div>\n<\/div>\n\n\n\n<h3 class=\"wp-block-heading\" id=\"h-toiminnan-painopisteet\" id=\"toiminnan-painopisteet\">Toiminnan painopisteet<\/h3>\n\n\n\n<p>Yhdistyksen t\u00e4rkeimpi\u00e4 teht\u00e4vi\u00e4 ovat alan kotimaisen verkottumiskehityksen edist\u00e4minen, tuotekehitys- ja tutkimustoiminnan kansallinen ja kansainv\u00e4linen koordinointi, vaikuttaminen kansalliseen ja EU:n meriteollisuuspolitiikkaan sek\u00e4 yhteistoiminta kansainv\u00e4lisiss\u00e4 j\u00e4rjest\u00f6iss\u00e4, kuten SEA Europessa.<\/p>\n\n\n\n<p>Tavoitteiden saavuttamiseksi yhdistyksen puitteissa toimii useita ty\u00f6ryhmi\u00e4:<\/p>\n\n\n\n<ul class=\"wp-block-list\">\n<li><strong>kansainv\u00e4linen liiketoiminta -ty\u00f6ryhm\u00e4: pj Kiuru Schalin (Stellio Oy)<\/strong>. Ty\u00f6ryhm\u00e4n teht\u00e4v\u00e4n\u00e4 on edist\u00e4\u00e4 j\u00e4senyritysten kansainv\u00e4listymist\u00e4 ja kansainv\u00e4list\u00e4 liiketoimintaa sek\u00e4 nostaa suomalaisen osaamisen n\u00e4kyvyytt\u00e4.<\/li>\n\n\n\n<li><strong>koulutusty\u00f6ryhm\u00e4: pj Marja-Liisa Peltonen (Oy NIT Naval Interior Team Ltd)<\/strong>. Koulutusty\u00f6ryhm\u00e4 kokoaa alan osaamistarpeet ja vaikuttaa kattavan koulutuksen puolesta. Ryhm\u00e4 kokoaa koulutukseen liittyv\u00e4n tiedon ja tapahtumat. Tavoitteena on luoda meriteollisuudesta houkutteleva toimiala tulevaisuuden osaajille.<\/li>\n\n\n\n<li><strong>offshore-ty\u00f6ryhm\u00e4: pj Hanna Matom\u00e4ki (Aker Solutions Finland Oy). <\/strong>Ty\u00f6ryhm\u00e4n teht\u00e4v\u00e4n\u00e4 on seurata offshore\u2013markkinoiden kehityst\u00e4, yll\u00e4pit\u00e4\u00e4 alan profiilia ja houkuttelevuutta, sek\u00e4 yll\u00e4pit\u00e4\u00e4 valmiuksia offshore-toimituksiin.<\/li>\n\n\n\n<li><strong>s\u00e4\u00e4nt\u00f6-, suunnittelu- ja ymp\u00e4rist\u00f6ty\u00f6ryhm\u00e4: pj Tero Tamminen (Steerprop Oy)<\/strong>. Teht\u00e4v\u00e4n\u00e4 on seurata alan s\u00e4\u00e4nt\u00f6kehityst\u00e4, vaikuttaa ennakoivasti s\u00e4\u00e4ntelyyn ja koota meriteollisuuden kannanotot lausuntopyynt\u00f6ihin, joihin on tarpeen ottaa yhdess\u00e4 painokkaasti kantaa.<\/li>\n\n\n\n<li><strong>tutkimustoimikunta: pj Teemu Manderbacka (VTT)<\/strong>. Teht\u00e4v\u00e4n\u00e4 on meriklusterin kansallisen ja kansainv\u00e4lisen tutkimustoiminnan edist\u00e4minen ja rahoituksen painopisteisiin vaikuttaminen. Tutkimustoimikunnassa ovat edustettuina merkitt\u00e4v\u00e4t meriklusterin toimijat ja sidosryhm\u00e4t.<\/li>\n\n\n\n<li><strong>t\u00e4ydennyskoulutustoimikunta: pj Heini Kiuru (Helsinki Shipyard)<\/strong>. Toimikunnan teht\u00e4v\u00e4n\u00e4 on suunnitella ja j\u00e4rjest\u00e4\u00e4 meriteknisen alan t\u00e4ydennyskoulutustilaisuuksia.<\/li>\n\n\n\n<li><strong>viestint\u00e4ty\u00f6ryhm\u00e4<\/strong>: <strong>pj Anna Hakala (Meyer Turku) <\/strong>Ty\u00f6ryhm\u00e4n teht\u00e4v\u00e4 on luoda viestint\u00e4strategian mukaisesti suurelle yleis\u00f6lle ja p\u00e4\u00e4tt\u00e4jille kuva meriteknisest\u00e4 teollisuudesta vastuullisena ja menestyv\u00e4n\u00e4 teollisuudenalana, korostaa suomalaista alan osaamista ja innovaatioita sek\u00e4 nostaa meriteollisuus Suomen halutuimpien toimialojen joukkoon.<\/li>\n<\/ul>\n\n\n\n<div data-wp-interactive=\"core\/file\" class=\"wp-block-file\"><object data-wp-bind--hidden=\"!state.hasPdfPreview\" hidden class=\"wp-block-file__embed\" data=\"https:\/\/teknologiateollisuus.fi\/meriteollisuus\/wp-content\/uploads\/sites\/5\/2024\/10\/meriteollisuus_ry_saannot.pdf\" type=\"application\/pdf\" style=\"width:100%;height:600px\" aria-label=\"Tiedoston Meriteollisuus ry:n s\u00e4\u00e4nn\u00f6t upotus.\"><\/object><a id=\"wp-block-file--media-4e93ba34-7ee7-4390-bfdc-861d11f7e742\" href=\"https:\/\/teknologiateollisuus.fi\/meriteollisuus\/wp-content\/uploads\/sites\/5\/2024\/10\/meriteollisuus_ry_saannot.pdf\">Meriteollisuus ry:n s\u00e4\u00e4nn\u00f6t<\/a><a href=\"https:\/\/teknologiateollisuus.fi\/meriteollisuus\/wp-content\/uploads\/sites\/5\/2024\/10\/meriteollisuus_ry_saannot.pdf\" class=\"wp-block-file__button wp-element-button\" download aria-describedby=\"wp-block-file--media-4e93ba34-7ee7-4390-bfdc-861d11f7e742\">Lataa<\/a><\/div>\n\n\n\n<p><em>Yl\u00e4kuva: Liisa Takala<\/em><\/p>\n","protected":false},"excerpt":{"rendered":"<p>Toiminnan painopisteet Yhdistyksen t\u00e4rkeimpi\u00e4 teht\u00e4vi\u00e4 ovat alan kotimaisen verkottumiskehityksen edist\u00e4minen, tuotekehitys- ja tutkimustoiminnan kansallinen ja kansainv\u00e4linen koordinointi, vaikuttaminen kansalliseen ja EU:n meriteollisuuspolitiikkaan sek\u00e4 yhteistoiminta kansainv\u00e4lisiss\u00e4 j\u00e4rjest\u00f6iss\u00e4, kuten SEA Europessa. Tavoitteiden saavuttamiseksi yhdistyksen puitteissa toimii useita ty\u00f6ryhmi\u00e4: Yl\u00e4kuva: Liisa Takala<\/p>\n","protected":false},"author":59,"featured_media":25,"parent":1197,"menu_order":1,"comment_status":"closed","ping_status":"closed","template":"","meta":{"_acf_changed":false,"_relevanssi_hide_post":"","_relevanssi_hide_content":"","_relevanssi_pin_for_all":"","_relevanssi_pin_keywords":"","_relevanssi_unpin_keywords":"","_relevanssi_related_keywords":"","_relevanssi_related_include_ids":"","_relevanssi_related_exclude_ids":"","_relevanssi_related_no_append":"","_relevanssi_related_not_related":"","_relevanssi_related_posts":"1","_relevanssi_noindex_reason":"","inline_featured_image":false,"footnotes":""},"class_list":["post-1204","page","type-page","status-publish","has-post-thumbnail","hentry"],"acf":[],"yoast_head":"<!-- This site is optimized with the Yoast SEO Premium plugin v27.1 (Yoast SEO v27.4) - https:\/\/yoast.com\/product\/yoast-seo-premium-wordpress\/ -->\n<title>Meriteollisuus ry - Meriteollisuus ry<\/title>\n<meta name=\"robots\" content=\"index, follow, max-snippet:-1, max-image-preview:large, max-video-preview:-1\" \/>\n<link rel=\"canonical\" href=\"https:\/\/teknologiateollisuus.fi\/meriteollisuus\/meriteollisuus-uusi\/yhdistys\/\" \/>\n<meta property=\"og:locale\" content=\"fi_FI\" \/>\n<meta property=\"og:type\" content=\"article\" \/>\n<meta property=\"og:title\" content=\"Meriteollisuus ry\" \/>\n<meta property=\"og:description\" content=\"Toiminnan painopisteet Yhdistyksen t\u00e4rkeimpi\u00e4 teht\u00e4vi\u00e4 ovat alan kotimaisen verkottumiskehityksen edist\u00e4minen, tuotekehitys- ja tutkimustoiminnan kansallinen ja kansainv\u00e4linen koordinointi, vaikuttaminen kansalliseen ja EU:n meriteollisuuspolitiikkaan sek\u00e4 yhteistoiminta kansainv\u00e4lisiss\u00e4 j\u00e4rjest\u00f6iss\u00e4, kuten SEA Europessa. Tavoitteiden saavuttamiseksi yhdistyksen puitteissa toimii useita ty\u00f6ryhmi\u00e4: Yl\u00e4kuva: Liisa Takala\" \/>\n<meta property=\"og:url\" content=\"https:\/\/teknologiateollisuus.fi\/meriteollisuus\/meriteollisuus-uusi\/yhdistys\/\" \/>\n<meta property=\"og:site_name\" content=\"Meriteollisuus ry\" \/>\n<meta property=\"article:modified_time\" content=\"2026-02-02T10:22:35+00:00\" \/>\n<meta property=\"og:image\" content=\"https:\/\/teknologiateollisuus.fi\/meriteollisuus\/wp-content\/uploads\/sites\/5\/2024\/06\/tekno-fallback.png\" \/>\n\t<meta property=\"og:image:width\" content=\"1300\" \/>\n\t<meta property=\"og:image:height\" content=\"975\" \/>\n\t<meta property=\"og:image:type\" content=\"image\/png\" \/>\n<meta name=\"twitter:card\" content=\"summary_large_image\" \/>\n<meta name=\"twitter:label1\" content=\"Arvioitu lukuaika\" \/>\n\t<meta name=\"twitter:data1\" content=\"2 minuuttia\" \/>\n<script type=\"application\/ld+json\" class=\"yoast-schema-graph\">{\"@context\":\"https:\\\/\\\/schema.org\",\"@graph\":[{\"@type\":\"WebPage\",\"@id\":\"https:\\\/\\\/teknologiateollisuus.fi\\\/meriteollisuus\\\/meriteollisuus-uusi\\\/yhdistys\\\/\",\"url\":\"https:\\\/\\\/teknologiateollisuus.fi\\\/meriteollisuus\\\/meriteollisuus-uusi\\\/yhdistys\\\/\",\"name\":\"Meriteollisuus ry - Meriteollisuus ry\",\"isPartOf\":{\"@id\":\"https:\\\/\\\/teknologiateollisuus.fi\\\/meriteollisuus\\\/#website\"},\"primaryImageOfPage\":{\"@id\":\"https:\\\/\\\/teknologiateollisuus.fi\\\/meriteollisuus\\\/meriteollisuus-uusi\\\/yhdistys\\\/#primaryimage\"},\"image\":{\"@id\":\"https:\\\/\\\/teknologiateollisuus.fi\\\/meriteollisuus\\\/meriteollisuus-uusi\\\/yhdistys\\\/#primaryimage\"},\"thumbnailUrl\":\"https:\\\/\\\/teknologiateollisuus.fi\\\/meriteollisuus\\\/wp-content\\\/uploads\\\/sites\\\/5\\\/2024\\\/06\\\/tekno-fallback.png\",\"datePublished\":\"2024-08-16T12:13:01+00:00\",\"dateModified\":\"2026-02-02T10:22:35+00:00\",\"breadcrumb\":{\"@id\":\"https:\\\/\\\/teknologiateollisuus.fi\\\/meriteollisuus\\\/meriteollisuus-uusi\\\/yhdistys\\\/#breadcrumb\"},\"inLanguage\":\"fi\",\"potentialAction\":[{\"@type\":\"ReadAction\",\"target\":[\"https:\\\/\\\/teknologiateollisuus.fi\\\/meriteollisuus\\\/meriteollisuus-uusi\\\/yhdistys\\\/\"]}]},{\"@type\":\"ImageObject\",\"inLanguage\":\"fi\",\"@id\":\"https:\\\/\\\/teknologiateollisuus.fi\\\/meriteollisuus\\\/meriteollisuus-uusi\\\/yhdistys\\\/#primaryimage\",\"url\":\"https:\\\/\\\/teknologiateollisuus.fi\\\/meriteollisuus\\\/wp-content\\\/uploads\\\/sites\\\/5\\\/2024\\\/06\\\/tekno-fallback.png\",\"contentUrl\":\"https:\\\/\\\/teknologiateollisuus.fi\\\/meriteollisuus\\\/wp-content\\\/uploads\\\/sites\\\/5\\\/2024\\\/06\\\/tekno-fallback.png\",\"width\":1300,\"height\":975},{\"@type\":\"BreadcrumbList\",\"@id\":\"https:\\\/\\\/teknologiateollisuus.fi\\\/meriteollisuus\\\/meriteollisuus-uusi\\\/yhdistys\\\/#breadcrumb\",\"itemListElement\":[{\"@type\":\"ListItem\",\"position\":1,\"name\":\"Etusivu\",\"item\":\"https:\\\/\\\/teknologiateollisuus.fi\\\/meriteollisuus\\\/\"},{\"@type\":\"ListItem\",\"position\":2,\"name\":\"Toimiala\",\"item\":\"https:\\\/\\\/teknologiateollisuus.fi\\\/meriteollisuus\\\/meriteollisuus-uusi\\\/\"},{\"@type\":\"ListItem\",\"position\":3,\"name\":\"Meriteollisuus ry\"}]},{\"@type\":\"WebSite\",\"@id\":\"https:\\\/\\\/teknologiateollisuus.fi\\\/meriteollisuus\\\/#website\",\"url\":\"https:\\\/\\\/teknologiateollisuus.fi\\\/meriteollisuus\\\/\",\"name\":\"Meriteollisuus ry\",\"description\":\"\",\"potentialAction\":[{\"@type\":\"SearchAction\",\"target\":{\"@type\":\"EntryPoint\",\"urlTemplate\":\"https:\\\/\\\/teknologiateollisuus.fi\\\/meriteollisuus\\\/?s={search_term_string}\"},\"query-input\":{\"@type\":\"PropertyValueSpecification\",\"valueRequired\":true,\"valueName\":\"search_term_string\"}}],\"inLanguage\":\"fi\"}]}<\/script>\n<!-- \/ Yoast SEO Premium plugin. -->","yoast_head_json":{"title":"Meriteollisuus ry - Meriteollisuus ry","robots":{"index":"index","follow":"follow","max-snippet":"max-snippet:-1","max-image-preview":"max-image-preview:large","max-video-preview":"max-video-preview:-1"},"canonical":"https:\/\/teknologiateollisuus.fi\/meriteollisuus\/meriteollisuus-uusi\/yhdistys\/","og_locale":"fi_FI","og_type":"article","og_title":"Meriteollisuus ry","og_description":"Toiminnan painopisteet Yhdistyksen t\u00e4rkeimpi\u00e4 teht\u00e4vi\u00e4 ovat alan kotimaisen verkottumiskehityksen edist\u00e4minen, tuotekehitys- ja tutkimustoiminnan kansallinen ja kansainv\u00e4linen koordinointi, vaikuttaminen kansalliseen ja EU:n meriteollisuuspolitiikkaan sek\u00e4 yhteistoiminta kansainv\u00e4lisiss\u00e4 j\u00e4rjest\u00f6iss\u00e4, kuten SEA Europessa. Tavoitteiden saavuttamiseksi yhdistyksen puitteissa toimii useita ty\u00f6ryhmi\u00e4: Yl\u00e4kuva: Liisa Takala","og_url":"https:\/\/teknologiateollisuus.fi\/meriteollisuus\/meriteollisuus-uusi\/yhdistys\/","og_site_name":"Meriteollisuus ry","article_modified_time":"2026-02-02T10:22:35+00:00","og_image":[{"width":1300,"height":975,"url":"https:\/\/teknologiateollisuus.fi\/meriteollisuus\/wp-content\/uploads\/sites\/5\/2024\/06\/tekno-fallback.png","type":"image\/png"}],"twitter_card":"summary_large_image","twitter_misc":{"Arvioitu lukuaika":"2 minuuttia"},"schema":{"@context":"https:\/\/schema.org","@graph":[{"@type":"WebPage","@id":"https:\/\/teknologiateollisuus.fi\/meriteollisuus\/meriteollisuus-uusi\/yhdistys\/","url":"https:\/\/teknologiateollisuus.fi\/meriteollisuus\/meriteollisuus-uusi\/yhdistys\/","name":"Meriteollisuus ry - Meriteollisuus ry","isPartOf":{"@id":"https:\/\/teknologiateollisuus.fi\/meriteollisuus\/#website"},"primaryImageOfPage":{"@id":"https:\/\/teknologiateollisuus.fi\/meriteollisuus\/meriteollisuus-uusi\/yhdistys\/#primaryimage"},"image":{"@id":"https:\/\/teknologiateollisuus.fi\/meriteollisuus\/meriteollisuus-uusi\/yhdistys\/#primaryimage"},"thumbnailUrl":"https:\/\/teknologiateollisuus.fi\/meriteollisuus\/wp-content\/uploads\/sites\/5\/2024\/06\/tekno-fallback.png","datePublished":"2024-08-16T12:13:01+00:00","dateModified":"2026-02-02T10:22:35+00:00","breadcrumb":{"@id":"https:\/\/teknologiateollisuus.fi\/meriteollisuus\/meriteollisuus-uusi\/yhdistys\/#breadcrumb"},"inLanguage":"fi","potentialAction":[{"@type":"ReadAction","target":["https:\/\/teknologiateollisuus.fi\/meriteollisuus\/meriteollisuus-uusi\/yhdistys\/"]}]},{"@type":"ImageObject","inLanguage":"fi","@id":"https:\/\/teknologiateollisuus.fi\/meriteollisuus\/meriteollisuus-uusi\/yhdistys\/#primaryimage","url":"https:\/\/teknologiateollisuus.fi\/meriteollisuus\/wp-content\/uploads\/sites\/5\/2024\/06\/tekno-fallback.png","contentUrl":"https:\/\/teknologiateollisuus.fi\/meriteollisuus\/wp-content\/uploads\/sites\/5\/2024\/06\/tekno-fallback.png","width":1300,"height":975},{"@type":"BreadcrumbList","@id":"https:\/\/teknologiateollisuus.fi\/meriteollisuus\/meriteollisuus-uusi\/yhdistys\/#breadcrumb","itemListElement":[{"@type":"ListItem","position":1,"name":"Etusivu","item":"https:\/\/teknologiateollisuus.fi\/meriteollisuus\/"},{"@type":"ListItem","position":2,"name":"Toimiala","item":"https:\/\/teknologiateollisuus.fi\/meriteollisuus\/meriteollisuus-uusi\/"},{"@type":"ListItem","position":3,"name":"Meriteollisuus ry"}]},{"@type":"WebSite","@id":"https:\/\/teknologiateollisuus.fi\/meriteollisuus\/#website","url":"https:\/\/teknologiateollisuus.fi\/meriteollisuus\/","name":"Meriteollisuus ry","description":"","potentialAction":[{"@type":"SearchAction","target":{"@type":"EntryPoint","urlTemplate":"https:\/\/teknologiateollisuus.fi\/meriteollisuus\/?s={search_term_string}"},"query-input":{"@type":"PropertyValueSpecification","valueRequired":true,"valueName":"search_term_string"}}],"inLanguage":"fi"}]}},"lang":"fi","translations":{"fi":1204},"pll_sync_post":[],"_links":{"self":[{"href":"https:\/\/teknologiateollisuus.fi\/meriteollisuus\/wp-json\/wp\/v2\/pages\/1204","targetHints":{"allow":["GET"]}}],"collection":[{"href":"https:\/\/teknologiateollisuus.fi\/meriteollisuus\/wp-json\/wp\/v2\/pages"}],"about":[{"href":"https:\/\/teknologiateollisuus.fi\/meriteollisuus\/wp-json\/wp\/v2\/types\/page"}],"author":[{"embeddable":true,"href":"https:\/\/teknologiateollisuus.fi\/meriteollisuus\/wp-json\/wp\/v2\/users\/59"}],"replies":[{"embeddable":true,"href":"https:\/\/teknologiateollisuus.fi\/meriteollisuus\/wp-json\/wp\/v2\/comments?post=1204"}],"version-history":[{"count":20,"href":"https:\/\/teknologiateollisuus.fi\/meriteollisuus\/wp-json\/wp\/v2\/pages\/1204\/revisions"}],"predecessor-version":[{"id":3398,"href":"https:\/\/teknologiateollisuus.fi\/meriteollisuus\/wp-json\/wp\/v2\/pages\/1204\/revisions\/3398"}],"up":[{"embeddable":true,"href":"https:\/\/teknologiateollisuus.fi\/meriteollisuus\/wp-json\/wp\/v2\/pages\/1197"}],"wp:featuredmedia":[{"embeddable":true,"href":"https:\/\/teknologiateollisuus.fi\/meriteollisuus\/wp-json\/wp\/v2\/media\/25"}],"wp:attachment":[{"href":"https:\/\/teknologiateollisuus.fi\/meriteollisuus\/wp-json\/wp\/v2\/media?parent=1204"}],"curies":[{"name":"wp","href":"https:\/\/api.w.org\/{rel}","templated":true}]}}