{"id":4,"date":"2024-06-04T09:26:49","date_gmt":"2024-06-04T06:26:49","guid":{"rendered":"https:\/\/meriteollisuus.teknologiateollisuus.fi\/?page_id=4"},"modified":"2026-04-10T10:48:27","modified_gmt":"2026-04-10T07:48:27","slug":"etusivu","status":"publish","type":"page","link":"https:\/\/teknologiateollisuus.fi\/meriteollisuus\/","title":{"rendered":"Etusivu"},"content":{"rendered":"\n<div class=\"em-block-hero-slider \">\n\t<div class=\"em-block-hero-slider__slider keen-slider\">\n\t\t\n<div class=\"em-block-hero hero-has-background-color has-background has-petrol-background-color \">\n\t<div class=\"em-block-hero__container\">\n\t\t<div class=\"em-block-hero__content\">\n\t\t\t\n<h1 class=\"wp-block-heading is-style-default\" id=\"h-ota-suunnaksi-meriteollisuus\">Ota suunnaksi meriteollisuus<\/h1>\n\n<p>Meriteollisuudessa voit ty\u00f6skennell\u00e4 osana kansainv\u00e4list\u00e4 verkostoa ja edet\u00e4 kiinnostavia urapolkuja.<\/p>\n\t\t<\/div>\n\t\t\t\t\t<figure class=\"em-block-hero__image\">\n\t\t\t\t<img loading=\"lazy\" decoding=\"async\" width=\"2000\" height=\"1388\" src=\"https:\/\/teknologiateollisuus.fi\/meriteollisuus\/wp-content\/uploads\/sites\/5\/2024\/10\/Ota-suunnaksi-meriteollisuus-1.jpg\" class=\"attachment-hero size-hero\" alt=\"\" \/>\t\t\t<\/figure>\n\t\t\t<\/div>\n\n\t\t\t<a href=\"https:\/\/teknologiateollisuus.fi\/meriteollisuus\/toihin-meriteollisuuteen\/\" class=\"em-block-hero__link\" aria-label=\"Lue lis\u00e4\u00e4\"><\/a>\n\t<\/div>\n\n<div class=\"em-block-hero hero-has-background-color has-background has-turquoise-background-color \">\n\t<div class=\"em-block-hero__container\">\n\t\t<div class=\"em-block-hero__content\">\n\t\t\t\n<h1 class=\"wp-block-heading is-style-default\" id=\"h-tutustu-jaseniimme\">Tutustu j\u00e4seniimme<\/h1>\n\n<p>J\u00e4senesitteemme luo katsauksen suomalaisen meriteollisuuden monipuolisuuteen<\/p>\n\t\t<\/div>\n\t\t\t\t\t<figure class=\"em-block-hero__image\">\n\t\t\t\t<img loading=\"lazy\" decoding=\"async\" width=\"1500\" height=\"963\" src=\"https:\/\/teknologiateollisuus.fi\/meriteollisuus\/wp-content\/uploads\/sites\/5\/2024\/10\/Kansikuva-Icon_etusivu.jpg\" class=\"attachment-hero size-hero\" alt=\"\" \/>\t\t\t<\/figure>\n\t\t\t<\/div>\n\n\t\t\t<a href=\"https:\/\/teknologiateollisuus.fi\/meriteollisuus\/wp-content\/uploads\/sites\/5\/2024\/10\/Meriteollisuus_ryn_jasenet_2024_digi_final.pdf\" class=\"em-block-hero__link\" aria-label=\"Lue lis\u00e4\u00e4\"><\/a>\n\t<\/div>\n\t<\/div>\n<\/div>\n\n\n\n\n<div id=\"\" class=\"em-block-latest-posts-grid  has-columns-4\">\n\t\t\t<h2 class=\"em-block-latest-posts-grid__heading\">Ajankohtaiset<\/h2>\n\t\t<div class=\"em-block-latest-posts-grid__card-wide\">\n\t\t\n<article class=\"em-block-post-card is-style-list layout-wide\">\n\t<a class=\"em-block-post-card__link\" href=\"https:\/\/teknologiateollisuus.fi\/meriteollisuus\/meyer-turun-uusi-merion-veturiohjelma-luotsaa-meriteollisuutta-murrosten-keskella\/\" target=\"_self\">\n\t\t<div class=\"em-block-post-card__image\"><img loading=\"lazy\" decoding=\"async\" width=\"768\" height=\"432\" src=\"https:\/\/teknologiateollisuus.fi\/meriteollisuus\/wp-content\/uploads\/sites\/5\/2026\/04\/Meyer-Turku_MERiON-Roadmap-768x432.jpg\" class=\"attachment-medium_large size-medium_large\" alt=\"\" srcset=\"https:\/\/teknologiateollisuus.fi\/meriteollisuus\/wp-content\/uploads\/sites\/5\/2026\/04\/Meyer-Turku_MERiON-Roadmap-768x432.jpg 768w, https:\/\/teknologiateollisuus.fi\/meriteollisuus\/wp-content\/uploads\/sites\/5\/2026\/04\/Meyer-Turku_MERiON-Roadmap-400x225.jpg 400w, https:\/\/teknologiateollisuus.fi\/meriteollisuus\/wp-content\/uploads\/sites\/5\/2026\/04\/Meyer-Turku_MERiON-Roadmap-968x545.jpg 968w, https:\/\/teknologiateollisuus.fi\/meriteollisuus\/wp-content\/uploads\/sites\/5\/2026\/04\/Meyer-Turku_MERiON-Roadmap-1536x864.jpg 1536w, https:\/\/teknologiateollisuus.fi\/meriteollisuus\/wp-content\/uploads\/sites\/5\/2026\/04\/Meyer-Turku_MERiON-Roadmap-2048x1152.jpg 2048w, https:\/\/teknologiateollisuus.fi\/meriteollisuus\/wp-content\/uploads\/sites\/5\/2026\/04\/Meyer-Turku_MERiON-Roadmap-1300x731.jpg 1300w, https:\/\/teknologiateollisuus.fi\/meriteollisuus\/wp-content\/uploads\/sites\/5\/2026\/04\/Meyer-Turku_MERiON-Roadmap-1440x810.jpg 1440w\" sizes=\"auto, (max-width: 768px) 100vw, 768px\" \/><\/div>\n\t\t<div class=\"em-block-post-card__content\">\n\t\t\t\t\t\t\t\t\t<h3 class=\"em-block-post-card__title\">Meyer Turun uusi MERiON-veturiohjelma luotsaa meriteollisuutta murrosten keskell\u00e4<\/h3>\n\t\t\t\t\t\t\t<div class=\"em-block-post-card__excerpt\">\n\t\t\t\t\tMeyer Turku k\u00e4ynnist\u00e4\u00e4 viisivuotisen Business Finland -osarahoitteisen MERiON-veturiohjelman, jonka tavoitteena on vahvistaa laivanrakennusteollisuutta ekologisten, digitaalisten ja geopoliittisten muutosten keskell\u00e4. Ohjelma kokoaa yhteen yrityksi\u00e4, korkeakouluja ja tutkimuslaitoksia kehitt\u00e4m\u00e4\u00e4n ratkaisuja risteilyaluksiin ja kelluviin infrastruktuureihin. Meyer Turku on valittu toista kertaa mukaan Business Finlandin veturiyritysten ja -ekosysteemien rahoitusohjelmaan, jonka avulla yrityksi\u00e4 haastetaan kasvattamaan tutkimus-, kehitys- ja innovaatioinvestointejaan Suomessa. [&hellip;]\t\t\t\t<\/div>\n\t\t\t\t\t\t<div class=\"em-block-post-card__footer\">\n\t\t\t\t<time class=\"em-block-post-card__date\" datetime=\"2026-04-21\">\n\t\t\t\t\t21.4.2026\t\t\t\t<\/time>\n\t\t\t\t\t\t\t\t\t<div class=\"em-block-post-card__categories\">\n\t\t\t\t\t\t\t\t\t\t\t\t\t<span class=\"em-block-post-card__category\">Uutinen<\/span>\n\t\t\t\t\t\t\t\t\t\t\t<\/div>\n\t\t\t\t\t\t\t<\/div>\n\t\t<\/div>\n\t<\/a>\n<\/article>\n\t<\/div>\n\n\t<div class=\"em-block-latest-posts-grid__cards\">\n\t\t\n<article class=\"em-block-post-card  layout-wide\">\n\t<a class=\"em-block-post-card__link\" href=\"https:\/\/teknologiateollisuus.fi\/meriteollisuus\/suomi-ja-kanada-syventavat-yhteistyotaan-arktisessa-meriteollisuudessa-ja-teknologiayhteistyossa\/\" target=\"_self\">\n\t\t<div class=\"em-block-post-card__image\"><img loading=\"lazy\" decoding=\"async\" width=\"768\" height=\"356\" src=\"https:\/\/teknologiateollisuus.fi\/meriteollisuus\/wp-content\/uploads\/sites\/5\/2024\/11\/iceberg-701058_1280-768x356.jpg\" class=\"attachment-medium_large size-medium_large\" alt=\"\" srcset=\"https:\/\/teknologiateollisuus.fi\/meriteollisuus\/wp-content\/uploads\/sites\/5\/2024\/11\/iceberg-701058_1280-768x356.jpg 768w, https:\/\/teknologiateollisuus.fi\/meriteollisuus\/wp-content\/uploads\/sites\/5\/2024\/11\/iceberg-701058_1280-400x185.jpg 400w, https:\/\/teknologiateollisuus.fi\/meriteollisuus\/wp-content\/uploads\/sites\/5\/2024\/11\/iceberg-701058_1280-968x448.jpg 968w, https:\/\/teknologiateollisuus.fi\/meriteollisuus\/wp-content\/uploads\/sites\/5\/2024\/11\/iceberg-701058_1280.jpg 1280w\" sizes=\"auto, (max-width: 768px) 100vw, 768px\" \/><\/div>\n\t\t<div class=\"em-block-post-card__content\">\n\t\t\t\t\t\t\t\t\t<h3 class=\"em-block-post-card__title\">Suomi ja Kanada syvent\u00e4v\u00e4t yhteisty\u00f6t\u00e4\u00e4n arktisessa meriteollisuudessa ja teknologiayhteisty\u00f6ss\u00e4<\/h3>\n\t\t\t\t\t\t<div class=\"em-block-post-card__footer\">\n\t\t\t\t<time class=\"em-block-post-card__date\" datetime=\"2026-04-15\">\n\t\t\t\t\t15.4.2026\t\t\t\t<\/time>\n\t\t\t\t\t\t\t\t\t<div class=\"em-block-post-card__categories\">\n\t\t\t\t\t\t\t\t\t\t\t\t\t<span class=\"em-block-post-card__category\">Tiedote<\/span>\n\t\t\t\t\t\t\t\t\t\t\t\t\t<span class=\"em-block-post-card__category\">Uutinen<\/span>\n\t\t\t\t\t\t\t\t\t\t\t<\/div>\n\t\t\t\t\t\t\t<\/div>\n\t\t<\/div>\n\t<\/a>\n<\/article>\n\n<article class=\"em-block-post-card  layout-wide\">\n\t<a class=\"em-block-post-card__link\" href=\"https:\/\/teknologiateollisuus.fi\/meriteollisuus\/meyer-turun-tulos-vuodelta-2025-luo-vahvan-pohjan-tulevien-vuosien-kehitykselle\/\" target=\"_self\">\n\t\t<div class=\"em-block-post-card__image\"><img loading=\"lazy\" decoding=\"async\" width=\"385\" height=\"131\" src=\"https:\/\/teknologiateollisuus.fi\/meriteollisuus\/wp-content\/uploads\/sites\/5\/2026\/04\/meyer-turku.png\" class=\"attachment-medium_large size-medium_large\" alt=\"\" \/><\/div>\n\t\t<div class=\"em-block-post-card__content\">\n\t\t\t\t\t\t\t\t\t<h3 class=\"em-block-post-card__title\">Meyer Turun tulos vuodelta 2025 luo vahvan pohjan tulevien vuosien kehitykselle<\/h3>\n\t\t\t\t\t\t<div class=\"em-block-post-card__footer\">\n\t\t\t\t<time class=\"em-block-post-card__date\" datetime=\"2026-04-14\">\n\t\t\t\t\t14.4.2026\t\t\t\t<\/time>\n\t\t\t\t\t\t\t\t\t<div class=\"em-block-post-card__categories\">\n\t\t\t\t\t\t\t\t\t\t\t\t\t<span class=\"em-block-post-card__category\">Uutinen<\/span>\n\t\t\t\t\t\t\t\t\t\t\t<\/div>\n\t\t\t\t\t\t\t<\/div>\n\t\t<\/div>\n\t<\/a>\n<\/article>\n\n<article class=\"em-block-post-card  layout-wide\">\n\t<a class=\"em-block-post-card__link\" href=\"https:\/\/teknologiateollisuus.fi\/meriteollisuus\/rastor-instituutin-jarjestama-laivasuunnittelijan-f-e-c-rekrytoiva-koulutus\/\" target=\"_self\">\n\t\t<div class=\"em-block-post-card__image\"><img loading=\"lazy\" decoding=\"async\" width=\"768\" height=\"512\" src=\"https:\/\/teknologiateollisuus.fi\/meriteollisuus\/wp-content\/uploads\/sites\/5\/2024\/09\/tim-van-der-kuip-CPs2X8JYmS8-unsplash-2-768x512.jpg\" class=\"attachment-medium_large size-medium_large\" alt=\"\" srcset=\"https:\/\/teknologiateollisuus.fi\/meriteollisuus\/wp-content\/uploads\/sites\/5\/2024\/09\/tim-van-der-kuip-CPs2X8JYmS8-unsplash-2-768x512.jpg 768w, https:\/\/teknologiateollisuus.fi\/meriteollisuus\/wp-content\/uploads\/sites\/5\/2024\/09\/tim-van-der-kuip-CPs2X8JYmS8-unsplash-2-400x267.jpg 400w, https:\/\/teknologiateollisuus.fi\/meriteollisuus\/wp-content\/uploads\/sites\/5\/2024\/09\/tim-van-der-kuip-CPs2X8JYmS8-unsplash-2-968x645.jpg 968w, https:\/\/teknologiateollisuus.fi\/meriteollisuus\/wp-content\/uploads\/sites\/5\/2024\/09\/tim-van-der-kuip-CPs2X8JYmS8-unsplash-2-1300x867.jpg 1300w, https:\/\/teknologiateollisuus.fi\/meriteollisuus\/wp-content\/uploads\/sites\/5\/2024\/09\/tim-van-der-kuip-CPs2X8JYmS8-unsplash-2-1440x960.jpg 1440w, https:\/\/teknologiateollisuus.fi\/meriteollisuus\/wp-content\/uploads\/sites\/5\/2024\/09\/tim-van-der-kuip-CPs2X8JYmS8-unsplash-2.jpg 1500w\" sizes=\"auto, (max-width: 768px) 100vw, 768px\" \/><\/div>\n\t\t<div class=\"em-block-post-card__content\">\n\t\t\t\t\t\t\t\t\t<h3 class=\"em-block-post-card__title\">Rastor-instituutin j\u00e4rjest\u00e4m\u00e4 Laivasuunnittelijan F.E.C rekrytoiva koulutus<\/h3>\n\t\t\t\t\t\t<div class=\"em-block-post-card__footer\">\n\t\t\t\t<time class=\"em-block-post-card__date\" datetime=\"2026-03-30\">\n\t\t\t\t\t30.3.2026\t\t\t\t<\/time>\n\t\t\t\t\t\t\t\t\t<div class=\"em-block-post-card__categories\">\n\t\t\t\t\t\t\t\t\t\t\t\t\t<span class=\"em-block-post-card__category\">Uutinen<\/span>\n\t\t\t\t\t\t\t\t\t\t\t<\/div>\n\t\t\t\t\t\t\t<\/div>\n\t\t<\/div>\n\t<\/a>\n<\/article>\n\n<article class=\"em-block-post-card  layout-wide\">\n\t<a class=\"em-block-post-card__link\" href=\"https:\/\/teknologiateollisuus.fi\/meriteollisuus\/finnish-marine-industries-welcomes-a-new-member-nordes-oy\/\" target=\"_self\">\n\t\t<div class=\"em-block-post-card__image\"><img loading=\"lazy\" decoding=\"async\" width=\"768\" height=\"523\" src=\"https:\/\/teknologiateollisuus.fi\/meriteollisuus\/wp-content\/uploads\/sites\/5\/2026\/03\/Nordes_intro_pic-2-768x523.jpg\" class=\"attachment-medium_large size-medium_large\" alt=\"\" srcset=\"https:\/\/teknologiateollisuus.fi\/meriteollisuus\/wp-content\/uploads\/sites\/5\/2026\/03\/Nordes_intro_pic-2-768x523.jpg 768w, https:\/\/teknologiateollisuus.fi\/meriteollisuus\/wp-content\/uploads\/sites\/5\/2026\/03\/Nordes_intro_pic-2-400x272.jpg 400w, https:\/\/teknologiateollisuus.fi\/meriteollisuus\/wp-content\/uploads\/sites\/5\/2026\/03\/Nordes_intro_pic-2-968x659.jpg 968w, https:\/\/teknologiateollisuus.fi\/meriteollisuus\/wp-content\/uploads\/sites\/5\/2026\/03\/Nordes_intro_pic-2.jpg 1058w\" sizes=\"auto, (max-width: 768px) 100vw, 768px\" \/><\/div>\n\t\t<div class=\"em-block-post-card__content\">\n\t\t\t\t\t\t\t\t\t<h3 class=\"em-block-post-card__title\">Finnish Marine Industries Welcomes a New Member: Nordes Oy<\/h3>\n\t\t\t\t\t\t<div class=\"em-block-post-card__footer\">\n\t\t\t\t<time class=\"em-block-post-card__date\" datetime=\"2026-03-17\">\n\t\t\t\t\t17.3.2026\t\t\t\t<\/time>\n\t\t\t\t\t\t\t\t\t<div class=\"em-block-post-card__categories\">\n\t\t\t\t\t\t\t\t\t\t\t\t\t<span class=\"em-block-post-card__category\">Uutinen<\/span>\n\t\t\t\t\t\t\t\t\t\t\t<\/div>\n\t\t\t\t\t\t\t<\/div>\n\t\t<\/div>\n\t<\/a>\n<\/article>\n\t<\/div>\n\t\t\t<div class=\"em-block-latest-posts-grid__button\">\n\t\t\t<a class=\"button\" href=\"https:\/\/teknologiateollisuus.fi\/meriteollisuus\/ajankohtaista\/\">Lis\u00e4\u00e4 ajankohtaisia<\/a>\n\t\t<\/div>\n\t<\/div>\n\n\n\n<div class=\"wp-block-group em-pattern-key-figures has-turquoise-color has-light-gray-background-color has-text-color has-background has-link-color wp-elements-1e7e32b1ff2cefd2aa41cfbff333a525 is-layout-constrained wp-block-group-is-layout-constrained\">\n<div class=\"wp-block-scb-columns scb-columns  has-mobile-behavior--stacked has-columns-3 em-pattern-key-figures__stats\">\n<div class=\"wp-block-scb-column scb-column em-pattern-key-figures__key-figure\">\n\n<p class=\"em-pattern-key-figures__figure\"><mark class=\"has-inline-color has-brand-accent-color\">12<\/mark><\/p>\n\n\n<p class=\"em-pattern-key-figures__description\">miljardia euroa alan vuotuinen liikevaihto<\/p>\n\n<\/div>\n\n\n\n<div class=\"wp-block-scb-column scb-column em-pattern-key-figures__key-figure\">\n\n<p class=\"em-pattern-key-figures__figure\"><mark class=\"has-inline-color has-brand-accent-color\">1,200<\/mark><\/p>\n\n\n<p class=\"em-pattern-key-figures__description\">yrityst\u00e4 toimii meriteollisuudessa Suomessa<\/p>\n\n<\/div>\n\n\n\n<div class=\"wp-block-scb-column scb-column em-pattern-key-figures__key-figure\">\n\n<p class=\"em-pattern-key-figures__figure\"><mark class=\"has-inline-color has-brand-accent-color\">30,500<\/mark><\/p>\n\n\n<p class=\"em-pattern-key-figures__description\">ty\u00f6ntekij\u00e4\u00e4 toimialalla Suomessa<\/p>\n\n<\/div>\n<\/div>\n<\/div>\n\n\n\n<div class=\"wp-block-evermade-card-grid em-block-card-grid has-columns-3 em-block-content-card-grid column-gap-xs row-gap-xs\">\n<article class=\"em-block-content-card  has-media-position-top\">\n\t\t\t<div class=\"em-block-content-card__media\">\n\t\t\t<img\n\t\t\t\tsrc=\"https:\/\/teknologiateollisuus.fi\/meriteollisuus\/wp-content\/uploads\/sites\/5\/2024\/10\/toihin-meriteollisuuteen-2-1.jpg\"\n\t\t\t\talt=\"\"\n\t\t\t\tclass=\"\"\n\t\t\t\/>\n\n\t\t\t\t\t<\/div>\n\t\n\t<div class=\"em-block-content-card__content\">\n\t\t\n\t\t\t\t\t<h4 class=\"em-block-content-card__title\">T\u00f6ihin meriteollisuuteen<\/h4>\n\t\t\n\t\t\t\t\t<p class=\"em-block-content-card__description\">Lue sivuiltamme tarkemmin alan monipuolisista uramahdollisuuksista. <\/p>\n\t\t\n\t\t\t\t\t\t\t\t\t<a\n\t\t\t\t\tclass=\"em-block-content-card__button  has-icon-name-icon-external\"\n\t\t\t\t\thref=\"https:\/\/teknologiateollisuus.fi\/meriteollisuus\/toihin-meriteollisuuteen\/\"\n\t\t\t\t\t\t\t\t\t\t\t\t\t\t>\n\t\t\t\t\t<span class=\"em-block-content-card__button-label\">\n\t\t\t\t\t\tSivulle\t\t\t\t\t<\/span>\n\t\t\t\t<\/a>\n\t\t\t\t\t\t<\/div>\n\n\t<\/article>\n\n\n\n<article class=\"em-block-content-card  has-media-position-top\">\n\t\t\t<div class=\"em-block-content-card__media\">\n\t\t\t<img\n\t\t\t\tsrc=\"https:\/\/teknologiateollisuus.fi\/meriteollisuus\/wp-content\/uploads\/sites\/5\/2024\/10\/SEA-Europe-uusi-logo-2021-valkoinen-2.jpg\"\n\t\t\t\talt=\"\"\n\t\t\t\tclass=\"\"\n\t\t\t\/>\n\n\t\t\t\t\t<\/div>\n\t\n\t<div class=\"em-block-content-card__content\">\n\t\t\n\t\t\t\t\t<h4 class=\"em-block-content-card__title\">SEA Europe<\/h4>\n\t\t\n\t\t\t\t\t<p class=\"em-block-content-card__description\">SEA Europe edist\u00e4\u00e4 16 Euroopan maan laivanrakennusteollisuuden yhteisi\u00e4 etuja. <\/p>\n\t\t\n\t\t\t\t\t\t\t\t\t<a\n\t\t\t\t\tclass=\"em-block-content-card__button  has-icon-name-icon-external\"\n\t\t\t\t\thref=\"https:\/\/www.seaeurope.eu\/\"\n\t\t\t\t\ttarget=\"_blank\" rel=\"noopener noreferrer\"\t\t\t\t\t\t\t\t\t>\n\t\t\t\t\t<span class=\"em-block-content-card__button-label\">\n\t\t\t\t\t\tSEA Europen sivuille\t\t\t\t\t<\/span>\n\t\t\t\t<\/a>\n\t\t\t\t\t\t<\/div>\n\n\t<\/article>\n\n\n\n<article class=\"em-block-content-card  has-media-position-top\">\n\t\t\t<div class=\"em-block-content-card__media\">\n\t\t\t<img\n\t\t\t\tsrc=\"https:\/\/teknologiateollisuus.fi\/meriteollisuus\/wp-content\/uploads\/sites\/5\/2024\/09\/josiah-weiss-tthKs4A7XMY-unsplash-2.jpg\"\n\t\t\t\talt=\"\"\n\t\t\t\tclass=\"\"\n\t\t\t\/>\n\n\t\t\t\t\t<\/div>\n\t\n\t<div class=\"em-block-content-card__content\">\n\t\t\t\t\t<p class=\"em-block-content-card__pre-heading\">Merialojen erikoislehti<\/p>\n\t\t\n\t\t\t\t\t<h4 class=\"em-block-content-card__title\">Navigator<\/h4>\n\t\t\n\t\t\t\t\t<p class=\"em-block-content-card__description\">L\u00f6yd\u00e4t lis\u00e4\u00e4 merialan uutisia Navigator-verkkolehden sivuilta.<\/p>\n\t\t\n\t\t\t\t\t\t\t\t\t<a\n\t\t\t\t\tclass=\"em-block-content-card__button  has-icon-name-icon-external\"\n\t\t\t\t\thref=\"https:\/\/navigatormagazine.fi\/\"\n\t\t\t\t\ttarget=\"_blank\" rel=\"noopener noreferrer\"\t\t\t\t\t\t\t\t\t>\n\t\t\t\t\t<span class=\"em-block-content-card__button-label\">\n\t\t\t\t\t\tNavigatorin sivuille\t\t\t\t\t<\/span>\n\t\t\t\t<\/a>\n\t\t\t\t\t\t<\/div>\n\n\t<\/article>\n<\/div>\n\n\n\n<p><\/p>\n","protected":false},"excerpt":{"rendered":"","protected":false},"author":1,"featured_media":0,"parent":0,"menu_order":0,"comment_status":"closed","ping_status":"closed","template":"","meta":{"_acf_changed":false,"_relevanssi_hide_post":"","_relevanssi_hide_content":"","_relevanssi_pin_for_all":"","_relevanssi_pin_keywords":"","_relevanssi_unpin_keywords":"","_relevanssi_related_keywords":"","_relevanssi_related_include_ids":"","_relevanssi_related_exclude_ids":"","_relevanssi_related_no_append":"","_relevanssi_related_not_related":"","_relevanssi_related_posts":"1","_relevanssi_noindex_reason":"","inline_featured_image":false,"footnotes":""},"class_list":["post-4","page","type-page","status-publish","hentry"],"acf":[],"yoast_head":"<!-- This site is optimized with the Yoast SEO Premium plugin v27.1 (Yoast SEO v27.4) - https:\/\/yoast.com\/product\/yoast-seo-premium-wordpress\/ -->\n<title>Etusivu - Meriteollisuus ry<\/title>\n<meta name=\"robots\" content=\"index, follow, max-snippet:-1, max-image-preview:large, max-video-preview:-1\" \/>\n<link rel=\"canonical\" href=\"https:\/\/teknologiateollisuus.fi\/meriteollisuus\/\" \/>\n<meta property=\"og:locale\" content=\"fi_FI\" \/>\n<meta property=\"og:type\" content=\"article\" \/>\n<meta property=\"og:title\" content=\"Etusivu\" \/>\n<meta property=\"og:url\" content=\"https:\/\/teknologiateollisuus.fi\/meriteollisuus\/\" \/>\n<meta property=\"og:site_name\" content=\"Meriteollisuus ry\" \/>\n<meta property=\"article:modified_time\" content=\"2026-04-10T07:48:27+00:00\" \/>\n<meta name=\"twitter:card\" content=\"summary_large_image\" \/>\n<meta name=\"twitter:label1\" content=\"Arvioitu lukuaika\" \/>\n\t<meta name=\"twitter:data1\" content=\"1 minuutti\" \/>\n<script type=\"application\/ld+json\" class=\"yoast-schema-graph\">{\"@context\":\"https:\\\/\\\/schema.org\",\"@graph\":[{\"@type\":\"WebPage\",\"@id\":\"https:\\\/\\\/teknologiateollisuus.fi\\\/meriteollisuus\\\/\",\"url\":\"https:\\\/\\\/teknologiateollisuus.fi\\\/meriteollisuus\\\/\",\"name\":\"Etusivu - Meriteollisuus ry\",\"isPartOf\":{\"@id\":\"https:\\\/\\\/teknologiateollisuus.fi\\\/meriteollisuus\\\/#website\"},\"datePublished\":\"2024-06-04T06:26:49+00:00\",\"dateModified\":\"2026-04-10T07:48:27+00:00\",\"breadcrumb\":{\"@id\":\"https:\\\/\\\/teknologiateollisuus.fi\\\/meriteollisuus\\\/#breadcrumb\"},\"inLanguage\":\"fi\",\"potentialAction\":[{\"@type\":\"ReadAction\",\"target\":[\"https:\\\/\\\/teknologiateollisuus.fi\\\/meriteollisuus\\\/\"]}]},{\"@type\":\"BreadcrumbList\",\"@id\":\"https:\\\/\\\/teknologiateollisuus.fi\\\/meriteollisuus\\\/#breadcrumb\",\"itemListElement\":[{\"@type\":\"ListItem\",\"position\":1,\"name\":\"Etusivu\",\"item\":\"https:\\\/\\\/teknologiateollisuus.fi\\\/meriteollisuus\\\/\"},{\"@type\":\"ListItem\",\"position\":2,\"name\":\"Etusivu\"}]},{\"@type\":\"WebSite\",\"@id\":\"https:\\\/\\\/teknologiateollisuus.fi\\\/meriteollisuus\\\/#website\",\"url\":\"https:\\\/\\\/teknologiateollisuus.fi\\\/meriteollisuus\\\/\",\"name\":\"Meriteollisuus ry\",\"description\":\"\",\"potentialAction\":[{\"@type\":\"SearchAction\",\"target\":{\"@type\":\"EntryPoint\",\"urlTemplate\":\"https:\\\/\\\/teknologiateollisuus.fi\\\/meriteollisuus\\\/?s={search_term_string}\"},\"query-input\":{\"@type\":\"PropertyValueSpecification\",\"valueRequired\":true,\"valueName\":\"search_term_string\"}}],\"inLanguage\":\"fi\"}]}<\/script>\n<!-- \/ Yoast SEO Premium plugin. -->","yoast_head_json":{"title":"Etusivu - Meriteollisuus ry","robots":{"index":"index","follow":"follow","max-snippet":"max-snippet:-1","max-image-preview":"max-image-preview:large","max-video-preview":"max-video-preview:-1"},"canonical":"https:\/\/teknologiateollisuus.fi\/meriteollisuus\/","og_locale":"fi_FI","og_type":"article","og_title":"Etusivu","og_url":"https:\/\/teknologiateollisuus.fi\/meriteollisuus\/","og_site_name":"Meriteollisuus ry","article_modified_time":"2026-04-10T07:48:27+00:00","twitter_card":"summary_large_image","twitter_misc":{"Arvioitu lukuaika":"1 minuutti"},"schema":{"@context":"https:\/\/schema.org","@graph":[{"@type":"WebPage","@id":"https:\/\/teknologiateollisuus.fi\/meriteollisuus\/","url":"https:\/\/teknologiateollisuus.fi\/meriteollisuus\/","name":"Etusivu - Meriteollisuus ry","isPartOf":{"@id":"https:\/\/teknologiateollisuus.fi\/meriteollisuus\/#website"},"datePublished":"2024-06-04T06:26:49+00:00","dateModified":"2026-04-10T07:48:27+00:00","breadcrumb":{"@id":"https:\/\/teknologiateollisuus.fi\/meriteollisuus\/#breadcrumb"},"inLanguage":"fi","potentialAction":[{"@type":"ReadAction","target":["https:\/\/teknologiateollisuus.fi\/meriteollisuus\/"]}]},{"@type":"BreadcrumbList","@id":"https:\/\/teknologiateollisuus.fi\/meriteollisuus\/#breadcrumb","itemListElement":[{"@type":"ListItem","position":1,"name":"Etusivu","item":"https:\/\/teknologiateollisuus.fi\/meriteollisuus\/"},{"@type":"ListItem","position":2,"name":"Etusivu"}]},{"@type":"WebSite","@id":"https:\/\/teknologiateollisuus.fi\/meriteollisuus\/#website","url":"https:\/\/teknologiateollisuus.fi\/meriteollisuus\/","name":"Meriteollisuus ry","description":"","potentialAction":[{"@type":"SearchAction","target":{"@type":"EntryPoint","urlTemplate":"https:\/\/teknologiateollisuus.fi\/meriteollisuus\/?s={search_term_string}"},"query-input":{"@type":"PropertyValueSpecification","valueRequired":true,"valueName":"search_term_string"}}],"inLanguage":"fi"}]}},"lang":"fi","translations":{"fi":4,"en":1503},"pll_sync_post":[],"_links":{"self":[{"href":"https:\/\/teknologiateollisuus.fi\/meriteollisuus\/wp-json\/wp\/v2\/pages\/4","targetHints":{"allow":["GET"]}}],"collection":[{"href":"https:\/\/teknologiateollisuus.fi\/meriteollisuus\/wp-json\/wp\/v2\/pages"}],"about":[{"href":"https:\/\/teknologiateollisuus.fi\/meriteollisuus\/wp-json\/wp\/v2\/types\/page"}],"author":[{"embeddable":true,"href":"https:\/\/teknologiateollisuus.fi\/meriteollisuus\/wp-json\/wp\/v2\/users\/1"}],"replies":[{"embeddable":true,"href":"https:\/\/teknologiateollisuus.fi\/meriteollisuus\/wp-json\/wp\/v2\/comments?post=4"}],"version-history":[{"count":29,"href":"https:\/\/teknologiateollisuus.fi\/meriteollisuus\/wp-json\/wp\/v2\/pages\/4\/revisions"}],"predecessor-version":[{"id":3490,"href":"https:\/\/teknologiateollisuus.fi\/meriteollisuus\/wp-json\/wp\/v2\/pages\/4\/revisions\/3490"}],"wp:attachment":[{"href":"https:\/\/teknologiateollisuus.fi\/meriteollisuus\/wp-json\/wp\/v2\/media?parent=4"}],"curies":[{"name":"wp","href":"https:\/\/api.w.org\/{rel}","templated":true}]}}