{"id":120,"date":"2024-06-06T12:03:19","date_gmt":"2024-06-06T09:03:19","guid":{"rendered":"https:\/\/metallinjalostajat.teknologiateollisuus.fi\/?page_id=120"},"modified":"2026-02-02T12:52:17","modified_gmt":"2026-02-02T10:52:17","slug":"tietoa-meista","status":"publish","type":"page","link":"https:\/\/teknologiateollisuus.fi\/metallinjalostajat\/tietoa-meista\/","title":{"rendered":"Tietoa meist\u00e4"},"content":{"rendered":"\n<div class=\"em-block-hero hero-has-background-color has-background has-tangerine-background-color has-image media-position-background \">\n\t<div class=\"em-block-hero__container\">\n\t\t<div class=\"em-block-hero__content\">\n\t\t\t<div class=\"yoast-breadcrumbs\"><span><span><a href=\"https:\/\/teknologiateollisuus.fi\/metallinjalostajat\/\">Etusivu<\/a><\/span> <span class=\"separator\"><\/span> <span class=\"breadcrumb_last\" aria-current=\"page\">Tietoa meist\u00e4<\/span><\/span><\/div>\t\t\t\n<h1 class=\"wp-block-heading\" id=\"h-metallinjalostajat-ry\">Metallinjalostajat ry<\/h1>\n\n<p><\/p>\n\t\t\t<div class=\"em-block-hero__modified-date\"> P\u00e4ivitetty 02.02.2026 klo 12:52<\/div>\t\t<\/div>\n\t\t\t\t\t<figure class=\"em-block-hero__image\">\n\t\t\t\t<img loading=\"lazy\" decoding=\"async\" width=\"2560\" height=\"1707\" src=\"https:\/\/teknologiateollisuus.fi\/metallinjalostajat\/wp-content\/uploads\/sites\/10\/2024\/11\/yasin-hm-zHK__gTTTds-unsplash-scaled.jpg\" class=\"attachment-hero size-hero\" alt=\"\" srcset=\"https:\/\/teknologiateollisuus.fi\/metallinjalostajat\/wp-content\/uploads\/sites\/10\/2024\/11\/yasin-hm-zHK__gTTTds-unsplash-scaled.jpg 2560w, https:\/\/teknologiateollisuus.fi\/metallinjalostajat\/wp-content\/uploads\/sites\/10\/2024\/11\/yasin-hm-zHK__gTTTds-unsplash-400x267.jpg 400w, https:\/\/teknologiateollisuus.fi\/metallinjalostajat\/wp-content\/uploads\/sites\/10\/2024\/11\/yasin-hm-zHK__gTTTds-unsplash-968x645.jpg 968w, https:\/\/teknologiateollisuus.fi\/metallinjalostajat\/wp-content\/uploads\/sites\/10\/2024\/11\/yasin-hm-zHK__gTTTds-unsplash-768x512.jpg 768w, https:\/\/teknologiateollisuus.fi\/metallinjalostajat\/wp-content\/uploads\/sites\/10\/2024\/11\/yasin-hm-zHK__gTTTds-unsplash-1536x1024.jpg 1536w, https:\/\/teknologiateollisuus.fi\/metallinjalostajat\/wp-content\/uploads\/sites\/10\/2024\/11\/yasin-hm-zHK__gTTTds-unsplash-2048x1365.jpg 2048w, https:\/\/teknologiateollisuus.fi\/metallinjalostajat\/wp-content\/uploads\/sites\/10\/2024\/11\/yasin-hm-zHK__gTTTds-unsplash-1300x867.jpg 1300w, https:\/\/teknologiateollisuus.fi\/metallinjalostajat\/wp-content\/uploads\/sites\/10\/2024\/11\/yasin-hm-zHK__gTTTds-unsplash-1440x960.jpg 1440w\" sizes=\"auto, (max-width: 2560px) 100vw, 2560px\" \/>\t\t\t<\/figure>\n\t\t\t<\/div>\n<\/div>\n\n\n\n<p>Metallinjalostajat ry on Teknologiateollisuus ry:n toimialayhdistys. Metallinjalostajat huolehtii yhteisty\u00f6ss\u00e4 j\u00e4senyritystens\u00e4, muiden suomalaisten ja eurooppalaisten teollisuuden j\u00e4rjest\u00f6jen kanssa siit\u00e4, ett\u00e4 metallien jalostuksella on menestymisen edellytykset kansainv\u00e4lisess\u00e4 kilpailussa. Metallinjalostajat ry perustettiin 7.3.1979.\u202f&nbsp;<\/p>\n\n\n\n<h2 class=\"wp-block-heading\" id=\"h-tarkoitus-ja-tavoitetila-nbsp\"><strong>Tarkoitus ja tavoitetila<\/strong>&nbsp;<\/h2>\n\n\n\n<p>\u201dMetallinjalostajat on Suomessa toimivan, ter\u00e4ksi\u00e4 ja muita metalleja valmistavan ja muokkaavan sek\u00e4 niiden jalostukseen liittyvi\u00e4 teknologioita kehitt\u00e4v\u00e4n ja markkinoivan teollisuuden toimialaj\u00e4rjest\u00f6, jonka tarkoituksena on valvoa toimialan yhteist\u00e4 etua l\u00e4heisess\u00e4 yhteistoiminnassa Teknologiateollisuus ry:n kanssa sek\u00e4 toimia alan tunnettuuden ja vetovoiman lis\u00e4\u00e4miseksi.\u201d Yhdistyksen s\u00e4\u00e4nn\u00f6t 2\u00a7.\u00a0<\/p>\n\n\n\n<p>Metallinjalostajien tarkoituksen pohjalta asetettu <strong>tavoitetila<\/strong> on seuraava:&nbsp;&nbsp;<\/p>\n\n\n\n<p>\u201dMetallinjalostuksen toimiala menestyy ja luo hyvinvointia Suomeen. Huippuosaaminen mahdollistaa kest\u00e4v\u00e4t ja kilpailukykyiset ratkaisut maailman kehittyviin materiaalitarpeisiin. Meid\u00e4t tunnetaan edell\u00e4k\u00e4vij\u00f6in\u00e4.\u201d\u00a0<\/p>\n\n\n\n<p>Tavoitetilan saavuttamisen kannalta<strong> kriittiset menestystekij\u00e4t <\/strong>ovat:&nbsp;<\/p>\n\n\n\n<ul class=\"wp-block-list\">\n<li>Energia- ja ilmastopolitiikka suosii kest\u00e4v\u00e4\u00e4 Suomalaista tuotantoa&nbsp;<\/li>\n\n\n\n<li>Puhdas s\u00e4hk\u00f6 on edullista ja saatavuus on turvattu&nbsp;&nbsp;<\/li>\n\n\n\n<li>Osaavaa ty\u00f6voimaa on tarjolla&nbsp;<\/li>\n<\/ul>\n\n\n\n<h2 class=\"wp-block-heading\" id=\"h-vaikuttaminen-nbsp\"><strong>Vaikuttaminen&nbsp;<\/strong><\/h2>\n\n\n\n<p>Metallinjalostajien toimintaymp\u00e4rist\u00f6 m\u00e4\u00e4r\u00e4ytyy merkitt\u00e4vilt\u00e4 osin EU:ssa laadittavan regulaation pohjalta. T\u00e4st\u00e4 syyst\u00e4 Metallinjalostajat ry:n vaikuttamisen ty\u00f6t\u00e4 m\u00e4\u00e4ritt\u00e4\u00e4 hyvin pitk\u00e4lle EU-instituutioiden eli EU-komission, neuvoston ja parlamentin ty\u00f6ohjelmat sek\u00e4 n\u00e4iden aloitteiden kansallinen soveltaminen.&nbsp;<\/p>\n\n\n\n<p>Yhdistys toimii aktiivisesti alan eurooppalaisissa toimialaj\u00e4rjest\u00f6iss\u00e4\u202f<a href=\"http:\/\/www.eurofer.org\/\" target=\"_blank\" rel=\"noreferrer noopener\">Eurofer<\/a> ja\u202f<a href=\"http:\/\/www.eurometaux.org\/\" target=\"_blank\" rel=\"noreferrer noopener\">Eurometaux<\/a>&nbsp; sek\u00e4 maailmanlaajuisessa\u202f<a href=\"http:\/\/www.worldsteel.org\/%22%20\/t%20%22_blank\" target=\"_blank\" rel=\"noreferrer noopener\">Worldsteel<\/a>iss\u00e4.\u202f Metallinjalostajien j\u00e4senyritykset ovat mukana eurooppalaisten toimialaj\u00e4rjest\u00f6jen asiantuntijaty\u00f6ryhmiss\u00e4. Yhteisty\u00f6 ruotsalaisen sisarj\u00e4rjest\u00f6n Jernkontoretin kanssa on t\u00e4rke\u00e4\u00e4 pohjoismaisen yhteisty\u00f6n n\u00e4k\u00f6kulmasta. Metallien jalostus on osa mineraaliklusteria ja linkittyy l\u00e4heisesti kaivosteollisuuteen ja akkuteollisuuteen.&nbsp;<\/p>\n\n\n\n<p>Vaikuttamista ohjaaviin periaatteisiimme kuuluvat: huippuosaamisen ja erikoistumisen&nbsp;korostaminen kilpailukykytekij\u00e4n\u00e4. Ajamme Suomen vahvuuksien vahvistamista, joista yksi on metalliarvoketju. Edist\u00e4mme tervett\u00e4 kilpailua ja vastustamme valtiontukikilpailua.&nbsp;Edell\u00e4k\u00e4vij\u00e4n hy\u00f6ty tulee turvata. Vahvistamme my\u00f6nteist\u00e4 k\u00e4sityst\u00e4 rakentavalla yhteisty\u00f6ll\u00e4 sek\u00e4 avoimella ja tietoperusteisella viestinn\u00e4ll\u00e4.&nbsp;<\/p>\n","protected":false},"excerpt":{"rendered":"<p>Metallinjalostajat ry on Teknologiateollisuus ry:n toimialayhdistys. Metallinjalostajat huolehtii yhteisty\u00f6ss\u00e4 j\u00e4senyritystens\u00e4, muiden suomalaisten ja eurooppalaisten teollisuuden j\u00e4rjest\u00f6jen kanssa siit\u00e4, ett\u00e4 metallien jalostuksella on menestymisen edellytykset kansainv\u00e4lisess\u00e4 kilpailussa. Metallinjalostajat ry perustettiin 7.3.1979.\u202f&nbsp; Tarkoitus ja tavoitetila&nbsp; \u201dMetallinjalostajat on Suomessa toimivan, ter\u00e4ksi\u00e4 ja muita metalleja valmistavan ja muokkaavan sek\u00e4 niiden jalostukseen liittyvi\u00e4 teknologioita kehitt\u00e4v\u00e4n ja markkinoivan teollisuuden toimialaj\u00e4rjest\u00f6, jonka [&hellip;]<\/p>\n","protected":false},"author":8,"featured_media":0,"parent":0,"menu_order":0,"comment_status":"closed","ping_status":"closed","template":"","meta":{"_acf_changed":false,"_relevanssi_hide_post":"","_relevanssi_hide_content":"","_relevanssi_pin_for_all":"","_relevanssi_pin_keywords":"","_relevanssi_unpin_keywords":"","_relevanssi_related_keywords":"","_relevanssi_related_include_ids":"","_relevanssi_related_exclude_ids":"","_relevanssi_related_no_append":"","_relevanssi_related_not_related":"","_relevanssi_related_posts":"56,53,55,54,57,48","_relevanssi_noindex_reason":"","inline_featured_image":false,"footnotes":""},"class_list":["post-120","page","type-page","status-publish","hentry"],"acf":[],"yoast_head":"<!-- This site is optimized with the Yoast SEO Premium plugin v27.1 (Yoast SEO v27.3) - https:\/\/yoast.com\/product\/yoast-seo-premium-wordpress\/ -->\n<title>Tietoa meist\u00e4 - Metallinjalostajat<\/title>\n<meta name=\"robots\" content=\"index, follow, max-snippet:-1, max-image-preview:large, max-video-preview:-1\" \/>\n<link rel=\"canonical\" href=\"https:\/\/teknologiateollisuus.fi\/metallinjalostajat\/tietoa-meista\/\" \/>\n<meta property=\"og:locale\" content=\"fi_FI\" \/>\n<meta property=\"og:type\" content=\"article\" \/>\n<meta property=\"og:title\" content=\"Tietoa meist\u00e4\" \/>\n<meta property=\"og:description\" content=\"Metallinjalostajat ry on Teknologiateollisuus ry:n toimialayhdistys. Metallinjalostajat huolehtii yhteisty\u00f6ss\u00e4 j\u00e4senyritystens\u00e4, muiden suomalaisten ja eurooppalaisten teollisuuden j\u00e4rjest\u00f6jen kanssa siit\u00e4, ett\u00e4 metallien jalostuksella on menestymisen edellytykset kansainv\u00e4lisess\u00e4 kilpailussa. Metallinjalostajat ry perustettiin 7.3.1979.\u202f&nbsp; Tarkoitus ja tavoitetila&nbsp; \u201dMetallinjalostajat on Suomessa toimivan, ter\u00e4ksi\u00e4 ja muita metalleja valmistavan ja muokkaavan sek\u00e4 niiden jalostukseen liittyvi\u00e4 teknologioita kehitt\u00e4v\u00e4n ja markkinoivan teollisuuden toimialaj\u00e4rjest\u00f6, jonka [&hellip;]\" \/>\n<meta property=\"og:url\" content=\"https:\/\/teknologiateollisuus.fi\/metallinjalostajat\/tietoa-meista\/\" \/>\n<meta property=\"og:site_name\" content=\"Metallinjalostajat\" \/>\n<meta property=\"article:modified_time\" content=\"2026-02-02T10:52:17+00:00\" \/>\n<meta name=\"twitter:card\" content=\"summary_large_image\" \/>\n<meta name=\"twitter:label1\" content=\"Arvioitu lukuaika\" \/>\n\t<meta name=\"twitter:data1\" content=\"2 minuuttia\" \/>\n<script type=\"application\/ld+json\" class=\"yoast-schema-graph\">{\"@context\":\"https:\\\/\\\/schema.org\",\"@graph\":[{\"@type\":\"WebPage\",\"@id\":\"https:\\\/\\\/teknologiateollisuus.fi\\\/metallinjalostajat\\\/tietoa-meista\\\/\",\"url\":\"https:\\\/\\\/teknologiateollisuus.fi\\\/metallinjalostajat\\\/tietoa-meista\\\/\",\"name\":\"Tietoa meist\u00e4 - Metallinjalostajat\",\"isPartOf\":{\"@id\":\"https:\\\/\\\/teknologiateollisuus.fi\\\/metallinjalostajat\\\/#website\"},\"datePublished\":\"2024-06-06T09:03:19+00:00\",\"dateModified\":\"2026-02-02T10:52:17+00:00\",\"breadcrumb\":{\"@id\":\"https:\\\/\\\/teknologiateollisuus.fi\\\/metallinjalostajat\\\/tietoa-meista\\\/#breadcrumb\"},\"inLanguage\":\"fi\",\"potentialAction\":[{\"@type\":\"ReadAction\",\"target\":[\"https:\\\/\\\/teknologiateollisuus.fi\\\/metallinjalostajat\\\/tietoa-meista\\\/\"]}]},{\"@type\":\"BreadcrumbList\",\"@id\":\"https:\\\/\\\/teknologiateollisuus.fi\\\/metallinjalostajat\\\/tietoa-meista\\\/#breadcrumb\",\"itemListElement\":[{\"@type\":\"ListItem\",\"position\":1,\"name\":\"Etusivu\",\"item\":\"https:\\\/\\\/teknologiateollisuus.fi\\\/metallinjalostajat\\\/\"},{\"@type\":\"ListItem\",\"position\":2,\"name\":\"Tietoa meist\u00e4\"}]},{\"@type\":\"WebSite\",\"@id\":\"https:\\\/\\\/teknologiateollisuus.fi\\\/metallinjalostajat\\\/#website\",\"url\":\"https:\\\/\\\/teknologiateollisuus.fi\\\/metallinjalostajat\\\/\",\"name\":\"Metallinjalostajat\",\"description\":\"\",\"potentialAction\":[{\"@type\":\"SearchAction\",\"target\":{\"@type\":\"EntryPoint\",\"urlTemplate\":\"https:\\\/\\\/teknologiateollisuus.fi\\\/metallinjalostajat\\\/?s={search_term_string}\"},\"query-input\":{\"@type\":\"PropertyValueSpecification\",\"valueRequired\":true,\"valueName\":\"search_term_string\"}}],\"inLanguage\":\"fi\"}]}<\/script>\n<!-- \/ Yoast SEO Premium plugin. -->","yoast_head_json":{"title":"Tietoa meist\u00e4 - Metallinjalostajat","robots":{"index":"index","follow":"follow","max-snippet":"max-snippet:-1","max-image-preview":"max-image-preview:large","max-video-preview":"max-video-preview:-1"},"canonical":"https:\/\/teknologiateollisuus.fi\/metallinjalostajat\/tietoa-meista\/","og_locale":"fi_FI","og_type":"article","og_title":"Tietoa meist\u00e4","og_description":"Metallinjalostajat ry on Teknologiateollisuus ry:n toimialayhdistys. Metallinjalostajat huolehtii yhteisty\u00f6ss\u00e4 j\u00e4senyritystens\u00e4, muiden suomalaisten ja eurooppalaisten teollisuuden j\u00e4rjest\u00f6jen kanssa siit\u00e4, ett\u00e4 metallien jalostuksella on menestymisen edellytykset kansainv\u00e4lisess\u00e4 kilpailussa. Metallinjalostajat ry perustettiin 7.3.1979.\u202f&nbsp; Tarkoitus ja tavoitetila&nbsp; \u201dMetallinjalostajat on Suomessa toimivan, ter\u00e4ksi\u00e4 ja muita metalleja valmistavan ja muokkaavan sek\u00e4 niiden jalostukseen liittyvi\u00e4 teknologioita kehitt\u00e4v\u00e4n ja markkinoivan teollisuuden toimialaj\u00e4rjest\u00f6, jonka [&hellip;]","og_url":"https:\/\/teknologiateollisuus.fi\/metallinjalostajat\/tietoa-meista\/","og_site_name":"Metallinjalostajat","article_modified_time":"2026-02-02T10:52:17+00:00","twitter_card":"summary_large_image","twitter_misc":{"Arvioitu lukuaika":"2 minuuttia"},"schema":{"@context":"https:\/\/schema.org","@graph":[{"@type":"WebPage","@id":"https:\/\/teknologiateollisuus.fi\/metallinjalostajat\/tietoa-meista\/","url":"https:\/\/teknologiateollisuus.fi\/metallinjalostajat\/tietoa-meista\/","name":"Tietoa meist\u00e4 - Metallinjalostajat","isPartOf":{"@id":"https:\/\/teknologiateollisuus.fi\/metallinjalostajat\/#website"},"datePublished":"2024-06-06T09:03:19+00:00","dateModified":"2026-02-02T10:52:17+00:00","breadcrumb":{"@id":"https:\/\/teknologiateollisuus.fi\/metallinjalostajat\/tietoa-meista\/#breadcrumb"},"inLanguage":"fi","potentialAction":[{"@type":"ReadAction","target":["https:\/\/teknologiateollisuus.fi\/metallinjalostajat\/tietoa-meista\/"]}]},{"@type":"BreadcrumbList","@id":"https:\/\/teknologiateollisuus.fi\/metallinjalostajat\/tietoa-meista\/#breadcrumb","itemListElement":[{"@type":"ListItem","position":1,"name":"Etusivu","item":"https:\/\/teknologiateollisuus.fi\/metallinjalostajat\/"},{"@type":"ListItem","position":2,"name":"Tietoa meist\u00e4"}]},{"@type":"WebSite","@id":"https:\/\/teknologiateollisuus.fi\/metallinjalostajat\/#website","url":"https:\/\/teknologiateollisuus.fi\/metallinjalostajat\/","name":"Metallinjalostajat","description":"","potentialAction":[{"@type":"SearchAction","target":{"@type":"EntryPoint","urlTemplate":"https:\/\/teknologiateollisuus.fi\/metallinjalostajat\/?s={search_term_string}"},"query-input":{"@type":"PropertyValueSpecification","valueRequired":true,"valueName":"search_term_string"}}],"inLanguage":"fi"}]}},"lang":"fi","translations":{"fi":120},"pll_sync_post":[],"_links":{"self":[{"href":"https:\/\/teknologiateollisuus.fi\/metallinjalostajat\/wp-json\/wp\/v2\/pages\/120","targetHints":{"allow":["GET"]}}],"collection":[{"href":"https:\/\/teknologiateollisuus.fi\/metallinjalostajat\/wp-json\/wp\/v2\/pages"}],"about":[{"href":"https:\/\/teknologiateollisuus.fi\/metallinjalostajat\/wp-json\/wp\/v2\/types\/page"}],"author":[{"embeddable":true,"href":"https:\/\/teknologiateollisuus.fi\/metallinjalostajat\/wp-json\/wp\/v2\/users\/8"}],"replies":[{"embeddable":true,"href":"https:\/\/teknologiateollisuus.fi\/metallinjalostajat\/wp-json\/wp\/v2\/comments?post=120"}],"version-history":[{"count":16,"href":"https:\/\/teknologiateollisuus.fi\/metallinjalostajat\/wp-json\/wp\/v2\/pages\/120\/revisions"}],"predecessor-version":[{"id":1053,"href":"https:\/\/teknologiateollisuus.fi\/metallinjalostajat\/wp-json\/wp\/v2\/pages\/120\/revisions\/1053"}],"wp:attachment":[{"href":"https:\/\/teknologiateollisuus.fi\/metallinjalostajat\/wp-json\/wp\/v2\/media?parent=120"}],"curies":[{"name":"wp","href":"https:\/\/api.w.org\/{rel}","templated":true}]}}