{"id":218,"date":"2024-09-19T10:22:49","date_gmt":"2024-09-19T07:22:49","guid":{"rendered":"https:\/\/teknologiateollisuus.fi\/metallinjalostajat\/?page_id=218"},"modified":"2025-04-15T14:48:17","modified_gmt":"2025-04-15T11:48:17","slug":"metallinjalostajien-apurahat","status":"publish","type":"page","link":"https:\/\/teknologiateollisuus.fi\/metallinjalostajat\/innostu-alalle\/metallinjalostajien-apurahat\/","title":{"rendered":"Metallinjalostajien apurahat"},"content":{"rendered":"\n<div class=\"em-block-hero hero-has-background-color has-background has-tangerine-background-color has-image media-position-right \">\n\t<div class=\"em-block-hero__container\">\n\t\t<div class=\"em-block-hero__content\">\n\t\t\t<div class=\"yoast-breadcrumbs\"><span><span><a href=\"https:\/\/teknologiateollisuus.fi\/metallinjalostajat\/\">Etusivu<\/a><\/span> <span class=\"separator\"><\/span> <span><a href=\"https:\/\/teknologiateollisuus.fi\/metallinjalostajat\/innostu-alalle\/\">Innostu alalle<\/a><\/span> <span class=\"separator\"><\/span> <span class=\"breadcrumb_last\" aria-current=\"page\">Metallinjalostajien apurahat<\/span><\/span><\/div>\t\t\t\n<h1 class=\"wp-block-heading\" id=\"h-metallinjalostajien-apurahat\">Metallinjalostajien apurahat<\/h1>\n\n<p><\/p>\n\t\t\t<div class=\"em-block-hero__modified-date\"> P\u00e4ivitetty 15.04.2025 klo 14:48<\/div>\t\t<\/div>\n\t\t\t\t\t<figure class=\"em-block-hero__image\">\n\t\t\t\t<img loading=\"lazy\" decoding=\"async\" width=\"1044\" height=\"696\" src=\"https:\/\/teknologiateollisuus.fi\/metallinjalostajat\/wp-content\/uploads\/sites\/10\/2025\/04\/Pienitiedosto_Metalli_0264.jpeg\" class=\"attachment-hero size-hero\" alt=\"Metalleja tarvitaan kaikkialla yhteiskunnassa\" srcset=\"https:\/\/teknologiateollisuus.fi\/metallinjalostajat\/wp-content\/uploads\/sites\/10\/2025\/04\/Pienitiedosto_Metalli_0264.jpeg 1044w, https:\/\/teknologiateollisuus.fi\/metallinjalostajat\/wp-content\/uploads\/sites\/10\/2025\/04\/Pienitiedosto_Metalli_0264-400x267.jpeg 400w, https:\/\/teknologiateollisuus.fi\/metallinjalostajat\/wp-content\/uploads\/sites\/10\/2025\/04\/Pienitiedosto_Metalli_0264-968x645.jpeg 968w, https:\/\/teknologiateollisuus.fi\/metallinjalostajat\/wp-content\/uploads\/sites\/10\/2025\/04\/Pienitiedosto_Metalli_0264-768x512.jpeg 768w\" sizes=\"auto, (max-width: 1044px) 100vw, 1044px\" \/>\t\t\t<\/figure>\n\t\t\t<\/div>\n<\/div>\n\n\n\n<p>Metallinjalostajat ry perusti Teknologiateollisuuden 100-vuotiss\u00e4\u00e4ti\u00f6n yhteyteen vuonna 2009 rahaston, jonka tarkoituksena on edist\u00e4\u00e4 metallien valmistuksen koko jalostusketjun kattavaa teknologian ja liiketoiminnan tieteellist\u00e4 tutkimusta ja opiskelua yliopistoissa ja tutkimuslaitoksissa. Rahaston perustajayritykset ovat Outokumpu, Metso (ent. Metso Outotec), SSAB (ent. Rautaruukki), Boliden ja Ovako.<\/p>\n\n\n\n<p>Tarkoituksensa toteuttamiseksi rahasto muun muassa:<\/p>\n\n\n\n<ul class=\"wp-block-list\">\n<li>Jakaa opiskelija-apurahoja hyvin menestyneille opiskelijoille, opiskeluun ulkomaisissa yliopistoissa tai ulkomailla tapahtuvaan ty\u00f6harjoitteluun.<\/li>\n\n\n\n<li>Edist\u00e4\u00e4 kansainv\u00e4list\u00e4 yhteisty\u00f6t\u00e4 my\u00f6nt\u00e4m\u00e4ll\u00e4 apurahoja ulkomaisissa yliopistoissa ja tutkimuslaitoksissa suoritettavia tutkintoja ja tutkimust\u00f6it\u00e4 varten.<\/li>\n\n\n\n<li>Tukee tutkimusty\u00f6t\u00e4 my\u00f6nt\u00e4m\u00e4ll\u00e4 apurahoja Suomessa toimiville tutkijoille, tutkimusryhmille, yksitt\u00e4isille jatko-opiskelijoille tai yhteis\u00f6ille.<\/li>\n\n\n\n<li>Tukee matka-apurahoin osallistumista kansainv\u00e4lisiin konferensseihin, ulkomaiseen ty\u00f6harjoitteluun ja vierailevien tutkijoiden ja luennoitsijoiden kutsumista.<\/li>\n\n\n\n<li>My\u00f6nt\u00e4\u00e4 tunnustuspalkintoja erinomaisesti suoritetuista opinn\u00e4ytteist\u00e4 ja metallien jalostukseen liittyvist\u00e4 huomattavista ansioista.<\/li>\n<\/ul>\n\n\n\n<h2 class=\"wp-block-heading\" id=\"h-hakuilmoitus-ja-ohjeet\"><strong>Hakuilmoitus ja -ohjeet<\/strong><\/h2>\n\n\n\n<p>Haku on auki vuosittain syyskuussa. Hakuilmoitus ja hakuun liittyv\u00e4t ohjeet julkaistaan Teknologiateollisuuden 100-vuotiss\u00e4\u00e4ti\u00f6n verkkosivulla: <a href=\"https:\/\/techfinland100.fi\/hae\/\" target=\"_blank\" rel=\"noreferrer noopener\">https:\/\/techfinland100.fi\/hae\/<\/a><\/p>\n\n\n\n<h2 class=\"wp-block-heading\" id=\"h-lisatietoa\" id=\"lisatietoa\">Lis\u00e4tietoa<\/h2>\n\n\n\n<article class=\"em-block-contact-card is-style-list\">\n\n\t<div class=\"em-block-contact-card__image\">\n\t\t\t<\/div>\n\t<div class=\"em-block-contact-card__content-wrapper\">\n\t\t<div class=\"em-block-contact-card__content\">\n\t\t\t\t\t\t<h3 class=\"em-block-contact-card__title\"><a target=\"_self\" href=\"https:\/\/teknologiateollisuus.fi\/metallinjalostajat\/contacts\/juho-talonen\/\">Juho Talonen<\/a><\/h3>\n\t\t\t\t\t\t\t<span class=\"em-block-contact-card__job_title\">Asiamies<\/span>\n\t\t\t\t\t\t<span class=\"em-block-contact-card__organisation\">Metallinjalostajien rahasto<\/span>\n\t\t<\/div>\n\t\t<div class=\"em-block-contact-card__content\">\n\t\t\t\t\t\t<address class=\"em-block-contact-card__contact-details\">\n\t\t\t\t<span class=\"em-block-contact-card__phone\">\n\t\t\t\t\t<a href=\"tel:+358 40 595 1181\">+358 40 595 1181<\/a>\n\t\t\t\t<\/span>\n\t\t\t\t<span class=\"em-block-contact-card__email\">\n\t\t\t\t\t<a href=\"mailto:juho.talonen(at)outokumpu.com\">juho.talonen(at)outokumpu.com<\/a>\n\t\t\t\t<\/span>\n\t\t\t<\/address>\n\t\t\t\t\t<\/div>\n\t<\/div>\n\n<\/article>\n","protected":false},"excerpt":{"rendered":"<p>Metallinjalostajat ry perusti Teknologiateollisuuden 100-vuotiss\u00e4\u00e4ti\u00f6n yhteyteen vuonna 2009 rahaston, jonka tarkoituksena on edist\u00e4\u00e4 metallien valmistuksen koko jalostusketjun kattavaa teknologian ja liiketoiminnan tieteellist\u00e4 tutkimusta ja opiskelua yliopistoissa ja tutkimuslaitoksissa. Rahaston perustajayritykset ovat Outokumpu, Metso (ent. Metso Outotec), SSAB (ent. Rautaruukki), Boliden ja Ovako. Tarkoituksensa toteuttamiseksi rahasto muun muassa: Hakuilmoitus ja -ohjeet Haku on auki vuosittain syyskuussa. [&hellip;]<\/p>\n","protected":false},"author":52,"featured_media":984,"parent":484,"menu_order":3,"comment_status":"closed","ping_status":"closed","template":"","meta":{"_acf_changed":false,"_relevanssi_hide_post":"","_relevanssi_hide_content":"","_relevanssi_pin_for_all":"","_relevanssi_pin_keywords":"","_relevanssi_unpin_keywords":"","_relevanssi_related_keywords":"","_relevanssi_related_include_ids":"","_relevanssi_related_exclude_ids":"","_relevanssi_related_no_append":"","_relevanssi_related_not_related":"","_relevanssi_related_posts":"55,56,48,53,57,54","_relevanssi_noindex_reason":"","inline_featured_image":false,"footnotes":""},"class_list":["post-218","page","type-page","status-publish","has-post-thumbnail","hentry"],"acf":[],"yoast_head":"<!-- This site is optimized with the Yoast SEO Premium plugin v27.1 (Yoast SEO v27.3) - https:\/\/yoast.com\/product\/yoast-seo-premium-wordpress\/ -->\n<title>Metallinjalostajien apurahat - Metallinjalostajat<\/title>\n<meta name=\"robots\" content=\"index, follow, max-snippet:-1, max-image-preview:large, max-video-preview:-1\" \/>\n<link rel=\"canonical\" href=\"https:\/\/teknologiateollisuus.fi\/metallinjalostajat\/innostu-alalle\/metallinjalostajien-apurahat\/\" \/>\n<meta property=\"og:locale\" content=\"fi_FI\" \/>\n<meta property=\"og:type\" content=\"article\" \/>\n<meta property=\"og:title\" content=\"Metallinjalostajien apurahat\" \/>\n<meta property=\"og:description\" content=\"Metallinjalostajat ry perusti Teknologiateollisuuden 100-vuotiss\u00e4\u00e4ti\u00f6n yhteyteen vuonna 2009 rahaston, jonka tarkoituksena on edist\u00e4\u00e4 metallien valmistuksen koko jalostusketjun kattavaa teknologian ja liiketoiminnan tieteellist\u00e4 tutkimusta ja opiskelua yliopistoissa ja tutkimuslaitoksissa. Rahaston perustajayritykset ovat Outokumpu, Metso (ent. Metso Outotec), SSAB (ent. Rautaruukki), Boliden ja Ovako. Tarkoituksensa toteuttamiseksi rahasto muun muassa: Hakuilmoitus ja -ohjeet Haku on auki vuosittain syyskuussa. [&hellip;]\" \/>\n<meta property=\"og:url\" content=\"https:\/\/teknologiateollisuus.fi\/metallinjalostajat\/innostu-alalle\/metallinjalostajien-apurahat\/\" \/>\n<meta property=\"og:site_name\" content=\"Metallinjalostajat\" \/>\n<meta property=\"article:modified_time\" content=\"2025-04-15T11:48:17+00:00\" \/>\n<meta property=\"og:image\" content=\"https:\/\/teknologiateollisuus.fi\/metallinjalostajat\/wp-content\/uploads\/sites\/10\/2025\/04\/Pienitiedosto_Metalli_0264.jpeg\" \/>\n\t<meta property=\"og:image:width\" content=\"1044\" \/>\n\t<meta property=\"og:image:height\" content=\"696\" \/>\n\t<meta property=\"og:image:type\" content=\"image\/jpeg\" \/>\n<meta name=\"twitter:card\" content=\"summary_large_image\" \/>\n<meta name=\"twitter:label1\" content=\"Arvioitu lukuaika\" \/>\n\t<meta name=\"twitter:data1\" content=\"1 minuutti\" \/>\n<script type=\"application\/ld+json\" class=\"yoast-schema-graph\">{\"@context\":\"https:\\\/\\\/schema.org\",\"@graph\":[{\"@type\":\"WebPage\",\"@id\":\"https:\\\/\\\/teknologiateollisuus.fi\\\/metallinjalostajat\\\/innostu-alalle\\\/metallinjalostajien-apurahat\\\/\",\"url\":\"https:\\\/\\\/teknologiateollisuus.fi\\\/metallinjalostajat\\\/innostu-alalle\\\/metallinjalostajien-apurahat\\\/\",\"name\":\"Metallinjalostajien apurahat - Metallinjalostajat\",\"isPartOf\":{\"@id\":\"https:\\\/\\\/teknologiateollisuus.fi\\\/metallinjalostajat\\\/#website\"},\"primaryImageOfPage\":{\"@id\":\"https:\\\/\\\/teknologiateollisuus.fi\\\/metallinjalostajat\\\/innostu-alalle\\\/metallinjalostajien-apurahat\\\/#primaryimage\"},\"image\":{\"@id\":\"https:\\\/\\\/teknologiateollisuus.fi\\\/metallinjalostajat\\\/innostu-alalle\\\/metallinjalostajien-apurahat\\\/#primaryimage\"},\"thumbnailUrl\":\"https:\\\/\\\/teknologiateollisuus.fi\\\/metallinjalostajat\\\/wp-content\\\/uploads\\\/sites\\\/10\\\/2025\\\/04\\\/Pienitiedosto_Metalli_0264.jpeg\",\"datePublished\":\"2024-09-19T07:22:49+00:00\",\"dateModified\":\"2025-04-15T11:48:17+00:00\",\"breadcrumb\":{\"@id\":\"https:\\\/\\\/teknologiateollisuus.fi\\\/metallinjalostajat\\\/innostu-alalle\\\/metallinjalostajien-apurahat\\\/#breadcrumb\"},\"inLanguage\":\"fi\",\"potentialAction\":[{\"@type\":\"ReadAction\",\"target\":[\"https:\\\/\\\/teknologiateollisuus.fi\\\/metallinjalostajat\\\/innostu-alalle\\\/metallinjalostajien-apurahat\\\/\"]}]},{\"@type\":\"ImageObject\",\"inLanguage\":\"fi\",\"@id\":\"https:\\\/\\\/teknologiateollisuus.fi\\\/metallinjalostajat\\\/innostu-alalle\\\/metallinjalostajien-apurahat\\\/#primaryimage\",\"url\":\"https:\\\/\\\/teknologiateollisuus.fi\\\/metallinjalostajat\\\/wp-content\\\/uploads\\\/sites\\\/10\\\/2025\\\/04\\\/Pienitiedosto_Metalli_0264.jpeg\",\"contentUrl\":\"https:\\\/\\\/teknologiateollisuus.fi\\\/metallinjalostajat\\\/wp-content\\\/uploads\\\/sites\\\/10\\\/2025\\\/04\\\/Pienitiedosto_Metalli_0264.jpeg\",\"width\":1044,\"height\":696,\"caption\":\"Metalleja tarvitaan kaikkialla yhteiskunnassa\"},{\"@type\":\"BreadcrumbList\",\"@id\":\"https:\\\/\\\/teknologiateollisuus.fi\\\/metallinjalostajat\\\/innostu-alalle\\\/metallinjalostajien-apurahat\\\/#breadcrumb\",\"itemListElement\":[{\"@type\":\"ListItem\",\"position\":1,\"name\":\"Etusivu\",\"item\":\"https:\\\/\\\/teknologiateollisuus.fi\\\/metallinjalostajat\\\/\"},{\"@type\":\"ListItem\",\"position\":2,\"name\":\"Innostu alalle\",\"item\":\"https:\\\/\\\/teknologiateollisuus.fi\\\/metallinjalostajat\\\/innostu-alalle\\\/\"},{\"@type\":\"ListItem\",\"position\":3,\"name\":\"Metallinjalostajien apurahat\"}]},{\"@type\":\"WebSite\",\"@id\":\"https:\\\/\\\/teknologiateollisuus.fi\\\/metallinjalostajat\\\/#website\",\"url\":\"https:\\\/\\\/teknologiateollisuus.fi\\\/metallinjalostajat\\\/\",\"name\":\"Metallinjalostajat\",\"description\":\"\",\"potentialAction\":[{\"@type\":\"SearchAction\",\"target\":{\"@type\":\"EntryPoint\",\"urlTemplate\":\"https:\\\/\\\/teknologiateollisuus.fi\\\/metallinjalostajat\\\/?s={search_term_string}\"},\"query-input\":{\"@type\":\"PropertyValueSpecification\",\"valueRequired\":true,\"valueName\":\"search_term_string\"}}],\"inLanguage\":\"fi\"}]}<\/script>\n<!-- \/ Yoast SEO Premium plugin. -->","yoast_head_json":{"title":"Metallinjalostajien apurahat - Metallinjalostajat","robots":{"index":"index","follow":"follow","max-snippet":"max-snippet:-1","max-image-preview":"max-image-preview:large","max-video-preview":"max-video-preview:-1"},"canonical":"https:\/\/teknologiateollisuus.fi\/metallinjalostajat\/innostu-alalle\/metallinjalostajien-apurahat\/","og_locale":"fi_FI","og_type":"article","og_title":"Metallinjalostajien apurahat","og_description":"Metallinjalostajat ry perusti Teknologiateollisuuden 100-vuotiss\u00e4\u00e4ti\u00f6n yhteyteen vuonna 2009 rahaston, jonka tarkoituksena on edist\u00e4\u00e4 metallien valmistuksen koko jalostusketjun kattavaa teknologian ja liiketoiminnan tieteellist\u00e4 tutkimusta ja opiskelua yliopistoissa ja tutkimuslaitoksissa. Rahaston perustajayritykset ovat Outokumpu, Metso (ent. Metso Outotec), SSAB (ent. Rautaruukki), Boliden ja Ovako. Tarkoituksensa toteuttamiseksi rahasto muun muassa: Hakuilmoitus ja -ohjeet Haku on auki vuosittain syyskuussa. [&hellip;]","og_url":"https:\/\/teknologiateollisuus.fi\/metallinjalostajat\/innostu-alalle\/metallinjalostajien-apurahat\/","og_site_name":"Metallinjalostajat","article_modified_time":"2025-04-15T11:48:17+00:00","og_image":[{"width":1044,"height":696,"url":"https:\/\/teknologiateollisuus.fi\/metallinjalostajat\/wp-content\/uploads\/sites\/10\/2025\/04\/Pienitiedosto_Metalli_0264.jpeg","type":"image\/jpeg"}],"twitter_card":"summary_large_image","twitter_misc":{"Arvioitu lukuaika":"1 minuutti"},"schema":{"@context":"https:\/\/schema.org","@graph":[{"@type":"WebPage","@id":"https:\/\/teknologiateollisuus.fi\/metallinjalostajat\/innostu-alalle\/metallinjalostajien-apurahat\/","url":"https:\/\/teknologiateollisuus.fi\/metallinjalostajat\/innostu-alalle\/metallinjalostajien-apurahat\/","name":"Metallinjalostajien apurahat - Metallinjalostajat","isPartOf":{"@id":"https:\/\/teknologiateollisuus.fi\/metallinjalostajat\/#website"},"primaryImageOfPage":{"@id":"https:\/\/teknologiateollisuus.fi\/metallinjalostajat\/innostu-alalle\/metallinjalostajien-apurahat\/#primaryimage"},"image":{"@id":"https:\/\/teknologiateollisuus.fi\/metallinjalostajat\/innostu-alalle\/metallinjalostajien-apurahat\/#primaryimage"},"thumbnailUrl":"https:\/\/teknologiateollisuus.fi\/metallinjalostajat\/wp-content\/uploads\/sites\/10\/2025\/04\/Pienitiedosto_Metalli_0264.jpeg","datePublished":"2024-09-19T07:22:49+00:00","dateModified":"2025-04-15T11:48:17+00:00","breadcrumb":{"@id":"https:\/\/teknologiateollisuus.fi\/metallinjalostajat\/innostu-alalle\/metallinjalostajien-apurahat\/#breadcrumb"},"inLanguage":"fi","potentialAction":[{"@type":"ReadAction","target":["https:\/\/teknologiateollisuus.fi\/metallinjalostajat\/innostu-alalle\/metallinjalostajien-apurahat\/"]}]},{"@type":"ImageObject","inLanguage":"fi","@id":"https:\/\/teknologiateollisuus.fi\/metallinjalostajat\/innostu-alalle\/metallinjalostajien-apurahat\/#primaryimage","url":"https:\/\/teknologiateollisuus.fi\/metallinjalostajat\/wp-content\/uploads\/sites\/10\/2025\/04\/Pienitiedosto_Metalli_0264.jpeg","contentUrl":"https:\/\/teknologiateollisuus.fi\/metallinjalostajat\/wp-content\/uploads\/sites\/10\/2025\/04\/Pienitiedosto_Metalli_0264.jpeg","width":1044,"height":696,"caption":"Metalleja tarvitaan kaikkialla yhteiskunnassa"},{"@type":"BreadcrumbList","@id":"https:\/\/teknologiateollisuus.fi\/metallinjalostajat\/innostu-alalle\/metallinjalostajien-apurahat\/#breadcrumb","itemListElement":[{"@type":"ListItem","position":1,"name":"Etusivu","item":"https:\/\/teknologiateollisuus.fi\/metallinjalostajat\/"},{"@type":"ListItem","position":2,"name":"Innostu alalle","item":"https:\/\/teknologiateollisuus.fi\/metallinjalostajat\/innostu-alalle\/"},{"@type":"ListItem","position":3,"name":"Metallinjalostajien apurahat"}]},{"@type":"WebSite","@id":"https:\/\/teknologiateollisuus.fi\/metallinjalostajat\/#website","url":"https:\/\/teknologiateollisuus.fi\/metallinjalostajat\/","name":"Metallinjalostajat","description":"","potentialAction":[{"@type":"SearchAction","target":{"@type":"EntryPoint","urlTemplate":"https:\/\/teknologiateollisuus.fi\/metallinjalostajat\/?s={search_term_string}"},"query-input":{"@type":"PropertyValueSpecification","valueRequired":true,"valueName":"search_term_string"}}],"inLanguage":"fi"}]}},"lang":"fi","translations":{"fi":218},"pll_sync_post":[],"_links":{"self":[{"href":"https:\/\/teknologiateollisuus.fi\/metallinjalostajat\/wp-json\/wp\/v2\/pages\/218","targetHints":{"allow":["GET"]}}],"collection":[{"href":"https:\/\/teknologiateollisuus.fi\/metallinjalostajat\/wp-json\/wp\/v2\/pages"}],"about":[{"href":"https:\/\/teknologiateollisuus.fi\/metallinjalostajat\/wp-json\/wp\/v2\/types\/page"}],"author":[{"embeddable":true,"href":"https:\/\/teknologiateollisuus.fi\/metallinjalostajat\/wp-json\/wp\/v2\/users\/52"}],"replies":[{"embeddable":true,"href":"https:\/\/teknologiateollisuus.fi\/metallinjalostajat\/wp-json\/wp\/v2\/comments?post=218"}],"version-history":[{"count":15,"href":"https:\/\/teknologiateollisuus.fi\/metallinjalostajat\/wp-json\/wp\/v2\/pages\/218\/revisions"}],"predecessor-version":[{"id":985,"href":"https:\/\/teknologiateollisuus.fi\/metallinjalostajat\/wp-json\/wp\/v2\/pages\/218\/revisions\/985"}],"up":[{"embeddable":true,"href":"https:\/\/teknologiateollisuus.fi\/metallinjalostajat\/wp-json\/wp\/v2\/pages\/484"}],"wp:featuredmedia":[{"embeddable":true,"href":"https:\/\/teknologiateollisuus.fi\/metallinjalostajat\/wp-json\/wp\/v2\/media\/984"}],"wp:attachment":[{"href":"https:\/\/teknologiateollisuus.fi\/metallinjalostajat\/wp-json\/wp\/v2\/media?parent=218"}],"curies":[{"name":"wp","href":"https:\/\/api.w.org\/{rel}","templated":true}]}}