{"id":230,"date":"2024-09-19T11:05:37","date_gmt":"2024-09-19T08:05:37","guid":{"rendered":"https:\/\/teknologiateollisuus.fi\/metallinjalostajat\/?page_id=230"},"modified":"2026-02-02T13:25:05","modified_gmt":"2026-02-02T11:25:05","slug":"osaajat-ratkaisevat","status":"publish","type":"page","link":"https:\/\/teknologiateollisuus.fi\/metallinjalostajat\/tavoitteemme\/osaajat-ratkaisevat\/","title":{"rendered":"Osaajat ratkaisevat"},"content":{"rendered":"\n<div class=\"em-block-hero hero-has-background-color has-background has-tangerine-background-color has-image media-position-right \">\n\t<div class=\"em-block-hero__container\">\n\t\t<div class=\"em-block-hero__content\">\n\t\t\t<div class=\"yoast-breadcrumbs\"><span><span><a href=\"https:\/\/teknologiateollisuus.fi\/metallinjalostajat\/\">Etusivu<\/a><\/span> <span class=\"separator\"><\/span> <span><a href=\"https:\/\/teknologiateollisuus.fi\/metallinjalostajat\/tavoitteemme\/\">Tavoitteemme<\/a><\/span> <span class=\"separator\"><\/span> <span class=\"breadcrumb_last\" aria-current=\"page\">Osaajat ratkaisevat<\/span><\/span><\/div>\t\t\t\n<h1 class=\"wp-block-heading\" id=\"h-osaajat-ratkaisevat\"><strong>Osaajat ratkaisevat<\/strong><\/h1>\n\n<p><\/p>\n\t\t\t<div class=\"em-block-hero__modified-date\"> P\u00e4ivitetty 02.02.2026 klo 13:25<\/div>\t\t<\/div>\n\t\t\t\t\t<figure class=\"em-block-hero__image\">\n\t\t\t\t<img loading=\"lazy\" decoding=\"async\" width=\"1044\" height=\"696\" src=\"https:\/\/teknologiateollisuus.fi\/metallinjalostajat\/wp-content\/uploads\/sites\/10\/2025\/04\/Pienitiedosto_Metalli_4989.jpeg\" class=\"attachment-hero size-hero\" alt=\"Osaajia tarvitaan metallialalla\" srcset=\"https:\/\/teknologiateollisuus.fi\/metallinjalostajat\/wp-content\/uploads\/sites\/10\/2025\/04\/Pienitiedosto_Metalli_4989.jpeg 1044w, https:\/\/teknologiateollisuus.fi\/metallinjalostajat\/wp-content\/uploads\/sites\/10\/2025\/04\/Pienitiedosto_Metalli_4989-400x267.jpeg 400w, https:\/\/teknologiateollisuus.fi\/metallinjalostajat\/wp-content\/uploads\/sites\/10\/2025\/04\/Pienitiedosto_Metalli_4989-968x645.jpeg 968w, https:\/\/teknologiateollisuus.fi\/metallinjalostajat\/wp-content\/uploads\/sites\/10\/2025\/04\/Pienitiedosto_Metalli_4989-768x512.jpeg 768w\" sizes=\"auto, (max-width: 1044px) 100vw, 1044px\" \/>\t\t\t<\/figure>\n\t\t\t<\/div>\n<\/div>\n\n\n\n<h2 class=\"wp-block-heading\" id=\"h-paaviestimme\"><strong>P\u00e4\u00e4viestimme<\/strong><\/h2>\n\n\n\n<p>TKI-politiikan ja teollisuuspolitiikan toimeenpanossa tulee l\u00f6yt\u00e4\u00e4 synergioita teollisuuden uudistumisen ja kilpailukyvyn vahvistamiseksi. Metallin arvoketjut ovat yksi vahvuutemme ja alaan liittyv\u00e4 osaaminen ja teknologiavalmistus avaavat merkitt\u00e4vi\u00e4 mahdollisuuksia pitk\u00e4lle tulevaisuuteen v\u00e4h\u00e4hiilisten tuotteiden, teknologioiden sek\u00e4 ratkaisujen kehitt\u00e4misen ja viennin osalta.<\/p>\n\n\n\n<p>Metallien valmistus on ollut prosessien s\u00e4hk\u00f6ist\u00e4misen suunnann\u00e4ytt\u00e4j\u00e4 ja ty\u00f6 p\u00e4\u00e4st\u00f6jen v\u00e4hent\u00e4miseksi on jatkunut systemaattisesti vuosikymmenien ajan. Prosessi-innovaatiot energiavaltaisilla teollisuudenaloilla ovat keskeisess\u00e4 asemassa siin\u00e4, onnistuuko v\u00e4h\u00e4hiiliseen kiertotalouteen siirtyminen. Kilpailu edell\u00e4k\u00e4vijyydest\u00e4 hiilidioksidip\u00e4\u00e4st\u00f6jen v\u00e4hent\u00e4misess\u00e4 haastaa eurooppalaiset yritykset, korkeakoulut ja tutkimusorganisaatiot tiiviimp\u00e4\u00e4n yhteisty\u00f6h\u00f6n. Koulutuksen ja tutkimuksen tulee kyet\u00e4 reagoimaan muuttuviin ratkaisutarpeisiin yritysten rinnalla.<\/p>\n\n\n\n<p>Menestyksemme perustuu asiakkaidemme menestykseen, ja siksi edistymist\u00e4 ja onnistumisia tarvitaan koko metallien arvoketjussa. T\u00e4m\u00e4n tulisi heijastua TKI-, teollisuus- ja koulutuspolitiikan pitk\u00e4j\u00e4nteisess\u00e4 ja strategisessa yhteensovittamisessa. Julkisen TKI-rahoituksen kasvattaminen on ollut t\u00e4rke\u00e4 ja perusteltu toimi, sen suuntaaminen yritysvetoiseen TKI-toimintaan on v\u00e4hint\u00e4\u00e4n yht\u00e4 t\u00e4rke\u00e4\u00e4. Yritysten tarve investoida ja ottaa k\u00e4ytt\u00f6\u00f6n uusia v\u00e4h\u00e4hiilisi\u00e4 tuotanto- ja toimintaprosesseja kannattavuudesta tinkim\u00e4tt\u00e4 tulee n\u00e4hd\u00e4 hyv\u00e4n\u00e4 mahdollisuutena syvent\u00e4\u00e4 yritysten ja julkisten T&amp;K-toimijoiden v\u00e4list\u00e4 yhteisty\u00f6t\u00e4.<\/p>\n\n\n\n<h2 class=\"wp-block-heading\" id=\"h-paatoksenteon-suuntalinjat\"><strong>P\u00e4\u00e4t\u00f6ksenteon suuntalinjat<\/strong><\/h2>\n\n\n\n<ul class=\"wp-block-list\">\n<li>Metallien arvoketjuun ja alan osaamiseen tulee panostaa yhten\u00e4 Suomen vahvuuksista TKI- ja teollisuuspolitiikan toimeenpanossa.<\/li>\n\n\n\n<li>Osaajatarpeisiimme vastaavaa koulutusta tarvitaan yll\u00e4pit\u00e4m\u00e4\u00e4n edell\u00e4k\u00e4vijyyteen ja huipputuotteisiin perustuvaa kilpailukyky\u00e4mme.<\/li>\n\n\n\n<li>Julkisella TKI-rahoituksella tulee vahvistaa yritysvetoisesta TKI-toimintaa ja kannustaa korkeakouluja ja tutkimuslaitoksia syvent\u00e4m\u00e4\u00e4n yhteisty\u00f6t\u00e4 yritysten kanssa.<\/li>\n<\/ul>\n\n\n\n<h2 class=\"wp-block-heading\" id=\"h-keskeiset-eu-aloitteet-ja-uudistukset\"><strong>Keskeiset EU-aloitteet ja uudistukset<\/strong><\/h2>\n\n\n\n<ul class=\"wp-block-list\">\n<li>European Innovation Act<\/li>\n\n\n\n<li>Union of Skills<\/li>\n\n\n\n<li>Advanced Materials Act<\/li>\n\n\n\n<li>Horizon Europe (FP10)<\/li>\n\n\n\n<li>European Research Area Act<\/li>\n\n\n\n<li>Long term strategy to boost European Research Infrastructure<\/li>\n<\/ul>\n","protected":false},"excerpt":{"rendered":"<p>P\u00e4\u00e4viestimme TKI-politiikan ja teollisuuspolitiikan toimeenpanossa tulee l\u00f6yt\u00e4\u00e4 synergioita teollisuuden uudistumisen ja kilpailukyvyn vahvistamiseksi. Metallin arvoketjut ovat yksi vahvuutemme ja alaan liittyv\u00e4 osaaminen ja teknologiavalmistus avaavat merkitt\u00e4vi\u00e4 mahdollisuuksia pitk\u00e4lle tulevaisuuteen v\u00e4h\u00e4hiilisten tuotteiden, teknologioiden sek\u00e4 ratkaisujen kehitt\u00e4misen ja viennin osalta. Metallien valmistus on ollut prosessien s\u00e4hk\u00f6ist\u00e4misen suunnann\u00e4ytt\u00e4j\u00e4 ja ty\u00f6 p\u00e4\u00e4st\u00f6jen v\u00e4hent\u00e4miseksi on jatkunut systemaattisesti vuosikymmenien ajan. Prosessi-innovaatiot [&hellip;]<\/p>\n","protected":false},"author":52,"featured_media":980,"parent":183,"menu_order":4,"comment_status":"closed","ping_status":"closed","template":"","meta":{"_acf_changed":false,"_relevanssi_hide_post":"","_relevanssi_hide_content":"","_relevanssi_pin_for_all":"","_relevanssi_pin_keywords":"","_relevanssi_unpin_keywords":"","_relevanssi_related_keywords":"","_relevanssi_related_include_ids":"","_relevanssi_related_exclude_ids":"","_relevanssi_related_no_append":"","_relevanssi_related_not_related":"","_relevanssi_related_posts":"212,181,201","_relevanssi_noindex_reason":"","inline_featured_image":false,"footnotes":""},"class_list":["post-230","page","type-page","status-publish","has-post-thumbnail","hentry"],"acf":[],"yoast_head":"<!-- This site is optimized with the Yoast SEO Premium plugin v27.1 (Yoast SEO v27.3) - https:\/\/yoast.com\/product\/yoast-seo-premium-wordpress\/ -->\n<title>Osaajat ratkaisevat - Metallinjalostajat<\/title>\n<meta name=\"robots\" content=\"index, follow, max-snippet:-1, max-image-preview:large, max-video-preview:-1\" \/>\n<link rel=\"canonical\" href=\"https:\/\/teknologiateollisuus.fi\/metallinjalostajat\/tavoitteemme\/osaajat-ratkaisevat\/\" \/>\n<meta property=\"og:locale\" content=\"fi_FI\" \/>\n<meta property=\"og:type\" content=\"article\" \/>\n<meta property=\"og:title\" content=\"Osaajat ratkaisevat\" \/>\n<meta property=\"og:description\" content=\"P\u00e4\u00e4viestimme TKI-politiikan ja teollisuuspolitiikan toimeenpanossa tulee l\u00f6yt\u00e4\u00e4 synergioita teollisuuden uudistumisen ja kilpailukyvyn vahvistamiseksi. Metallin arvoketjut ovat yksi vahvuutemme ja alaan liittyv\u00e4 osaaminen ja teknologiavalmistus avaavat merkitt\u00e4vi\u00e4 mahdollisuuksia pitk\u00e4lle tulevaisuuteen v\u00e4h\u00e4hiilisten tuotteiden, teknologioiden sek\u00e4 ratkaisujen kehitt\u00e4misen ja viennin osalta. Metallien valmistus on ollut prosessien s\u00e4hk\u00f6ist\u00e4misen suunnann\u00e4ytt\u00e4j\u00e4 ja ty\u00f6 p\u00e4\u00e4st\u00f6jen v\u00e4hent\u00e4miseksi on jatkunut systemaattisesti vuosikymmenien ajan. Prosessi-innovaatiot [&hellip;]\" \/>\n<meta property=\"og:url\" content=\"https:\/\/teknologiateollisuus.fi\/metallinjalostajat\/tavoitteemme\/osaajat-ratkaisevat\/\" \/>\n<meta property=\"og:site_name\" content=\"Metallinjalostajat\" \/>\n<meta property=\"article:modified_time\" content=\"2026-02-02T11:25:05+00:00\" \/>\n<meta property=\"og:image\" content=\"https:\/\/teknologiateollisuus.fi\/metallinjalostajat\/wp-content\/uploads\/sites\/10\/2025\/04\/Pienitiedosto_Metalli_4989.jpeg\" \/>\n\t<meta property=\"og:image:width\" content=\"1044\" \/>\n\t<meta property=\"og:image:height\" content=\"696\" \/>\n\t<meta property=\"og:image:type\" content=\"image\/jpeg\" \/>\n<meta name=\"twitter:card\" content=\"summary_large_image\" \/>\n<meta name=\"twitter:label1\" content=\"Arvioitu lukuaika\" \/>\n\t<meta name=\"twitter:data1\" content=\"2 minuuttia\" \/>\n<script type=\"application\/ld+json\" class=\"yoast-schema-graph\">{\"@context\":\"https:\\\/\\\/schema.org\",\"@graph\":[{\"@type\":\"WebPage\",\"@id\":\"https:\\\/\\\/teknologiateollisuus.fi\\\/metallinjalostajat\\\/tavoitteemme\\\/osaajat-ratkaisevat\\\/\",\"url\":\"https:\\\/\\\/teknologiateollisuus.fi\\\/metallinjalostajat\\\/tavoitteemme\\\/osaajat-ratkaisevat\\\/\",\"name\":\"Osaajat ratkaisevat - Metallinjalostajat\",\"isPartOf\":{\"@id\":\"https:\\\/\\\/teknologiateollisuus.fi\\\/metallinjalostajat\\\/#website\"},\"primaryImageOfPage\":{\"@id\":\"https:\\\/\\\/teknologiateollisuus.fi\\\/metallinjalostajat\\\/tavoitteemme\\\/osaajat-ratkaisevat\\\/#primaryimage\"},\"image\":{\"@id\":\"https:\\\/\\\/teknologiateollisuus.fi\\\/metallinjalostajat\\\/tavoitteemme\\\/osaajat-ratkaisevat\\\/#primaryimage\"},\"thumbnailUrl\":\"https:\\\/\\\/teknologiateollisuus.fi\\\/metallinjalostajat\\\/wp-content\\\/uploads\\\/sites\\\/10\\\/2025\\\/04\\\/Pienitiedosto_Metalli_4989.jpeg\",\"datePublished\":\"2024-09-19T08:05:37+00:00\",\"dateModified\":\"2026-02-02T11:25:05+00:00\",\"breadcrumb\":{\"@id\":\"https:\\\/\\\/teknologiateollisuus.fi\\\/metallinjalostajat\\\/tavoitteemme\\\/osaajat-ratkaisevat\\\/#breadcrumb\"},\"inLanguage\":\"fi\",\"potentialAction\":[{\"@type\":\"ReadAction\",\"target\":[\"https:\\\/\\\/teknologiateollisuus.fi\\\/metallinjalostajat\\\/tavoitteemme\\\/osaajat-ratkaisevat\\\/\"]}]},{\"@type\":\"ImageObject\",\"inLanguage\":\"fi\",\"@id\":\"https:\\\/\\\/teknologiateollisuus.fi\\\/metallinjalostajat\\\/tavoitteemme\\\/osaajat-ratkaisevat\\\/#primaryimage\",\"url\":\"https:\\\/\\\/teknologiateollisuus.fi\\\/metallinjalostajat\\\/wp-content\\\/uploads\\\/sites\\\/10\\\/2025\\\/04\\\/Pienitiedosto_Metalli_4989.jpeg\",\"contentUrl\":\"https:\\\/\\\/teknologiateollisuus.fi\\\/metallinjalostajat\\\/wp-content\\\/uploads\\\/sites\\\/10\\\/2025\\\/04\\\/Pienitiedosto_Metalli_4989.jpeg\",\"width\":1044,\"height\":696,\"caption\":\"Osaajia tarvitaan metallialalla\"},{\"@type\":\"BreadcrumbList\",\"@id\":\"https:\\\/\\\/teknologiateollisuus.fi\\\/metallinjalostajat\\\/tavoitteemme\\\/osaajat-ratkaisevat\\\/#breadcrumb\",\"itemListElement\":[{\"@type\":\"ListItem\",\"position\":1,\"name\":\"Etusivu\",\"item\":\"https:\\\/\\\/teknologiateollisuus.fi\\\/metallinjalostajat\\\/\"},{\"@type\":\"ListItem\",\"position\":2,\"name\":\"Tavoitteemme\",\"item\":\"https:\\\/\\\/teknologiateollisuus.fi\\\/metallinjalostajat\\\/tavoitteemme\\\/\"},{\"@type\":\"ListItem\",\"position\":3,\"name\":\"Osaajat ratkaisevat\"}]},{\"@type\":\"WebSite\",\"@id\":\"https:\\\/\\\/teknologiateollisuus.fi\\\/metallinjalostajat\\\/#website\",\"url\":\"https:\\\/\\\/teknologiateollisuus.fi\\\/metallinjalostajat\\\/\",\"name\":\"Metallinjalostajat\",\"description\":\"\",\"potentialAction\":[{\"@type\":\"SearchAction\",\"target\":{\"@type\":\"EntryPoint\",\"urlTemplate\":\"https:\\\/\\\/teknologiateollisuus.fi\\\/metallinjalostajat\\\/?s={search_term_string}\"},\"query-input\":{\"@type\":\"PropertyValueSpecification\",\"valueRequired\":true,\"valueName\":\"search_term_string\"}}],\"inLanguage\":\"fi\"}]}<\/script>\n<!-- \/ Yoast SEO Premium plugin. -->","yoast_head_json":{"title":"Osaajat ratkaisevat - Metallinjalostajat","robots":{"index":"index","follow":"follow","max-snippet":"max-snippet:-1","max-image-preview":"max-image-preview:large","max-video-preview":"max-video-preview:-1"},"canonical":"https:\/\/teknologiateollisuus.fi\/metallinjalostajat\/tavoitteemme\/osaajat-ratkaisevat\/","og_locale":"fi_FI","og_type":"article","og_title":"Osaajat ratkaisevat","og_description":"P\u00e4\u00e4viestimme TKI-politiikan ja teollisuuspolitiikan toimeenpanossa tulee l\u00f6yt\u00e4\u00e4 synergioita teollisuuden uudistumisen ja kilpailukyvyn vahvistamiseksi. Metallin arvoketjut ovat yksi vahvuutemme ja alaan liittyv\u00e4 osaaminen ja teknologiavalmistus avaavat merkitt\u00e4vi\u00e4 mahdollisuuksia pitk\u00e4lle tulevaisuuteen v\u00e4h\u00e4hiilisten tuotteiden, teknologioiden sek\u00e4 ratkaisujen kehitt\u00e4misen ja viennin osalta. Metallien valmistus on ollut prosessien s\u00e4hk\u00f6ist\u00e4misen suunnann\u00e4ytt\u00e4j\u00e4 ja ty\u00f6 p\u00e4\u00e4st\u00f6jen v\u00e4hent\u00e4miseksi on jatkunut systemaattisesti vuosikymmenien ajan. Prosessi-innovaatiot [&hellip;]","og_url":"https:\/\/teknologiateollisuus.fi\/metallinjalostajat\/tavoitteemme\/osaajat-ratkaisevat\/","og_site_name":"Metallinjalostajat","article_modified_time":"2026-02-02T11:25:05+00:00","og_image":[{"width":1044,"height":696,"url":"https:\/\/teknologiateollisuus.fi\/metallinjalostajat\/wp-content\/uploads\/sites\/10\/2025\/04\/Pienitiedosto_Metalli_4989.jpeg","type":"image\/jpeg"}],"twitter_card":"summary_large_image","twitter_misc":{"Arvioitu lukuaika":"2 minuuttia"},"schema":{"@context":"https:\/\/schema.org","@graph":[{"@type":"WebPage","@id":"https:\/\/teknologiateollisuus.fi\/metallinjalostajat\/tavoitteemme\/osaajat-ratkaisevat\/","url":"https:\/\/teknologiateollisuus.fi\/metallinjalostajat\/tavoitteemme\/osaajat-ratkaisevat\/","name":"Osaajat ratkaisevat - Metallinjalostajat","isPartOf":{"@id":"https:\/\/teknologiateollisuus.fi\/metallinjalostajat\/#website"},"primaryImageOfPage":{"@id":"https:\/\/teknologiateollisuus.fi\/metallinjalostajat\/tavoitteemme\/osaajat-ratkaisevat\/#primaryimage"},"image":{"@id":"https:\/\/teknologiateollisuus.fi\/metallinjalostajat\/tavoitteemme\/osaajat-ratkaisevat\/#primaryimage"},"thumbnailUrl":"https:\/\/teknologiateollisuus.fi\/metallinjalostajat\/wp-content\/uploads\/sites\/10\/2025\/04\/Pienitiedosto_Metalli_4989.jpeg","datePublished":"2024-09-19T08:05:37+00:00","dateModified":"2026-02-02T11:25:05+00:00","breadcrumb":{"@id":"https:\/\/teknologiateollisuus.fi\/metallinjalostajat\/tavoitteemme\/osaajat-ratkaisevat\/#breadcrumb"},"inLanguage":"fi","potentialAction":[{"@type":"ReadAction","target":["https:\/\/teknologiateollisuus.fi\/metallinjalostajat\/tavoitteemme\/osaajat-ratkaisevat\/"]}]},{"@type":"ImageObject","inLanguage":"fi","@id":"https:\/\/teknologiateollisuus.fi\/metallinjalostajat\/tavoitteemme\/osaajat-ratkaisevat\/#primaryimage","url":"https:\/\/teknologiateollisuus.fi\/metallinjalostajat\/wp-content\/uploads\/sites\/10\/2025\/04\/Pienitiedosto_Metalli_4989.jpeg","contentUrl":"https:\/\/teknologiateollisuus.fi\/metallinjalostajat\/wp-content\/uploads\/sites\/10\/2025\/04\/Pienitiedosto_Metalli_4989.jpeg","width":1044,"height":696,"caption":"Osaajia tarvitaan metallialalla"},{"@type":"BreadcrumbList","@id":"https:\/\/teknologiateollisuus.fi\/metallinjalostajat\/tavoitteemme\/osaajat-ratkaisevat\/#breadcrumb","itemListElement":[{"@type":"ListItem","position":1,"name":"Etusivu","item":"https:\/\/teknologiateollisuus.fi\/metallinjalostajat\/"},{"@type":"ListItem","position":2,"name":"Tavoitteemme","item":"https:\/\/teknologiateollisuus.fi\/metallinjalostajat\/tavoitteemme\/"},{"@type":"ListItem","position":3,"name":"Osaajat ratkaisevat"}]},{"@type":"WebSite","@id":"https:\/\/teknologiateollisuus.fi\/metallinjalostajat\/#website","url":"https:\/\/teknologiateollisuus.fi\/metallinjalostajat\/","name":"Metallinjalostajat","description":"","potentialAction":[{"@type":"SearchAction","target":{"@type":"EntryPoint","urlTemplate":"https:\/\/teknologiateollisuus.fi\/metallinjalostajat\/?s={search_term_string}"},"query-input":{"@type":"PropertyValueSpecification","valueRequired":true,"valueName":"search_term_string"}}],"inLanguage":"fi"}]}},"lang":"fi","translations":{"fi":230},"pll_sync_post":[],"_links":{"self":[{"href":"https:\/\/teknologiateollisuus.fi\/metallinjalostajat\/wp-json\/wp\/v2\/pages\/230","targetHints":{"allow":["GET"]}}],"collection":[{"href":"https:\/\/teknologiateollisuus.fi\/metallinjalostajat\/wp-json\/wp\/v2\/pages"}],"about":[{"href":"https:\/\/teknologiateollisuus.fi\/metallinjalostajat\/wp-json\/wp\/v2\/types\/page"}],"author":[{"embeddable":true,"href":"https:\/\/teknologiateollisuus.fi\/metallinjalostajat\/wp-json\/wp\/v2\/users\/52"}],"replies":[{"embeddable":true,"href":"https:\/\/teknologiateollisuus.fi\/metallinjalostajat\/wp-json\/wp\/v2\/comments?post=230"}],"version-history":[{"count":10,"href":"https:\/\/teknologiateollisuus.fi\/metallinjalostajat\/wp-json\/wp\/v2\/pages\/230\/revisions"}],"predecessor-version":[{"id":1055,"href":"https:\/\/teknologiateollisuus.fi\/metallinjalostajat\/wp-json\/wp\/v2\/pages\/230\/revisions\/1055"}],"up":[{"embeddable":true,"href":"https:\/\/teknologiateollisuus.fi\/metallinjalostajat\/wp-json\/wp\/v2\/pages\/183"}],"wp:featuredmedia":[{"embeddable":true,"href":"https:\/\/teknologiateollisuus.fi\/metallinjalostajat\/wp-json\/wp\/v2\/media\/980"}],"wp:attachment":[{"href":"https:\/\/teknologiateollisuus.fi\/metallinjalostajat\/wp-json\/wp\/v2\/media?parent=230"}],"curies":[{"name":"wp","href":"https:\/\/api.w.org\/{rel}","templated":true}]}}