{"id":244,"date":"2024-09-19T11:24:02","date_gmt":"2024-09-19T08:24:02","guid":{"rendered":"https:\/\/teknologiateollisuus.fi\/metallinjalostajat\/?page_id=244"},"modified":"2026-02-02T14:41:48","modified_gmt":"2026-02-02T12:41:48","slug":"hallitus","status":"publish","type":"page","link":"https:\/\/teknologiateollisuus.fi\/metallinjalostajat\/tietoa-meista\/hallitus\/","title":{"rendered":"Hallitus"},"content":{"rendered":"\n<div class=\"em-block-hero hero-has-background-color has-background has-tangerine-background-color collapse media-position-right \">\n\t<div class=\"em-block-hero__container\">\n\t\t<div class=\"em-block-hero__content\">\n\t\t\t<div class=\"yoast-breadcrumbs\"><span><span><a href=\"https:\/\/teknologiateollisuus.fi\/metallinjalostajat\/\">Etusivu<\/a><\/span> <span class=\"separator\"><\/span> <span><a href=\"https:\/\/teknologiateollisuus.fi\/metallinjalostajat\/tietoa-meista\/\">Tietoa meist\u00e4<\/a><\/span> <span class=\"separator\"><\/span> <span class=\"breadcrumb_last\" aria-current=\"page\">Hallitus<\/span><\/span><\/div>\t\t\t\n<h1 class=\"wp-block-heading\" id=\"h-hallitus\">Hallitus<\/h1>\n\n<p><\/p>\n\t\t\t<div class=\"em-block-hero__modified-date\"> P\u00e4ivitetty 02.02.2026 klo 14:41<\/div>\t\t<\/div>\n\t\t\t\t\t<figure class=\"em-block-hero__image\">\n\t\t\t\t\t\t\t<\/figure>\n\t\t\t<\/div>\n<\/div>\n\n\n\n<h2 class=\"wp-block-heading\" id=\"h-hallituksen-jasenet-2026\"><strong>Hallituksen j\u00e4senet 2026<\/strong><\/h2>\n\n\n\n<p>Martti Sassi (puheenjohtaja), Ferrochrome-liiketoiminta-alueen johtaja Outokumpu Oyj<br>Joni Hautoj\u00e4rvi, toimitusjohtaja Norilsk Nickel Harjavalta Oy<br>Reima M\u00e4kel\u00e4, tuotantojohtaja Aurubis Finland Oy<br>Vesa T\u00f6r\u00f6l\u00e4, toimitusjohtaja Boliden Kokkola Oy <br>Klaus Enwald, toimitusjohtaja Ovako Imatra Oy Ab <br>Janne Pirttijoki, liiketoimintayksik\u00f6n johtaja SSAB Europe Oy<br><\/p>\n\n\n\n<h2 class=\"wp-block-heading\" id=\"h-hallituksen-varajasenet-nbsp\"><strong>Hallituksen varaj\u00e4senet<\/strong>&nbsp;<\/h2>\n\n\n\n<p>Heidi Peltonen, VP Sustainability Outokumpu Oyj<br>Juha Parkkinen, laboratoriop\u00e4\u00e4llikk\u00f6 Norilsk Nickel Harjavalta Oy<br>Hannu Heiskanen, Vice president, Recycling Raw Material Global Aurubis Finland Oy<br>Antti Kontiainen, toimitusjohtaja Boliden\u00a0Harjavalta Oy<br>Ilkka Uitti, tuoteyksik\u00f6njohtaja Ovako Imatra Oy Ab\u00a0<br>Antti Kiilakoski, johtaja SSAB Europe Oy \u00a0\u00a0\u00a0\u00a0\u00a0 \u00a0<\/p>\n\n\n\n<p>Hallituksen sihteerin\u00e4 toimii Metallinjalostajat ry:n\u202ftoimitusjohtaja\u202f<strong>Harri Lepp\u00e4nen.<\/strong><\/p>\n","protected":false},"excerpt":{"rendered":"<p>Hallituksen j\u00e4senet 2026 Martti Sassi (puheenjohtaja), Ferrochrome-liiketoiminta-alueen johtaja Outokumpu OyjJoni Hautoj\u00e4rvi, toimitusjohtaja Norilsk Nickel Harjavalta OyReima M\u00e4kel\u00e4, tuotantojohtaja Aurubis Finland OyVesa T\u00f6r\u00f6l\u00e4, toimitusjohtaja Boliden Kokkola Oy Klaus Enwald, toimitusjohtaja Ovako Imatra Oy Ab Janne Pirttijoki, liiketoimintayksik\u00f6n johtaja SSAB Europe Oy Hallituksen varaj\u00e4senet&nbsp; Heidi Peltonen, VP Sustainability Outokumpu OyjJuha Parkkinen, laboratoriop\u00e4\u00e4llikk\u00f6 Norilsk Nickel Harjavalta OyHannu Heiskanen, [&hellip;]<\/p>\n","protected":false},"author":52,"featured_media":0,"parent":120,"menu_order":1,"comment_status":"closed","ping_status":"closed","template":"","meta":{"_acf_changed":false,"_relevanssi_hide_post":"","_relevanssi_hide_content":"","_relevanssi_pin_for_all":"","_relevanssi_pin_keywords":"","_relevanssi_unpin_keywords":"","_relevanssi_related_keywords":"","_relevanssi_related_include_ids":"","_relevanssi_related_exclude_ids":"","_relevanssi_related_no_append":"","_relevanssi_related_not_related":"","_relevanssi_related_posts":"181,201,212","_relevanssi_noindex_reason":"","inline_featured_image":false,"footnotes":""},"class_list":["post-244","page","type-page","status-publish","hentry"],"acf":[],"yoast_head":"<!-- This site is optimized with the Yoast SEO Premium plugin v27.1 (Yoast SEO v27.3) - https:\/\/yoast.com\/product\/yoast-seo-premium-wordpress\/ -->\n<title>Hallitus - Metallinjalostajat<\/title>\n<meta name=\"robots\" content=\"index, follow, max-snippet:-1, max-image-preview:large, max-video-preview:-1\" \/>\n<link rel=\"canonical\" href=\"https:\/\/teknologiateollisuus.fi\/metallinjalostajat\/tietoa-meista\/hallitus\/\" \/>\n<meta property=\"og:locale\" content=\"fi_FI\" \/>\n<meta property=\"og:type\" content=\"article\" \/>\n<meta property=\"og:title\" content=\"Hallitus\" \/>\n<meta property=\"og:description\" content=\"Hallituksen j\u00e4senet 2026 Martti Sassi (puheenjohtaja), Ferrochrome-liiketoiminta-alueen johtaja Outokumpu OyjJoni Hautoj\u00e4rvi, toimitusjohtaja Norilsk Nickel Harjavalta OyReima M\u00e4kel\u00e4, tuotantojohtaja Aurubis Finland OyVesa T\u00f6r\u00f6l\u00e4, toimitusjohtaja Boliden Kokkola Oy Klaus Enwald, toimitusjohtaja Ovako Imatra Oy Ab Janne Pirttijoki, liiketoimintayksik\u00f6n johtaja SSAB Europe Oy Hallituksen varaj\u00e4senet&nbsp; Heidi Peltonen, VP Sustainability Outokumpu OyjJuha Parkkinen, laboratoriop\u00e4\u00e4llikk\u00f6 Norilsk Nickel Harjavalta OyHannu Heiskanen, [&hellip;]\" \/>\n<meta property=\"og:url\" content=\"https:\/\/teknologiateollisuus.fi\/metallinjalostajat\/tietoa-meista\/hallitus\/\" \/>\n<meta property=\"og:site_name\" content=\"Metallinjalostajat\" \/>\n<meta property=\"article:modified_time\" content=\"2026-02-02T12:41:48+00:00\" \/>\n<meta name=\"twitter:card\" content=\"summary_large_image\" \/>\n<meta name=\"twitter:label1\" content=\"Arvioitu lukuaika\" \/>\n\t<meta name=\"twitter:data1\" content=\"1 minuutti\" \/>\n<script type=\"application\/ld+json\" class=\"yoast-schema-graph\">{\"@context\":\"https:\\\/\\\/schema.org\",\"@graph\":[{\"@type\":\"WebPage\",\"@id\":\"https:\\\/\\\/teknologiateollisuus.fi\\\/metallinjalostajat\\\/tietoa-meista\\\/hallitus\\\/\",\"url\":\"https:\\\/\\\/teknologiateollisuus.fi\\\/metallinjalostajat\\\/tietoa-meista\\\/hallitus\\\/\",\"name\":\"Hallitus - Metallinjalostajat\",\"isPartOf\":{\"@id\":\"https:\\\/\\\/teknologiateollisuus.fi\\\/metallinjalostajat\\\/#website\"},\"datePublished\":\"2024-09-19T08:24:02+00:00\",\"dateModified\":\"2026-02-02T12:41:48+00:00\",\"breadcrumb\":{\"@id\":\"https:\\\/\\\/teknologiateollisuus.fi\\\/metallinjalostajat\\\/tietoa-meista\\\/hallitus\\\/#breadcrumb\"},\"inLanguage\":\"fi\",\"potentialAction\":[{\"@type\":\"ReadAction\",\"target\":[\"https:\\\/\\\/teknologiateollisuus.fi\\\/metallinjalostajat\\\/tietoa-meista\\\/hallitus\\\/\"]}]},{\"@type\":\"BreadcrumbList\",\"@id\":\"https:\\\/\\\/teknologiateollisuus.fi\\\/metallinjalostajat\\\/tietoa-meista\\\/hallitus\\\/#breadcrumb\",\"itemListElement\":[{\"@type\":\"ListItem\",\"position\":1,\"name\":\"Etusivu\",\"item\":\"https:\\\/\\\/teknologiateollisuus.fi\\\/metallinjalostajat\\\/\"},{\"@type\":\"ListItem\",\"position\":2,\"name\":\"Tietoa meist\u00e4\",\"item\":\"https:\\\/\\\/teknologiateollisuus.fi\\\/metallinjalostajat\\\/tietoa-meista\\\/\"},{\"@type\":\"ListItem\",\"position\":3,\"name\":\"Hallitus\"}]},{\"@type\":\"WebSite\",\"@id\":\"https:\\\/\\\/teknologiateollisuus.fi\\\/metallinjalostajat\\\/#website\",\"url\":\"https:\\\/\\\/teknologiateollisuus.fi\\\/metallinjalostajat\\\/\",\"name\":\"Metallinjalostajat\",\"description\":\"\",\"potentialAction\":[{\"@type\":\"SearchAction\",\"target\":{\"@type\":\"EntryPoint\",\"urlTemplate\":\"https:\\\/\\\/teknologiateollisuus.fi\\\/metallinjalostajat\\\/?s={search_term_string}\"},\"query-input\":{\"@type\":\"PropertyValueSpecification\",\"valueRequired\":true,\"valueName\":\"search_term_string\"}}],\"inLanguage\":\"fi\"}]}<\/script>\n<!-- \/ Yoast SEO Premium plugin. -->","yoast_head_json":{"title":"Hallitus - Metallinjalostajat","robots":{"index":"index","follow":"follow","max-snippet":"max-snippet:-1","max-image-preview":"max-image-preview:large","max-video-preview":"max-video-preview:-1"},"canonical":"https:\/\/teknologiateollisuus.fi\/metallinjalostajat\/tietoa-meista\/hallitus\/","og_locale":"fi_FI","og_type":"article","og_title":"Hallitus","og_description":"Hallituksen j\u00e4senet 2026 Martti Sassi (puheenjohtaja), Ferrochrome-liiketoiminta-alueen johtaja Outokumpu OyjJoni Hautoj\u00e4rvi, toimitusjohtaja Norilsk Nickel Harjavalta OyReima M\u00e4kel\u00e4, tuotantojohtaja Aurubis Finland OyVesa T\u00f6r\u00f6l\u00e4, toimitusjohtaja Boliden Kokkola Oy Klaus Enwald, toimitusjohtaja Ovako Imatra Oy Ab Janne Pirttijoki, liiketoimintayksik\u00f6n johtaja SSAB Europe Oy Hallituksen varaj\u00e4senet&nbsp; Heidi Peltonen, VP Sustainability Outokumpu OyjJuha Parkkinen, laboratoriop\u00e4\u00e4llikk\u00f6 Norilsk Nickel Harjavalta OyHannu Heiskanen, [&hellip;]","og_url":"https:\/\/teknologiateollisuus.fi\/metallinjalostajat\/tietoa-meista\/hallitus\/","og_site_name":"Metallinjalostajat","article_modified_time":"2026-02-02T12:41:48+00:00","twitter_card":"summary_large_image","twitter_misc":{"Arvioitu lukuaika":"1 minuutti"},"schema":{"@context":"https:\/\/schema.org","@graph":[{"@type":"WebPage","@id":"https:\/\/teknologiateollisuus.fi\/metallinjalostajat\/tietoa-meista\/hallitus\/","url":"https:\/\/teknologiateollisuus.fi\/metallinjalostajat\/tietoa-meista\/hallitus\/","name":"Hallitus - Metallinjalostajat","isPartOf":{"@id":"https:\/\/teknologiateollisuus.fi\/metallinjalostajat\/#website"},"datePublished":"2024-09-19T08:24:02+00:00","dateModified":"2026-02-02T12:41:48+00:00","breadcrumb":{"@id":"https:\/\/teknologiateollisuus.fi\/metallinjalostajat\/tietoa-meista\/hallitus\/#breadcrumb"},"inLanguage":"fi","potentialAction":[{"@type":"ReadAction","target":["https:\/\/teknologiateollisuus.fi\/metallinjalostajat\/tietoa-meista\/hallitus\/"]}]},{"@type":"BreadcrumbList","@id":"https:\/\/teknologiateollisuus.fi\/metallinjalostajat\/tietoa-meista\/hallitus\/#breadcrumb","itemListElement":[{"@type":"ListItem","position":1,"name":"Etusivu","item":"https:\/\/teknologiateollisuus.fi\/metallinjalostajat\/"},{"@type":"ListItem","position":2,"name":"Tietoa meist\u00e4","item":"https:\/\/teknologiateollisuus.fi\/metallinjalostajat\/tietoa-meista\/"},{"@type":"ListItem","position":3,"name":"Hallitus"}]},{"@type":"WebSite","@id":"https:\/\/teknologiateollisuus.fi\/metallinjalostajat\/#website","url":"https:\/\/teknologiateollisuus.fi\/metallinjalostajat\/","name":"Metallinjalostajat","description":"","potentialAction":[{"@type":"SearchAction","target":{"@type":"EntryPoint","urlTemplate":"https:\/\/teknologiateollisuus.fi\/metallinjalostajat\/?s={search_term_string}"},"query-input":{"@type":"PropertyValueSpecification","valueRequired":true,"valueName":"search_term_string"}}],"inLanguage":"fi"}]}},"lang":"fi","translations":{"fi":244},"pll_sync_post":[],"_links":{"self":[{"href":"https:\/\/teknologiateollisuus.fi\/metallinjalostajat\/wp-json\/wp\/v2\/pages\/244","targetHints":{"allow":["GET"]}}],"collection":[{"href":"https:\/\/teknologiateollisuus.fi\/metallinjalostajat\/wp-json\/wp\/v2\/pages"}],"about":[{"href":"https:\/\/teknologiateollisuus.fi\/metallinjalostajat\/wp-json\/wp\/v2\/types\/page"}],"author":[{"embeddable":true,"href":"https:\/\/teknologiateollisuus.fi\/metallinjalostajat\/wp-json\/wp\/v2\/users\/52"}],"replies":[{"embeddable":true,"href":"https:\/\/teknologiateollisuus.fi\/metallinjalostajat\/wp-json\/wp\/v2\/comments?post=244"}],"version-history":[{"count":11,"href":"https:\/\/teknologiateollisuus.fi\/metallinjalostajat\/wp-json\/wp\/v2\/pages\/244\/revisions"}],"predecessor-version":[{"id":1057,"href":"https:\/\/teknologiateollisuus.fi\/metallinjalostajat\/wp-json\/wp\/v2\/pages\/244\/revisions\/1057"}],"up":[{"embeddable":true,"href":"https:\/\/teknologiateollisuus.fi\/metallinjalostajat\/wp-json\/wp\/v2\/pages\/120"}],"wp:attachment":[{"href":"https:\/\/teknologiateollisuus.fi\/metallinjalostajat\/wp-json\/wp\/v2\/media?parent=244"}],"curies":[{"name":"wp","href":"https:\/\/api.w.org\/{rel}","templated":true}]}}