{"id":424,"date":"2024-10-18T14:26:17","date_gmt":"2024-10-18T11:26:17","guid":{"rendered":"https:\/\/teknologiateollisuus.fi\/metallinjalostajat\/?page_id=424"},"modified":"2024-11-12T13:47:12","modified_gmt":"2024-11-12T11:47:12","slug":"diplomityon-keskiossa-suotaumien-synnyt-syvat","status":"publish","type":"page","link":"https:\/\/teknologiateollisuus.fi\/metallinjalostajat\/diplomityon-keskiossa-suotaumien-synnyt-syvat\/","title":{"rendered":"Diplomity\u00f6n keski\u00f6ss\u00e4 suotaumien synnyt syv\u00e4t"},"content":{"rendered":"\n<div class=\"em-block-hero hero-has-background-color has-background has-black-background-color collapse media-position-right \">\n\t<div class=\"em-block-hero__container\">\n\t\t<div class=\"em-block-hero__content\">\n\t\t\t<div class=\"yoast-breadcrumbs\"><span><span><a href=\"https:\/\/teknologiateollisuus.fi\/metallinjalostajat\/\">Etusivu<\/a><\/span> <span class=\"separator\"><\/span> <span class=\"breadcrumb_last\" aria-current=\"page\">Diplomity\u00f6n keski\u00f6ss\u00e4 suotaumien synnyt syv\u00e4t<\/span><\/span><\/div>\t\t\t\n<h1 class=\"wp-block-heading\" id=\"diplomityon-keskiossa-suotaumien-synnyt-syvat\">Diplomity\u00f6n keski\u00f6ss\u00e4 suotaumien synnyt syv\u00e4t<\/h1>\n\n<p><\/p>\n\t\t\t<div class=\"em-block-hero__modified-date\"> P\u00e4ivitetty 12.11.2024 klo 13:47<\/div>\t\t<\/div>\n\t\t\t\t\t<figure class=\"em-block-hero__image\">\n\t\t\t\t\t\t\t<\/figure>\n\t\t\t<\/div>\n<\/div>\n\n\n\n<figure class=\"wp-block-image size-full\"><img loading=\"lazy\" decoding=\"async\" width=\"700\" height=\"300\" src=\"https:\/\/teknologiateollisuus.fi\/metallinjalostajat\/wp-content\/uploads\/sites\/10\/2024\/10\/Marjut-Hautamaki_Oulun_yliopisto.jpg\" alt=\"\" class=\"wp-image-423\" srcset=\"https:\/\/teknologiateollisuus.fi\/metallinjalostajat\/wp-content\/uploads\/sites\/10\/2024\/10\/Marjut-Hautamaki_Oulun_yliopisto.jpg 700w, https:\/\/teknologiateollisuus.fi\/metallinjalostajat\/wp-content\/uploads\/sites\/10\/2024\/10\/Marjut-Hautamaki_Oulun_yliopisto-400x171.jpg 400w\" sizes=\"auto, (max-width: 700px) 100vw, 700px\" \/><\/figure>\n\n\n\n<p>Oulun yliopistossa konetekniikkaa opiskeleva&nbsp;<strong>Marjut Hautam\u00e4ki&nbsp;<\/strong>alkoi viime syksyn\u00e4 etsi\u00e4 itselleen diplomity\u00f6paikkaa. Koronasta johtuen tilanne oli normaalia haasteellisempi ja diplomity\u00f6paikkoja tarjolla normaalia v\u00e4hemm\u00e4n. Onneksi er\u00e4s professori antoi vinkki\u00e4, ett\u00e4 Ovakolla voisi olla mahdollista tehd\u00e4 diplomity\u00f6 ISA-projektissa, etenkin kun Marjutin opintosuunta on materiaalitekniikka. Niinp\u00e4 h\u00e4n hakeutui Ovakon Imatran ter\u00e4stehtaalle ja ryhtyi tutkimaan ter\u00e4ksen suotaumien syntyj\u00e4 syvi\u00e4.<\/p>\n\n\n\n<p>Marjut tutkii diplomity\u00f6ss\u00e4\u00e4n l\u00e4mp\u00f6k\u00e4sittelyiden vaikutuksia nuorrutuster\u00e4sten suotaumarakenteeseen.<\/p>\n\n\n\n<p>\u2013 Suotauma tarkoittaa j\u00e4hmettymisen yhteydess\u00e4 ter\u00e4kseen muodostuvia seosainepitoisuuseroja. Suotauma esiintyy tyypillisesti valssatussa ter\u00e4ksess\u00e4 nauhamaisena rakenteena, jolloin ominaisuudet vaihtelevat eri paksuusosissa. Nauhamaisuus vaikuttaa lopputuotteen ominaisuuksiin esimerkiksi aiheuttaen karkenevuuseroja sek\u00e4 kovuus- ja lujuushajontaa. Ty\u00f6ss\u00e4ni tutkin erilaisten l\u00e4mp\u00f6k\u00e4sittelyparametrien vaikutusta nauhamaisuuteen, kertoo Marjut diplomity\u00f6n aiheestaan.<\/p>\n\n\n\n<p>Marjutin on tarkoitus saada diplomity\u00f6 valmiiksi kes\u00e4ll\u00e4 2021 ja sen my\u00f6t\u00e4 valmistua diplomi-insin\u00f6\u00f6riksi. Diplomity\u00f6ll\u00e4 on ohjaaja niin yliopistolla kuin Ovakollakin.<\/p>\n\n\n\n<p>\u2013 Saamallani ohjauksella on iso merkitys ty\u00f6n etenemisen kannalta. Keskustelen viikoittain kokeneempien ter\u00e4sosaajien kanssa diplomity\u00f6st\u00e4ni ja pureudumme ongelmakohtiin heti. T\u00e4ll\u00e4 ehk\u00e4ist\u00e4\u00e4n tehokkaasti sit\u00e4, ettei ty\u00f6ss\u00e4ni eteen tulevat mahdolliset haasteet hidasta liikaa ty\u00f6n etenemist\u00e4. Keskustelut ja ajatusten vaihto eri n\u00e4k\u00f6kulmista on ollut hyvin antoisaa ja ajatuksia her\u00e4tt\u00e4v\u00e4\u00e4 diplomity\u00f6t\u00e4ni ajatellen.<\/p>\n\n\n\n<p>Palkallisen diplomity\u00f6n tekeminen yrityksess\u00e4 on tietenkin iso etu opiskelijalle, mutta sen lis\u00e4ksi ty\u00f6n kautta saa arvokasta ty\u00f6kokemusta.<\/p>\n\n\n\n<p>\u2013 Olen diplomity\u00f6aikani m\u00e4\u00e4r\u00e4aikaisessa ty\u00f6suhteessa. Se, ett\u00e4 voi omalla osaamisellaan yritt\u00e4\u00e4 saada esimerkiksi jonkin yrityksen konkreettisen ongelman ratkaistua, motivoi eritt\u00e4in paljon. Lis\u00e4ksi diplomity\u00f6 on aina hyv\u00e4 ty\u00f6n\u00e4yte tulevalle ty\u00f6uralle.<\/p>\n\n\n\n<p><em>Teksti ja kuva:&nbsp;Ovako<\/em><\/p>\n","protected":false},"excerpt":{"rendered":"<p>Oulun yliopistossa konetekniikkaa opiskeleva&nbsp;Marjut Hautam\u00e4ki&nbsp;alkoi viime syksyn\u00e4 etsi\u00e4 itselleen diplomity\u00f6paikkaa. Koronasta johtuen tilanne oli normaalia haasteellisempi ja diplomity\u00f6paikkoja tarjolla normaalia v\u00e4hemm\u00e4n. Onneksi er\u00e4s professori antoi vinkki\u00e4, ett\u00e4 Ovakolla voisi olla mahdollista tehd\u00e4 diplomity\u00f6 ISA-projektissa, etenkin kun Marjutin opintosuunta on materiaalitekniikka. Niinp\u00e4 h\u00e4n hakeutui Ovakon Imatran ter\u00e4stehtaalle ja ryhtyi tutkimaan ter\u00e4ksen suotaumien syntyj\u00e4 syvi\u00e4. Marjut tutkii [&hellip;]<\/p>\n","protected":false},"author":52,"featured_media":0,"parent":0,"menu_order":0,"comment_status":"closed","ping_status":"closed","template":"","meta":{"_acf_changed":false,"_relevanssi_hide_post":"","_relevanssi_hide_content":"","_relevanssi_pin_for_all":"","_relevanssi_pin_keywords":"","_relevanssi_unpin_keywords":"","_relevanssi_related_keywords":"","_relevanssi_related_include_ids":"","_relevanssi_related_exclude_ids":"","_relevanssi_related_no_append":"","_relevanssi_related_not_related":"","_relevanssi_related_posts":"338,266,181,212,256,273","_relevanssi_noindex_reason":"","inline_featured_image":false,"footnotes":""},"class_list":["post-424","page","type-page","status-publish","hentry"],"acf":[],"yoast_head":"<!-- This site is optimized with the Yoast SEO Premium plugin v27.1 (Yoast SEO v27.3) - https:\/\/yoast.com\/product\/yoast-seo-premium-wordpress\/ -->\n<title>Diplomity\u00f6n keski\u00f6ss\u00e4 suotaumien synnyt syv\u00e4t - Metallinjalostajat<\/title>\n<meta name=\"robots\" content=\"index, follow, max-snippet:-1, max-image-preview:large, max-video-preview:-1\" \/>\n<link rel=\"canonical\" href=\"https:\/\/teknologiateollisuus.fi\/metallinjalostajat\/diplomityon-keskiossa-suotaumien-synnyt-syvat\/\" \/>\n<meta property=\"og:locale\" content=\"fi_FI\" \/>\n<meta property=\"og:type\" content=\"article\" \/>\n<meta property=\"og:title\" content=\"Diplomity\u00f6n keski\u00f6ss\u00e4 suotaumien synnyt syv\u00e4t\" \/>\n<meta property=\"og:description\" content=\"Oulun yliopistossa konetekniikkaa opiskeleva&nbsp;Marjut Hautam\u00e4ki&nbsp;alkoi viime syksyn\u00e4 etsi\u00e4 itselleen diplomity\u00f6paikkaa. Koronasta johtuen tilanne oli normaalia haasteellisempi ja diplomity\u00f6paikkoja tarjolla normaalia v\u00e4hemm\u00e4n. Onneksi er\u00e4s professori antoi vinkki\u00e4, ett\u00e4 Ovakolla voisi olla mahdollista tehd\u00e4 diplomity\u00f6 ISA-projektissa, etenkin kun Marjutin opintosuunta on materiaalitekniikka. Niinp\u00e4 h\u00e4n hakeutui Ovakon Imatran ter\u00e4stehtaalle ja ryhtyi tutkimaan ter\u00e4ksen suotaumien syntyj\u00e4 syvi\u00e4. Marjut tutkii [&hellip;]\" \/>\n<meta property=\"og:url\" content=\"https:\/\/teknologiateollisuus.fi\/metallinjalostajat\/diplomityon-keskiossa-suotaumien-synnyt-syvat\/\" \/>\n<meta property=\"og:site_name\" content=\"Metallinjalostajat\" \/>\n<meta property=\"article:modified_time\" content=\"2024-11-12T11:47:12+00:00\" \/>\n<meta property=\"og:image\" content=\"https:\/\/teknologiateollisuus.fi\/metallinjalostajat\/wp-content\/uploads\/sites\/10\/2024\/10\/Marjut-Hautamaki_Oulun_yliopisto.jpg\" \/>\n\t<meta property=\"og:image:width\" content=\"700\" \/>\n\t<meta property=\"og:image:height\" content=\"300\" \/>\n\t<meta property=\"og:image:type\" content=\"image\/jpeg\" \/>\n<meta name=\"twitter:card\" content=\"summary_large_image\" \/>\n<meta name=\"twitter:label1\" content=\"Arvioitu lukuaika\" \/>\n\t<meta name=\"twitter:data1\" content=\"2 minuuttia\" \/>\n<script type=\"application\/ld+json\" class=\"yoast-schema-graph\">{\"@context\":\"https:\\\/\\\/schema.org\",\"@graph\":[{\"@type\":\"WebPage\",\"@id\":\"https:\\\/\\\/teknologiateollisuus.fi\\\/metallinjalostajat\\\/diplomityon-keskiossa-suotaumien-synnyt-syvat\\\/\",\"url\":\"https:\\\/\\\/teknologiateollisuus.fi\\\/metallinjalostajat\\\/diplomityon-keskiossa-suotaumien-synnyt-syvat\\\/\",\"name\":\"Diplomity\u00f6n keski\u00f6ss\u00e4 suotaumien synnyt syv\u00e4t - Metallinjalostajat\",\"isPartOf\":{\"@id\":\"https:\\\/\\\/teknologiateollisuus.fi\\\/metallinjalostajat\\\/#website\"},\"primaryImageOfPage\":{\"@id\":\"https:\\\/\\\/teknologiateollisuus.fi\\\/metallinjalostajat\\\/diplomityon-keskiossa-suotaumien-synnyt-syvat\\\/#primaryimage\"},\"image\":{\"@id\":\"https:\\\/\\\/teknologiateollisuus.fi\\\/metallinjalostajat\\\/diplomityon-keskiossa-suotaumien-synnyt-syvat\\\/#primaryimage\"},\"thumbnailUrl\":\"https:\\\/\\\/teknologiateollisuus.fi\\\/metallinjalostajat\\\/wp-content\\\/uploads\\\/sites\\\/10\\\/2024\\\/10\\\/Marjut-Hautamaki_Oulun_yliopisto.jpg\",\"datePublished\":\"2024-10-18T11:26:17+00:00\",\"dateModified\":\"2024-11-12T11:47:12+00:00\",\"breadcrumb\":{\"@id\":\"https:\\\/\\\/teknologiateollisuus.fi\\\/metallinjalostajat\\\/diplomityon-keskiossa-suotaumien-synnyt-syvat\\\/#breadcrumb\"},\"inLanguage\":\"fi\",\"potentialAction\":[{\"@type\":\"ReadAction\",\"target\":[\"https:\\\/\\\/teknologiateollisuus.fi\\\/metallinjalostajat\\\/diplomityon-keskiossa-suotaumien-synnyt-syvat\\\/\"]}]},{\"@type\":\"ImageObject\",\"inLanguage\":\"fi\",\"@id\":\"https:\\\/\\\/teknologiateollisuus.fi\\\/metallinjalostajat\\\/diplomityon-keskiossa-suotaumien-synnyt-syvat\\\/#primaryimage\",\"url\":\"https:\\\/\\\/teknologiateollisuus.fi\\\/metallinjalostajat\\\/wp-content\\\/uploads\\\/sites\\\/10\\\/2024\\\/10\\\/Marjut-Hautamaki_Oulun_yliopisto.jpg\",\"contentUrl\":\"https:\\\/\\\/teknologiateollisuus.fi\\\/metallinjalostajat\\\/wp-content\\\/uploads\\\/sites\\\/10\\\/2024\\\/10\\\/Marjut-Hautamaki_Oulun_yliopisto.jpg\",\"width\":700,\"height\":300},{\"@type\":\"BreadcrumbList\",\"@id\":\"https:\\\/\\\/teknologiateollisuus.fi\\\/metallinjalostajat\\\/diplomityon-keskiossa-suotaumien-synnyt-syvat\\\/#breadcrumb\",\"itemListElement\":[{\"@type\":\"ListItem\",\"position\":1,\"name\":\"Etusivu\",\"item\":\"https:\\\/\\\/teknologiateollisuus.fi\\\/metallinjalostajat\\\/\"},{\"@type\":\"ListItem\",\"position\":2,\"name\":\"Diplomity\u00f6n keski\u00f6ss\u00e4 suotaumien synnyt syv\u00e4t\"}]},{\"@type\":\"WebSite\",\"@id\":\"https:\\\/\\\/teknologiateollisuus.fi\\\/metallinjalostajat\\\/#website\",\"url\":\"https:\\\/\\\/teknologiateollisuus.fi\\\/metallinjalostajat\\\/\",\"name\":\"Metallinjalostajat\",\"description\":\"\",\"potentialAction\":[{\"@type\":\"SearchAction\",\"target\":{\"@type\":\"EntryPoint\",\"urlTemplate\":\"https:\\\/\\\/teknologiateollisuus.fi\\\/metallinjalostajat\\\/?s={search_term_string}\"},\"query-input\":{\"@type\":\"PropertyValueSpecification\",\"valueRequired\":true,\"valueName\":\"search_term_string\"}}],\"inLanguage\":\"fi\"}]}<\/script>\n<!-- \/ Yoast SEO Premium plugin. -->","yoast_head_json":{"title":"Diplomity\u00f6n keski\u00f6ss\u00e4 suotaumien synnyt syv\u00e4t - Metallinjalostajat","robots":{"index":"index","follow":"follow","max-snippet":"max-snippet:-1","max-image-preview":"max-image-preview:large","max-video-preview":"max-video-preview:-1"},"canonical":"https:\/\/teknologiateollisuus.fi\/metallinjalostajat\/diplomityon-keskiossa-suotaumien-synnyt-syvat\/","og_locale":"fi_FI","og_type":"article","og_title":"Diplomity\u00f6n keski\u00f6ss\u00e4 suotaumien synnyt syv\u00e4t","og_description":"Oulun yliopistossa konetekniikkaa opiskeleva&nbsp;Marjut Hautam\u00e4ki&nbsp;alkoi viime syksyn\u00e4 etsi\u00e4 itselleen diplomity\u00f6paikkaa. Koronasta johtuen tilanne oli normaalia haasteellisempi ja diplomity\u00f6paikkoja tarjolla normaalia v\u00e4hemm\u00e4n. Onneksi er\u00e4s professori antoi vinkki\u00e4, ett\u00e4 Ovakolla voisi olla mahdollista tehd\u00e4 diplomity\u00f6 ISA-projektissa, etenkin kun Marjutin opintosuunta on materiaalitekniikka. Niinp\u00e4 h\u00e4n hakeutui Ovakon Imatran ter\u00e4stehtaalle ja ryhtyi tutkimaan ter\u00e4ksen suotaumien syntyj\u00e4 syvi\u00e4. Marjut tutkii [&hellip;]","og_url":"https:\/\/teknologiateollisuus.fi\/metallinjalostajat\/diplomityon-keskiossa-suotaumien-synnyt-syvat\/","og_site_name":"Metallinjalostajat","article_modified_time":"2024-11-12T11:47:12+00:00","og_image":[{"width":700,"height":300,"url":"https:\/\/teknologiateollisuus.fi\/metallinjalostajat\/wp-content\/uploads\/sites\/10\/2024\/10\/Marjut-Hautamaki_Oulun_yliopisto.jpg","type":"image\/jpeg"}],"twitter_card":"summary_large_image","twitter_misc":{"Arvioitu lukuaika":"2 minuuttia"},"schema":{"@context":"https:\/\/schema.org","@graph":[{"@type":"WebPage","@id":"https:\/\/teknologiateollisuus.fi\/metallinjalostajat\/diplomityon-keskiossa-suotaumien-synnyt-syvat\/","url":"https:\/\/teknologiateollisuus.fi\/metallinjalostajat\/diplomityon-keskiossa-suotaumien-synnyt-syvat\/","name":"Diplomity\u00f6n keski\u00f6ss\u00e4 suotaumien synnyt syv\u00e4t - Metallinjalostajat","isPartOf":{"@id":"https:\/\/teknologiateollisuus.fi\/metallinjalostajat\/#website"},"primaryImageOfPage":{"@id":"https:\/\/teknologiateollisuus.fi\/metallinjalostajat\/diplomityon-keskiossa-suotaumien-synnyt-syvat\/#primaryimage"},"image":{"@id":"https:\/\/teknologiateollisuus.fi\/metallinjalostajat\/diplomityon-keskiossa-suotaumien-synnyt-syvat\/#primaryimage"},"thumbnailUrl":"https:\/\/teknologiateollisuus.fi\/metallinjalostajat\/wp-content\/uploads\/sites\/10\/2024\/10\/Marjut-Hautamaki_Oulun_yliopisto.jpg","datePublished":"2024-10-18T11:26:17+00:00","dateModified":"2024-11-12T11:47:12+00:00","breadcrumb":{"@id":"https:\/\/teknologiateollisuus.fi\/metallinjalostajat\/diplomityon-keskiossa-suotaumien-synnyt-syvat\/#breadcrumb"},"inLanguage":"fi","potentialAction":[{"@type":"ReadAction","target":["https:\/\/teknologiateollisuus.fi\/metallinjalostajat\/diplomityon-keskiossa-suotaumien-synnyt-syvat\/"]}]},{"@type":"ImageObject","inLanguage":"fi","@id":"https:\/\/teknologiateollisuus.fi\/metallinjalostajat\/diplomityon-keskiossa-suotaumien-synnyt-syvat\/#primaryimage","url":"https:\/\/teknologiateollisuus.fi\/metallinjalostajat\/wp-content\/uploads\/sites\/10\/2024\/10\/Marjut-Hautamaki_Oulun_yliopisto.jpg","contentUrl":"https:\/\/teknologiateollisuus.fi\/metallinjalostajat\/wp-content\/uploads\/sites\/10\/2024\/10\/Marjut-Hautamaki_Oulun_yliopisto.jpg","width":700,"height":300},{"@type":"BreadcrumbList","@id":"https:\/\/teknologiateollisuus.fi\/metallinjalostajat\/diplomityon-keskiossa-suotaumien-synnyt-syvat\/#breadcrumb","itemListElement":[{"@type":"ListItem","position":1,"name":"Etusivu","item":"https:\/\/teknologiateollisuus.fi\/metallinjalostajat\/"},{"@type":"ListItem","position":2,"name":"Diplomity\u00f6n keski\u00f6ss\u00e4 suotaumien synnyt syv\u00e4t"}]},{"@type":"WebSite","@id":"https:\/\/teknologiateollisuus.fi\/metallinjalostajat\/#website","url":"https:\/\/teknologiateollisuus.fi\/metallinjalostajat\/","name":"Metallinjalostajat","description":"","potentialAction":[{"@type":"SearchAction","target":{"@type":"EntryPoint","urlTemplate":"https:\/\/teknologiateollisuus.fi\/metallinjalostajat\/?s={search_term_string}"},"query-input":{"@type":"PropertyValueSpecification","valueRequired":true,"valueName":"search_term_string"}}],"inLanguage":"fi"}]}},"lang":"fi","translations":{"fi":424},"pll_sync_post":[],"_links":{"self":[{"href":"https:\/\/teknologiateollisuus.fi\/metallinjalostajat\/wp-json\/wp\/v2\/pages\/424","targetHints":{"allow":["GET"]}}],"collection":[{"href":"https:\/\/teknologiateollisuus.fi\/metallinjalostajat\/wp-json\/wp\/v2\/pages"}],"about":[{"href":"https:\/\/teknologiateollisuus.fi\/metallinjalostajat\/wp-json\/wp\/v2\/types\/page"}],"author":[{"embeddable":true,"href":"https:\/\/teknologiateollisuus.fi\/metallinjalostajat\/wp-json\/wp\/v2\/users\/52"}],"replies":[{"embeddable":true,"href":"https:\/\/teknologiateollisuus.fi\/metallinjalostajat\/wp-json\/wp\/v2\/comments?post=424"}],"version-history":[{"count":2,"href":"https:\/\/teknologiateollisuus.fi\/metallinjalostajat\/wp-json\/wp\/v2\/pages\/424\/revisions"}],"predecessor-version":[{"id":671,"href":"https:\/\/teknologiateollisuus.fi\/metallinjalostajat\/wp-json\/wp\/v2\/pages\/424\/revisions\/671"}],"wp:attachment":[{"href":"https:\/\/teknologiateollisuus.fi\/metallinjalostajat\/wp-json\/wp\/v2\/media?parent=424"}],"curies":[{"name":"wp","href":"https:\/\/api.w.org\/{rel}","templated":true}]}}