{"id":484,"date":"2024-11-05T10:53:35","date_gmt":"2024-11-05T08:53:35","guid":{"rendered":"https:\/\/teknologiateollisuus.fi\/metallinjalostajat\/?page_id=484"},"modified":"2025-04-11T11:39:40","modified_gmt":"2025-04-11T08:39:40","slug":"innostu-alalle","status":"publish","type":"page","link":"https:\/\/teknologiateollisuus.fi\/metallinjalostajat\/innostu-alalle\/","title":{"rendered":"Innostu alalle"},"content":{"rendered":"\n<div class=\"em-block-hero hero-has-background-color has-background has-tangerine-background-color has-image media-position-background \">\n\t<div class=\"em-block-hero__container\">\n\t\t<div class=\"em-block-hero__content\">\n\t\t\t<div class=\"yoast-breadcrumbs\"><span><span><a href=\"https:\/\/teknologiateollisuus.fi\/metallinjalostajat\/\">Etusivu<\/a><\/span> <span class=\"separator\"><\/span> <span class=\"breadcrumb_last\" aria-current=\"page\">Innostu alalle<\/span><\/span><\/div>\t\t\t\n<h1 class=\"wp-block-heading\" id=\"h-innostu-alalle\">Innostu alalle<\/h1>\n\n<p><\/p>\n\t\t\t<div class=\"em-block-hero__modified-date\"> P\u00e4ivitetty 11.04.2025 klo 11:39<\/div>\t\t<\/div>\n\t\t\t\t\t<figure class=\"em-block-hero__image\">\n\t\t\t\t<img loading=\"lazy\" decoding=\"async\" width=\"1200\" height=\"800\" src=\"https:\/\/teknologiateollisuus.fi\/metallinjalostajat\/wp-content\/uploads\/sites\/10\/2024\/11\/Metallien_kasittely_9_1200.jpg\" class=\"attachment-hero size-hero\" alt=\"\" srcset=\"https:\/\/teknologiateollisuus.fi\/metallinjalostajat\/wp-content\/uploads\/sites\/10\/2024\/11\/Metallien_kasittely_9_1200.jpg 1200w, https:\/\/teknologiateollisuus.fi\/metallinjalostajat\/wp-content\/uploads\/sites\/10\/2024\/11\/Metallien_kasittely_9_1200-400x267.jpg 400w, https:\/\/teknologiateollisuus.fi\/metallinjalostajat\/wp-content\/uploads\/sites\/10\/2024\/11\/Metallien_kasittely_9_1200-968x645.jpg 968w, https:\/\/teknologiateollisuus.fi\/metallinjalostajat\/wp-content\/uploads\/sites\/10\/2024\/11\/Metallien_kasittely_9_1200-768x512.jpg 768w\" sizes=\"auto, (max-width: 1200px) 100vw, 1200px\" \/>\t\t\t<\/figure>\n\t\t\t<\/div>\n<\/div>\n\n\n\n<p><br>Metalleja on arjessamme kaikkialla ymp\u00e4rill\u00e4mme ja mahdollistavat ennen kaikkea puhtaamman tulevaisuuden rakentamisen &#8211; tule mukaan muutoksen tekij\u00e4ksi. Seuraavista kokonaisuuksista saat tietoa tulevaisuuden kasvavista metallitarpeista ja mahdollisuuksista tulla alallemme.<\/p>\n\n\n\n<p><strong>Vastuullisuus<\/strong> <strong>on tekoja<\/strong><br>Haemme kilpailuetua vastuullisuudesta, turvallisuudesta ja kest\u00e4v\u00e4sti valmistetuista tuotteista. Olemme sitoutuneita kasvihuonekaasujen p\u00e4\u00e4st\u00f6v\u00e4hennyksiin. J\u00e4senill\u00e4mme on laajasti kest\u00e4v\u00e4\u00e4n kehitykseen ja yritysvastuuseen liittyvi\u00e4 tavoitteita. Kerromme my\u00f6s avoimesti kehitt\u00e4mistoimiemme tuloksellisuudesta.&nbsp;<a href=\"https:\/\/teknologiateollisuus.fi\/metallinjalostajat\/tule-mukaan\/vastuullisuus-on-tekoja\/\">Lue lis\u00e4\u00e4<\/a><\/p>\n\n\n\n<p><strong>Metallien maailma<\/strong><br>Metallien markkinoista suurin osuus on raudalla ja ter\u00e4ksell\u00e4 (60\u201365 %). Muiden metallien osalta vastaavat suuntaa-antavat luvut ovat: alumiini (10\u201312 %), kupari (7\u20139 %), jalometallit (1\u20135 %), nikkeli (2\u20133 %), sinkki (3\u20134 %) sek\u00e4 litium ja erikoismetallit (1\u20133 %). Metallimalmiesiintymiin verrattuna metallien jalostus on selv\u00e4sti keskittyneemp\u00e4\u00e4 maailmassa muun muassa Kiinaan. <a href=\"https:\/\/teknologiateollisuus.fi\/metallinjalostajat\/vetovoima-tule-mukaan\/metallien-maailma\/\">Lue lis\u00e4\u00e4<\/a><\/p>\n\n\n\n<p><strong>Tule opiskelemaan<\/strong> <br>Opiskelijoiden keskuudessa ala koetaan ajankohtaisena ja tarjoaa mahdollisuuden osallistua puhtaamman tulevaisuuden rakentamiseen, on kyse sitten v\u00e4h\u00e4hiilisyyden mahdollistamisesta metallien avulla, tuotantoprosessien kehitt\u00e4misest\u00e4, ymp\u00e4rist\u00f6haittojen v\u00e4hent\u00e4misest\u00e4, huipputuotteista tai kierr\u00e4tysratkaisuista. <a href=\"https:\/\/teknologiateollisuus.fi\/metallinjalostajat\/vetovoima-tule-mukaan\/innostu-alalle\/\">Lue lis\u00e4\u00e4<\/a><\/p>\n\n\n\n<p><strong>Metallinjalostajien apurahat<\/strong> <br>Kannustamme alalle suuntautuvia ja hyvin menestyneit\u00e4 opiskelijoita opiskelija-apurahalla ja my\u00f6nn\u00e4mme erilaisia rahoituksia ulkomailla opiskelusta v\u00e4it\u00f6skirjatutkimukseen sek\u00e4 tutkimusryhmien toimintaan asti. <a href=\"https:\/\/teknologiateollisuus.fi\/metallinjalostajat\/tule-mukaan\/metallinjalostajien-apurahat\/\">Lue lis\u00e4\u00e4<\/a><\/p>\n\n\n\n<p><strong>Ty\u00f6llisty alalle<\/strong><br>Globaalisti toimivat yrityksemme tarjoavat monipuolisia uravaihtoehtoja laajalle joukolle erilaisia osaajia muuttuvien metallitarpeiden maailmassa. <a href=\"https:\/\/teknologiateollisuus.fi\/metallinjalostajat\/vetovoima-tule-mukaan\/toihin-alalle\/\">Lue lis\u00e4\u00e4<\/a><\/p>\n","protected":false},"excerpt":{"rendered":"<p>Metalleja on arjessamme kaikkialla ymp\u00e4rill\u00e4mme ja mahdollistavat ennen kaikkea puhtaamman tulevaisuuden rakentamisen &#8211; tule mukaan muutoksen tekij\u00e4ksi. Seuraavista kokonaisuuksista saat tietoa tulevaisuuden kasvavista metallitarpeista ja mahdollisuuksista tulla alallemme. Vastuullisuus on tekojaHaemme kilpailuetua vastuullisuudesta, turvallisuudesta ja kest\u00e4v\u00e4sti valmistetuista tuotteista. Olemme sitoutuneita kasvihuonekaasujen p\u00e4\u00e4st\u00f6v\u00e4hennyksiin. J\u00e4senill\u00e4mme on laajasti kest\u00e4v\u00e4\u00e4n kehitykseen ja yritysvastuuseen liittyvi\u00e4 tavoitteita. Kerromme my\u00f6s avoimesti kehitt\u00e4mistoimiemme [&hellip;]<\/p>\n","protected":false},"author":52,"featured_media":0,"parent":0,"menu_order":0,"comment_status":"closed","ping_status":"closed","template":"","meta":{"_acf_changed":false,"_relevanssi_hide_post":"","_relevanssi_hide_content":"","_relevanssi_pin_for_all":"","_relevanssi_pin_keywords":"","_relevanssi_unpin_keywords":"","_relevanssi_related_keywords":"","_relevanssi_related_include_ids":"","_relevanssi_related_exclude_ids":"","_relevanssi_related_no_append":"","_relevanssi_related_not_related":"","_relevanssi_related_posts":"336,273,278,212,181,264","_relevanssi_noindex_reason":"","inline_featured_image":false,"footnotes":""},"class_list":["post-484","page","type-page","status-publish","hentry"],"acf":[],"yoast_head":"<!-- This site is optimized with the Yoast SEO Premium plugin v27.1 (Yoast SEO v27.3) - https:\/\/yoast.com\/product\/yoast-seo-premium-wordpress\/ -->\n<title>Innostu alalle - Metallinjalostajat<\/title>\n<meta name=\"description\" content=\"Kiinnostaako ura kest\u00e4v\u00e4n tulevaisuuden rakentajana? Tutustu metallialaan \u2013 huipputekniikkaa, ilmastonmuutoksen torjuntaa ja kansainv\u00e4lisi\u00e4 mahdollisuuksia. Tule mukaan!\" \/>\n<meta name=\"robots\" content=\"index, follow, max-snippet:-1, max-image-preview:large, max-video-preview:-1\" \/>\n<link rel=\"canonical\" href=\"https:\/\/teknologiateollisuus.fi\/metallinjalostajat\/innostu-alalle\/\" \/>\n<meta property=\"og:locale\" content=\"fi_FI\" \/>\n<meta property=\"og:type\" content=\"article\" \/>\n<meta property=\"og:title\" content=\"Innostu alalle\" \/>\n<meta property=\"og:description\" content=\"Kiinnostaako ura kest\u00e4v\u00e4n tulevaisuuden rakentajana? Tutustu metallialaan \u2013 huipputekniikkaa, ilmastonmuutoksen torjuntaa ja kansainv\u00e4lisi\u00e4 mahdollisuuksia. Tule mukaan!\" \/>\n<meta property=\"og:url\" content=\"https:\/\/teknologiateollisuus.fi\/metallinjalostajat\/innostu-alalle\/\" \/>\n<meta property=\"og:site_name\" content=\"Metallinjalostajat\" \/>\n<meta property=\"article:modified_time\" content=\"2025-04-11T08:39:40+00:00\" \/>\n<meta name=\"twitter:card\" content=\"summary_large_image\" \/>\n<meta name=\"twitter:label1\" content=\"Arvioitu lukuaika\" \/>\n\t<meta name=\"twitter:data1\" content=\"2 minuuttia\" \/>\n<script type=\"application\/ld+json\" class=\"yoast-schema-graph\">{\"@context\":\"https:\\\/\\\/schema.org\",\"@graph\":[{\"@type\":\"WebPage\",\"@id\":\"https:\\\/\\\/teknologiateollisuus.fi\\\/metallinjalostajat\\\/innostu-alalle\\\/\",\"url\":\"https:\\\/\\\/teknologiateollisuus.fi\\\/metallinjalostajat\\\/innostu-alalle\\\/\",\"name\":\"Innostu alalle - Metallinjalostajat\",\"isPartOf\":{\"@id\":\"https:\\\/\\\/teknologiateollisuus.fi\\\/metallinjalostajat\\\/#website\"},\"datePublished\":\"2024-11-05T08:53:35+00:00\",\"dateModified\":\"2025-04-11T08:39:40+00:00\",\"description\":\"Kiinnostaako ura kest\u00e4v\u00e4n tulevaisuuden rakentajana? Tutustu metallialaan \u2013 huipputekniikkaa, ilmastonmuutoksen torjuntaa ja kansainv\u00e4lisi\u00e4 mahdollisuuksia. Tule mukaan!\",\"breadcrumb\":{\"@id\":\"https:\\\/\\\/teknologiateollisuus.fi\\\/metallinjalostajat\\\/innostu-alalle\\\/#breadcrumb\"},\"inLanguage\":\"fi\",\"potentialAction\":[{\"@type\":\"ReadAction\",\"target\":[\"https:\\\/\\\/teknologiateollisuus.fi\\\/metallinjalostajat\\\/innostu-alalle\\\/\"]}]},{\"@type\":\"BreadcrumbList\",\"@id\":\"https:\\\/\\\/teknologiateollisuus.fi\\\/metallinjalostajat\\\/innostu-alalle\\\/#breadcrumb\",\"itemListElement\":[{\"@type\":\"ListItem\",\"position\":1,\"name\":\"Etusivu\",\"item\":\"https:\\\/\\\/teknologiateollisuus.fi\\\/metallinjalostajat\\\/\"},{\"@type\":\"ListItem\",\"position\":2,\"name\":\"Innostu alalle\"}]},{\"@type\":\"WebSite\",\"@id\":\"https:\\\/\\\/teknologiateollisuus.fi\\\/metallinjalostajat\\\/#website\",\"url\":\"https:\\\/\\\/teknologiateollisuus.fi\\\/metallinjalostajat\\\/\",\"name\":\"Metallinjalostajat\",\"description\":\"\",\"potentialAction\":[{\"@type\":\"SearchAction\",\"target\":{\"@type\":\"EntryPoint\",\"urlTemplate\":\"https:\\\/\\\/teknologiateollisuus.fi\\\/metallinjalostajat\\\/?s={search_term_string}\"},\"query-input\":{\"@type\":\"PropertyValueSpecification\",\"valueRequired\":true,\"valueName\":\"search_term_string\"}}],\"inLanguage\":\"fi\"}]}<\/script>\n<!-- \/ Yoast SEO Premium plugin. -->","yoast_head_json":{"title":"Innostu alalle - Metallinjalostajat","description":"Kiinnostaako ura kest\u00e4v\u00e4n tulevaisuuden rakentajana? Tutustu metallialaan \u2013 huipputekniikkaa, ilmastonmuutoksen torjuntaa ja kansainv\u00e4lisi\u00e4 mahdollisuuksia. Tule mukaan!","robots":{"index":"index","follow":"follow","max-snippet":"max-snippet:-1","max-image-preview":"max-image-preview:large","max-video-preview":"max-video-preview:-1"},"canonical":"https:\/\/teknologiateollisuus.fi\/metallinjalostajat\/innostu-alalle\/","og_locale":"fi_FI","og_type":"article","og_title":"Innostu alalle","og_description":"Kiinnostaako ura kest\u00e4v\u00e4n tulevaisuuden rakentajana? Tutustu metallialaan \u2013 huipputekniikkaa, ilmastonmuutoksen torjuntaa ja kansainv\u00e4lisi\u00e4 mahdollisuuksia. Tule mukaan!","og_url":"https:\/\/teknologiateollisuus.fi\/metallinjalostajat\/innostu-alalle\/","og_site_name":"Metallinjalostajat","article_modified_time":"2025-04-11T08:39:40+00:00","twitter_card":"summary_large_image","twitter_misc":{"Arvioitu lukuaika":"2 minuuttia"},"schema":{"@context":"https:\/\/schema.org","@graph":[{"@type":"WebPage","@id":"https:\/\/teknologiateollisuus.fi\/metallinjalostajat\/innostu-alalle\/","url":"https:\/\/teknologiateollisuus.fi\/metallinjalostajat\/innostu-alalle\/","name":"Innostu alalle - Metallinjalostajat","isPartOf":{"@id":"https:\/\/teknologiateollisuus.fi\/metallinjalostajat\/#website"},"datePublished":"2024-11-05T08:53:35+00:00","dateModified":"2025-04-11T08:39:40+00:00","description":"Kiinnostaako ura kest\u00e4v\u00e4n tulevaisuuden rakentajana? Tutustu metallialaan \u2013 huipputekniikkaa, ilmastonmuutoksen torjuntaa ja kansainv\u00e4lisi\u00e4 mahdollisuuksia. Tule mukaan!","breadcrumb":{"@id":"https:\/\/teknologiateollisuus.fi\/metallinjalostajat\/innostu-alalle\/#breadcrumb"},"inLanguage":"fi","potentialAction":[{"@type":"ReadAction","target":["https:\/\/teknologiateollisuus.fi\/metallinjalostajat\/innostu-alalle\/"]}]},{"@type":"BreadcrumbList","@id":"https:\/\/teknologiateollisuus.fi\/metallinjalostajat\/innostu-alalle\/#breadcrumb","itemListElement":[{"@type":"ListItem","position":1,"name":"Etusivu","item":"https:\/\/teknologiateollisuus.fi\/metallinjalostajat\/"},{"@type":"ListItem","position":2,"name":"Innostu alalle"}]},{"@type":"WebSite","@id":"https:\/\/teknologiateollisuus.fi\/metallinjalostajat\/#website","url":"https:\/\/teknologiateollisuus.fi\/metallinjalostajat\/","name":"Metallinjalostajat","description":"","potentialAction":[{"@type":"SearchAction","target":{"@type":"EntryPoint","urlTemplate":"https:\/\/teknologiateollisuus.fi\/metallinjalostajat\/?s={search_term_string}"},"query-input":{"@type":"PropertyValueSpecification","valueRequired":true,"valueName":"search_term_string"}}],"inLanguage":"fi"}]}},"lang":"fi","translations":{"fi":484},"pll_sync_post":[],"_links":{"self":[{"href":"https:\/\/teknologiateollisuus.fi\/metallinjalostajat\/wp-json\/wp\/v2\/pages\/484","targetHints":{"allow":["GET"]}}],"collection":[{"href":"https:\/\/teknologiateollisuus.fi\/metallinjalostajat\/wp-json\/wp\/v2\/pages"}],"about":[{"href":"https:\/\/teknologiateollisuus.fi\/metallinjalostajat\/wp-json\/wp\/v2\/types\/page"}],"author":[{"embeddable":true,"href":"https:\/\/teknologiateollisuus.fi\/metallinjalostajat\/wp-json\/wp\/v2\/users\/52"}],"replies":[{"embeddable":true,"href":"https:\/\/teknologiateollisuus.fi\/metallinjalostajat\/wp-json\/wp\/v2\/comments?post=484"}],"version-history":[{"count":15,"href":"https:\/\/teknologiateollisuus.fi\/metallinjalostajat\/wp-json\/wp\/v2\/pages\/484\/revisions"}],"predecessor-version":[{"id":781,"href":"https:\/\/teknologiateollisuus.fi\/metallinjalostajat\/wp-json\/wp\/v2\/pages\/484\/revisions\/781"}],"wp:attachment":[{"href":"https:\/\/teknologiateollisuus.fi\/metallinjalostajat\/wp-json\/wp\/v2\/media?parent=484"}],"curies":[{"name":"wp","href":"https:\/\/api.w.org\/{rel}","templated":true}]}}