{"id":123,"date":"2024-06-06T12:05:34","date_gmt":"2024-06-06T09:05:34","guid":{"rendered":"https:\/\/pia.teknologiateollisuus.fi\/?page_id=123"},"modified":"2025-11-28T12:44:55","modified_gmt":"2025-11-28T10:44:55","slug":"tietoa_piasta","status":"publish","type":"page","link":"https:\/\/teknologiateollisuus.fi\/pia\/tietoa_piasta\/","title":{"rendered":"PIA"},"content":{"rendered":"\n<div class=\"em-block-hero hero-has-background-color has-background has-petrol-background-color collapse media-position-right \">\n\t<div class=\"em-block-hero__container\">\n\t\t<div class=\"em-block-hero__content\">\n\t\t\t<div class=\"yoast-breadcrumbs\"><span><span><a href=\"https:\/\/teknologiateollisuus.fi\/pia\/\">Etusivu<\/a><\/span> <span class=\"separator\"><\/span> <span class=\"breadcrumb_last\" aria-current=\"page\">PIA<\/span><\/span><\/div>\t\t\t\n<h1 class=\"wp-block-heading\" id=\"h-tietoa-pia-sta\">Tietoa PIA:sta<\/h1>\n\n<p><\/p>\n\t\t\t\t\t<\/div>\n\t\t\t\t\t<figure class=\"em-block-hero__image\">\n\t\t\t\t\t\t\t<\/figure>\n\t\t\t<\/div>\n<\/div>\n\n\n\n<h2 class=\"wp-block-heading\" id=\"h-puolustus-ja-ilmailuteollisuus-pia-ry-on-suomessa-toimivan-puolustus-ilmailu-avaruus-ja-turvallisuusteollisuuden-etujarjesto\" id=\"puolustus-ja-ilmailuteollisuus-pia-ry-on-suomessa-toimivan-puolustus-ilmailu-avaruus-ja-turvallisuusteollisuuden-etujarjesto\">Puolustus- ja Ilmailuteollisuus PIA ry on Suomessa toimivan puolustus-, ilmailu-, avaruus- ja turvallisuusteollisuuden etuj\u00e4rjest\u00f6<\/h2>\n\n\n\n<p>PIA:n teht\u00e4v\u00e4 on muun muassa alan:<\/p>\n\n\n\n<ul class=\"wp-block-list\">\n<li class=\" mt-none\">edunvalvonta ja vaikuttaminen kotimaassa ja kansainv\u00e4lisesti<\/li>\n\n\n\n<li>toimintaedellytysten ja kilpailukyvyn edist\u00e4minen<\/li>\n\n\n\n<li>j\u00e4senpalveluiden tuottaminen j\u00e4senyrityksille&nbsp;<\/li>\n\n\n\n<li>verkostoitumismahdollisuudet<\/li>\n\n\n\n<li>kansainv\u00e4listymisen tuki<\/li>\n\n\n\n<li>koulutus, tiedottaminen, neuvonta.<\/li>\n<\/ul>\n\n\n\n<p>Faktoja PIAsta:<\/p>\n\n\n\n<ul class=\"wp-block-list\">\n<li>PIA:lla on yli 250 j\u00e4senyrityst\u00e4.<\/li>\n\n\n\n<li>PIA ry on perustettu vuonna 1994.<\/li>\n\n\n\n<li>PIA on Teknologiateollisuus ry:ss\u00e4 toimiva toimialayhdistys.<\/li>\n\n\n\n<li>PIA edustaa suomalaista teollisuutta pohjoismaisessa yhteisty\u00f6ss\u00e4, EU:ssa ja Natossa.<\/li>\n\n\n\n<li>PIA:n eurooppalainen kattoj\u00e4rjest\u00f6 on ASD (Aerospace, Security and Defence Industries Association of Europe).<\/li>\n<\/ul>\n\n\n\n<h2 class=\"wp-block-heading\" id=\"h-jasenyys\" id=\"jasenyys\">J\u00e4senyys<\/h2>\n\n\n\n<p>Lue lis\u00e4\u00e4 PIA ry:n j\u00e4senyyden hakemisesta t\u00e4\u00e4lt\u00e4:<\/p>\n\n\n\n<div class=\"wp-block-buttons is-layout-flex wp-block-buttons-is-layout-flex\">\n<div class=\"wp-block-button icon-right is-style-fill\"><a class=\"wp-block-button__link has-petrol-background-color has-background wp-element-button\" href=\"https:\/\/teknologiateollisuus.fi\/pia\/tietoa_piasta\/jasenyys\/\">Lue lis\u00e4\u00e4 j\u00e4senyydest\u00e4<\/a><\/div>\n<\/div>\n\n\n\n<h2 class=\"wp-block-heading\" id=\"h-pia-ry-n-saannot\" id=\"pia-ryn-saannot\">PIA ry:n s\u00e4\u00e4nn\u00f6t<\/h2>\n\n\n\n<p class=\" pb-none\">S\u00e4\u00e4nt\u00f6mme ovat ladattavissa alta.<\/p>\n\n\n\n<div data-wp-interactive=\"core\/file\" class=\"wp-block-file  mt-none\"><object data-wp-bind--hidden=\"!state.hasPdfPreview\" hidden class=\"wp-block-file__embed\" data=\"https:\/\/teknologiateollisuus.fi\/pia\/wp-content\/uploads\/sites\/13\/2025\/02\/PIA-rekisteroidyt-saannot-271224.pdf\" type=\"application\/pdf\" style=\"width:100%;height:600px\" aria-label=\"Tiedoston PIA rekister\u00f6idyt s\u00e4\u00e4nn\u00f6t 271224 upotus.\"><\/object><a id=\"wp-block-file--media-21428b4c-967b-4277-855f-9a2fd0bf782d\" href=\"https:\/\/teknologiateollisuus.fi\/pia\/wp-content\/uploads\/sites\/13\/2025\/02\/PIA-rekisteroidyt-saannot-271224.pdf\">PIA rekister\u00f6idyt s\u00e4\u00e4nn\u00f6t 271224<\/a><a href=\"https:\/\/teknologiateollisuus.fi\/pia\/wp-content\/uploads\/sites\/13\/2025\/02\/PIA-rekisteroidyt-saannot-271224.pdf\" class=\"wp-block-file__button wp-element-button\" download aria-describedby=\"wp-block-file--media-21428b4c-967b-4277-855f-9a2fd0bf782d\">Lataa<\/a><\/div>\n\n\n\n<h2 class=\"wp-block-heading\" id=\"h-pia-n-tyoryhmatoiminta\" id=\"pian-tyoryhmatoiminta\">PIA:n ty\u00f6ryhm\u00e4toiminta<\/h2>\n\n\n\n<p>PIA:ssa toimii kahdeksan ty\u00f6ryhm\u00e4\u00e4. Ty\u00f6ryhm\u00e4t m\u00e4\u00e4ritell\u00e4\u00e4n vuosittain toimintasuunnitelmassa.<\/p>\n\n\n\n<p>Ty\u00f6ryhm\u00e4t ovat:<\/p>\n\n\n\n<ul class=\"wp-block-list\">\n<li>Avaruus<\/li>\n\n\n\n<li>Ilmailu<\/li>\n\n\n\n<li>Johtamisj\u00e4rjestelm\u00e4<\/li>\n\n\n\n<li>Kyber<\/li>\n\n\n\n<li>Maavoima<\/li>\n\n\n\n<li>Meripuolustus<\/li>\n\n\n\n<li>Strategia<\/li>\n\n\n\n<li>TKI<\/li>\n\n\n\n<li>Ymp\u00e4rist\u00f6 ja Suorituskyvyt Task Force<\/li>\n\n\n\n<li>Droonistrategia Task Force<\/li>\n<\/ul>\n\n\n\n<h2 class=\"wp-block-heading\" id=\"h-kansainvalistyminen\" id=\"kansainvalistyminen\">Kansainv\u00e4listyminen<\/h2>\n\n\n\n<p>Viennin ja kansainv\u00e4listymisen edist\u00e4miseen t\u00e4ht\u00e4\u00e4v\u00e4 toiminta (VKE) on t\u00e4rkein PIA:n j\u00e4senpalveluista. Toiminta suunnitellaan ja toteutetaan&nbsp;PIA:n toimistossa yhteisty\u00f6ss\u00e4 j\u00e4senyritysten edustajista koostuvan VKE -verkoston kanssa. Toiminta on laajaa ja sis\u00e4lt\u00e4\u00e4 muun muassa bilateraalisseminaareja, Suomen yhteispaviljonkeja kansainv\u00e4lisill\u00e4 alan messuilla sek\u00e4 vierailuja eri maihin.&nbsp;Puolustusministeri\u00f6, Business Finland ja Puolustusvoimat tukevat&nbsp;PIA:n VKE -toimintoja ja niiden toteutusta.<\/p>\n\n\n\n<h2 class=\"wp-block-heading\" id=\"h-tapahtumat\" id=\"tapahtumat\">Tapahtumat<\/h2>\n\n\n\n<p>PIA j\u00e4rjest\u00e4\u00e4 vuosittain noin 80-100 erilaista tapahtumaa ja tilaisuutta, joihin kuuluvat&nbsp;muun muassa ty\u00f6ryhm\u00e4kokoukset, seminaareja, webinaareja, koulutustilaisuuksia, yhteispaviljonkeja messuilla, sek\u00e4 erilaisia sidosryhm\u00e4tilaisuuksia. Tapahtumat ovat p\u00e4\u00e4s\u00e4\u00e4nt\u00f6isesti avoimia vain j\u00e4senillemme.<\/p>\n\n\n\n<h2 class=\"wp-block-heading\" id=\"h-vastuullisuus\" id=\"vastuullisuus\">Vastuullisuus<\/h2>\n\n\n\n<p>PIA toimii vastuullisesti ja eettisesti. Kaikessa PIA:n toiminnassa noudatetaan Suomen lains\u00e4\u00e4d\u00e4nt\u00f6\u00e4 sek\u00e4 PIA:n tekemi\u00e4 sopimuksia. Lis\u00e4ksi toiminnassa noudatetaan Euroopan kattoj\u00e4rjest\u00f6n ASD:n (Aerospace, Security and Defence Industries Association of Europe) standardeja eettiselle toiminnalle.<\/p>\n\n\n\n<p>PIA edellytt\u00e4\u00e4, ett\u00e4 sen j\u00e4senyrityksill\u00e4 on joko oma vastuullisuusohjelma tai j\u00e4senyritys noudattaa ASD:n standardeja.&nbsp;<\/p>\n\n\n\n<p>ASD:n Common Industry Standard -asiakirja k\u00e4sitt\u00e4\u00e4 seuraavat osakokonaisuudet:<\/p>\n\n\n\n<p>1. Complience with laws and regulations<br>2. Extent of application of the Common Industry Standards<br>3. Prohibition of corruptive practices<br>4. Gifts and Hospitality<br>5. Political donations and contributions<br>6. Agents, consultants or intermediaries<br>7. Integrity programmes<br>8. Sanctions.<\/p>\n\n\n\n<div data-wp-interactive=\"core\/file\" class=\"wp-block-file  mt-none-neg\"><object data-wp-bind--hidden=\"!state.hasPdfPreview\" hidden class=\"wp-block-file__embed\" data=\"https:\/\/teknologiateollisuus.fi\/pia\/wp-content\/uploads\/sites\/13\/2024\/11\/ASD-Common-Industry-Standards-booklet_0.pdf\" type=\"application\/pdf\" style=\"width:100%;height:600px\" aria-label=\"Tiedoston ASD-Common-Industry-Standards-booklet_0 upotus.\"><\/object><a id=\"wp-block-file--media-6778103c-69f0-4fe6-89f5-b0a17902e5f9\" href=\"https:\/\/teknologiateollisuus.fi\/pia\/wp-content\/uploads\/sites\/13\/2024\/11\/ASD-Common-Industry-Standards-booklet_0.pdf\">ASD-Common-Industry-Standards-booklet_0<\/a><a href=\"https:\/\/teknologiateollisuus.fi\/pia\/wp-content\/uploads\/sites\/13\/2024\/11\/ASD-Common-Industry-Standards-booklet_0.pdf\" class=\"wp-block-file__button wp-element-button\" download aria-describedby=\"wp-block-file--media-6778103c-69f0-4fe6-89f5-b0a17902e5f9\">Lataa<\/a><\/div>\n","protected":false},"excerpt":{"rendered":"<p>Puolustus- ja Ilmailuteollisuus PIA ry on Suomessa toimivan puolustus-, ilmailu-, avaruus- ja turvallisuusteollisuuden etuj\u00e4rjest\u00f6 PIA:n teht\u00e4v\u00e4 on muun muassa alan: Faktoja PIAsta: J\u00e4senyys Lue lis\u00e4\u00e4 PIA ry:n j\u00e4senyyden hakemisesta t\u00e4\u00e4lt\u00e4: PIA ry:n s\u00e4\u00e4nn\u00f6t S\u00e4\u00e4nt\u00f6mme ovat ladattavissa alta. PIA:n ty\u00f6ryhm\u00e4toiminta PIA:ssa toimii kahdeksan ty\u00f6ryhm\u00e4\u00e4. Ty\u00f6ryhm\u00e4t m\u00e4\u00e4ritell\u00e4\u00e4n vuosittain toimintasuunnitelmassa. Ty\u00f6ryhm\u00e4t ovat: Kansainv\u00e4listyminen Viennin ja kansainv\u00e4listymisen edist\u00e4miseen t\u00e4ht\u00e4\u00e4v\u00e4 [&hellip;]<\/p>\n","protected":false},"author":8,"featured_media":0,"parent":0,"menu_order":0,"comment_status":"closed","ping_status":"closed","template":"","meta":{"_acf_changed":false,"_relevanssi_hide_post":"","_relevanssi_hide_content":"","_relevanssi_pin_for_all":"","_relevanssi_pin_keywords":"","_relevanssi_unpin_keywords":"","_relevanssi_related_keywords":"","_relevanssi_related_include_ids":"","_relevanssi_related_exclude_ids":"","_relevanssi_related_no_append":"","_relevanssi_related_not_related":"","_relevanssi_related_posts":"54,48,55,53,56,57","_relevanssi_noindex_reason":"","inline_featured_image":false,"footnotes":""},"class_list":["post-123","page","type-page","status-publish","hentry"],"acf":[],"yoast_head":"<!-- This site is optimized with the Yoast SEO Premium plugin v27.1 (Yoast SEO v27.3) - https:\/\/yoast.com\/product\/yoast-seo-premium-wordpress\/ -->\n<title>PIA - Pia-ry.fi<\/title>\n<meta name=\"description\" content=\"Puolustus- ja Ilmailuteollisuus PIA ry on Suomessa toimivan puolustus-, ilmailu-, avaruus- ja turvallisuusteollisuuden etuj\u00e4rjest\u00f6.\" \/>\n<meta name=\"robots\" content=\"index, follow, max-snippet:-1, max-image-preview:large, max-video-preview:-1\" \/>\n<link rel=\"canonical\" href=\"https:\/\/teknologiateollisuus.fi\/pia\/tietoa_piasta\/\" \/>\n<meta property=\"og:locale\" content=\"fi_FI\" \/>\n<meta property=\"og:type\" content=\"article\" \/>\n<meta property=\"og:title\" content=\"PIA\" \/>\n<meta property=\"og:description\" content=\"Puolustus- ja Ilmailuteollisuus PIA ry on Suomessa toimivan puolustus-, ilmailu-, avaruus- ja turvallisuusteollisuuden etuj\u00e4rjest\u00f6.\" \/>\n<meta property=\"og:url\" content=\"https:\/\/teknologiateollisuus.fi\/pia\/tietoa_piasta\/\" \/>\n<meta property=\"og:site_name\" content=\"Pia-ry.fi\" \/>\n<meta property=\"article:modified_time\" content=\"2025-11-28T10:44:55+00:00\" \/>\n<meta name=\"twitter:card\" content=\"summary_large_image\" \/>\n<meta name=\"twitter:label1\" content=\"Arvioitu lukuaika\" \/>\n\t<meta name=\"twitter:data1\" content=\"2 minuuttia\" \/>\n<script type=\"application\/ld+json\" class=\"yoast-schema-graph\">{\"@context\":\"https:\\\/\\\/schema.org\",\"@graph\":[{\"@type\":\"WebPage\",\"@id\":\"https:\\\/\\\/teknologiateollisuus.fi\\\/pia\\\/tietoa_piasta\\\/\",\"url\":\"https:\\\/\\\/teknologiateollisuus.fi\\\/pia\\\/tietoa_piasta\\\/\",\"name\":\"PIA - Pia-ry.fi\",\"isPartOf\":{\"@id\":\"https:\\\/\\\/teknologiateollisuus.fi\\\/pia\\\/#website\"},\"datePublished\":\"2024-06-06T09:05:34+00:00\",\"dateModified\":\"2025-11-28T10:44:55+00:00\",\"description\":\"Puolustus- ja Ilmailuteollisuus PIA ry on Suomessa toimivan puolustus-, ilmailu-, avaruus- ja turvallisuusteollisuuden etuj\u00e4rjest\u00f6.\",\"breadcrumb\":{\"@id\":\"https:\\\/\\\/teknologiateollisuus.fi\\\/pia\\\/tietoa_piasta\\\/#breadcrumb\"},\"inLanguage\":\"fi\",\"potentialAction\":[{\"@type\":\"ReadAction\",\"target\":[\"https:\\\/\\\/teknologiateollisuus.fi\\\/pia\\\/tietoa_piasta\\\/\"]}]},{\"@type\":\"BreadcrumbList\",\"@id\":\"https:\\\/\\\/teknologiateollisuus.fi\\\/pia\\\/tietoa_piasta\\\/#breadcrumb\",\"itemListElement\":[{\"@type\":\"ListItem\",\"position\":1,\"name\":\"Etusivu\",\"item\":\"https:\\\/\\\/teknologiateollisuus.fi\\\/pia\\\/\"},{\"@type\":\"ListItem\",\"position\":2,\"name\":\"PIA\"}]},{\"@type\":\"WebSite\",\"@id\":\"https:\\\/\\\/teknologiateollisuus.fi\\\/pia\\\/#website\",\"url\":\"https:\\\/\\\/teknologiateollisuus.fi\\\/pia\\\/\",\"name\":\"Pia-ry.fi\",\"description\":\"\",\"potentialAction\":[{\"@type\":\"SearchAction\",\"target\":{\"@type\":\"EntryPoint\",\"urlTemplate\":\"https:\\\/\\\/teknologiateollisuus.fi\\\/pia\\\/?s={search_term_string}\"},\"query-input\":{\"@type\":\"PropertyValueSpecification\",\"valueRequired\":true,\"valueName\":\"search_term_string\"}}],\"inLanguage\":\"fi\"}]}<\/script>\n<!-- \/ Yoast SEO Premium plugin. -->","yoast_head_json":{"title":"PIA - Pia-ry.fi","description":"Puolustus- ja Ilmailuteollisuus PIA ry on Suomessa toimivan puolustus-, ilmailu-, avaruus- ja turvallisuusteollisuuden etuj\u00e4rjest\u00f6.","robots":{"index":"index","follow":"follow","max-snippet":"max-snippet:-1","max-image-preview":"max-image-preview:large","max-video-preview":"max-video-preview:-1"},"canonical":"https:\/\/teknologiateollisuus.fi\/pia\/tietoa_piasta\/","og_locale":"fi_FI","og_type":"article","og_title":"PIA","og_description":"Puolustus- ja Ilmailuteollisuus PIA ry on Suomessa toimivan puolustus-, ilmailu-, avaruus- ja turvallisuusteollisuuden etuj\u00e4rjest\u00f6.","og_url":"https:\/\/teknologiateollisuus.fi\/pia\/tietoa_piasta\/","og_site_name":"Pia-ry.fi","article_modified_time":"2025-11-28T10:44:55+00:00","twitter_card":"summary_large_image","twitter_misc":{"Arvioitu lukuaika":"2 minuuttia"},"schema":{"@context":"https:\/\/schema.org","@graph":[{"@type":"WebPage","@id":"https:\/\/teknologiateollisuus.fi\/pia\/tietoa_piasta\/","url":"https:\/\/teknologiateollisuus.fi\/pia\/tietoa_piasta\/","name":"PIA - Pia-ry.fi","isPartOf":{"@id":"https:\/\/teknologiateollisuus.fi\/pia\/#website"},"datePublished":"2024-06-06T09:05:34+00:00","dateModified":"2025-11-28T10:44:55+00:00","description":"Puolustus- ja Ilmailuteollisuus PIA ry on Suomessa toimivan puolustus-, ilmailu-, avaruus- ja turvallisuusteollisuuden etuj\u00e4rjest\u00f6.","breadcrumb":{"@id":"https:\/\/teknologiateollisuus.fi\/pia\/tietoa_piasta\/#breadcrumb"},"inLanguage":"fi","potentialAction":[{"@type":"ReadAction","target":["https:\/\/teknologiateollisuus.fi\/pia\/tietoa_piasta\/"]}]},{"@type":"BreadcrumbList","@id":"https:\/\/teknologiateollisuus.fi\/pia\/tietoa_piasta\/#breadcrumb","itemListElement":[{"@type":"ListItem","position":1,"name":"Etusivu","item":"https:\/\/teknologiateollisuus.fi\/pia\/"},{"@type":"ListItem","position":2,"name":"PIA"}]},{"@type":"WebSite","@id":"https:\/\/teknologiateollisuus.fi\/pia\/#website","url":"https:\/\/teknologiateollisuus.fi\/pia\/","name":"Pia-ry.fi","description":"","potentialAction":[{"@type":"SearchAction","target":{"@type":"EntryPoint","urlTemplate":"https:\/\/teknologiateollisuus.fi\/pia\/?s={search_term_string}"},"query-input":{"@type":"PropertyValueSpecification","valueRequired":true,"valueName":"search_term_string"}}],"inLanguage":"fi"}]}},"lang":"fi","translations":{"fi":123,"en":367},"pll_sync_post":[],"_links":{"self":[{"href":"https:\/\/teknologiateollisuus.fi\/pia\/wp-json\/wp\/v2\/pages\/123","targetHints":{"allow":["GET"]}}],"collection":[{"href":"https:\/\/teknologiateollisuus.fi\/pia\/wp-json\/wp\/v2\/pages"}],"about":[{"href":"https:\/\/teknologiateollisuus.fi\/pia\/wp-json\/wp\/v2\/types\/page"}],"author":[{"embeddable":true,"href":"https:\/\/teknologiateollisuus.fi\/pia\/wp-json\/wp\/v2\/users\/8"}],"replies":[{"embeddable":true,"href":"https:\/\/teknologiateollisuus.fi\/pia\/wp-json\/wp\/v2\/comments?post=123"}],"version-history":[{"count":30,"href":"https:\/\/teknologiateollisuus.fi\/pia\/wp-json\/wp\/v2\/pages\/123\/revisions"}],"predecessor-version":[{"id":1114,"href":"https:\/\/teknologiateollisuus.fi\/pia\/wp-json\/wp\/v2\/pages\/123\/revisions\/1114"}],"wp:attachment":[{"href":"https:\/\/teknologiateollisuus.fi\/pia\/wp-json\/wp\/v2\/media?parent=123"}],"curies":[{"name":"wp","href":"https:\/\/api.w.org\/{rel}","templated":true}]}}