{"id":414,"date":"2024-11-27T16:14:54","date_gmt":"2024-11-27T14:14:54","guid":{"rendered":"https:\/\/teknologiateollisuus.fi\/pia\/?page_id=414"},"modified":"2025-08-29T15:27:56","modified_gmt":"2025-08-29T12:27:56","slug":"jasenyys","status":"publish","type":"page","link":"https:\/\/teknologiateollisuus.fi\/pia\/tietoa_piasta\/jasenyys\/","title":{"rendered":"J\u00e4senyys"},"content":{"rendered":"\n<div class=\"em-block-hero hero-has-background-color has-background has-brand-accent-background-color collapse media-position-right \">\n\t<div class=\"em-block-hero__container\">\n\t\t<div class=\"em-block-hero__content\">\n\t\t\t<div class=\"yoast-breadcrumbs\"><span><span><a href=\"https:\/\/teknologiateollisuus.fi\/pia\/\">Etusivu<\/a><\/span> <span class=\"separator\"><\/span> <span><a href=\"https:\/\/teknologiateollisuus.fi\/pia\/tietoa_piasta\/\">PIA<\/a><\/span> <span class=\"separator\"><\/span> <span class=\"breadcrumb_last\" aria-current=\"page\">J\u00e4senyys<\/span><\/span><\/div>\t\t\t\n<h1 class=\"wp-block-heading\" id=\"h-jasenyys\">J\u00e4senyys<\/h1>\n\t\t\t\t\t<\/div>\n\t\t\t\t\t<figure class=\"em-block-hero__image\">\n\t\t\t\t\t\t\t<\/figure>\n\t\t\t<\/div>\n<\/div>\n\n\n\n<h2 class=\"wp-block-heading\" id=\"h-jasenyyden-hakeminen\" id=\"jasenyyden-hakeminen\">J\u00e4senyyden hakeminen<\/h2>\n\n\n\n<p>PIA ry:n j\u00e4senyytt\u00e4 voi hakea t\u00e4ytt\u00e4m\u00e4ll\u00e4 ja palauttamalla j\u00e4senhakemuksen.<br>Yhdistyksen hallitus hyv\u00e4ksyy uudet j\u00e4senet kokouksessaan.<\/p>\n\n\n\n<p>T\u00e4yt\u00e4 j\u00e4senhakemuslomake <a href=\"https:\/\/www.lyyti.fi\/questions\/27874a4af1\">Lyytiss\u00e4.<\/a><br><br><strong>Hakemukseen tarvittavat liitteet<\/strong><br>1. Oikeaksi vahvennetut tiedot omistajasta ja\/tai osakasluettelo. Jos omistajissa on yrityksi\u00e4, joiden omistusosuus on yli 10 %, tulee liitteeksi liitt\u00e4\u00e4 vastaavat tiedot ko. yritysten omistajista.\u00a0<br>2. Viimeiset tilinp\u00e4\u00e4t\u00f6stiedot<br>3. Yrityksen yritysvastuuohjelma (compliance), jos sellainen on.<br>4. Yrityksen liikevaihtotiedot t\u00e4ytettyn\u00e4 (ladattavissa alla).<\/p>\n\n\n\n<div class=\"wp-block-file\"><a id=\"wp-block-file--media-0559777e-dc94-4013-9205-b949603e6715\" href=\"https:\/\/teknologiateollisuus.fi\/pia\/wp-content\/uploads\/sites\/13\/2025\/08\/PIA-jasenanomus-liite-yrityksen-liikevaihtotiedot.xlsx\">PIA j\u00e4senanomus, liite &#8211; yrityksen liikevaihtotiedot<\/a><a href=\"https:\/\/teknologiateollisuus.fi\/pia\/wp-content\/uploads\/sites\/13\/2025\/08\/PIA-jasenanomus-liite-yrityksen-liikevaihtotiedot.xlsx\" class=\"wp-block-file__button wp-element-button\" download aria-describedby=\"wp-block-file--media-0559777e-dc94-4013-9205-b949603e6715\">Lataa<\/a><\/div>\n\n\n\n<p>L\u00e4het\u00e4 j\u00e4senhakemus Lyytiss\u00e4 ja toimita liitteet osoitteeseen pia(at)teknologiateollisuus.fi.<\/p>\n\n\n\n<h2 class=\"wp-block-heading\" id=\"h-jasenmaksut\" id=\"jasenmaksut\">J\u00e4senmaksut<\/h2>\n\n\n\n<p><strong>PIA ry j\u00e4senmaksut 2025<\/strong><\/p>\n\n\n\n<p>PIA:n j\u00e4senmaksut on sidottu yrityksen liikevaihtoon oheisen taulukon mukaisesti.<\/p>\n\n\n\n<figure class=\"wp-block-image size-large\"><img loading=\"lazy\" decoding=\"async\" width=\"968\" height=\"264\" src=\"https:\/\/teknologiateollisuus.fi\/pia\/wp-content\/uploads\/sites\/13\/2025\/02\/image-968x264.png\" alt=\"\" class=\"wp-image-496\" srcset=\"https:\/\/teknologiateollisuus.fi\/pia\/wp-content\/uploads\/sites\/13\/2025\/02\/image-968x264.png 968w, https:\/\/teknologiateollisuus.fi\/pia\/wp-content\/uploads\/sites\/13\/2025\/02\/image-400x109.png 400w, https:\/\/teknologiateollisuus.fi\/pia\/wp-content\/uploads\/sites\/13\/2025\/02\/image-768x210.png 768w, https:\/\/teknologiateollisuus.fi\/pia\/wp-content\/uploads\/sites\/13\/2025\/02\/image-1536x419.png 1536w, https:\/\/teknologiateollisuus.fi\/pia\/wp-content\/uploads\/sites\/13\/2025\/02\/image-1300x355.png 1300w, https:\/\/teknologiateollisuus.fi\/pia\/wp-content\/uploads\/sites\/13\/2025\/02\/image-1440x393.png 1440w, https:\/\/teknologiateollisuus.fi\/pia\/wp-content\/uploads\/sites\/13\/2025\/02\/image.png 1934w\" sizes=\"auto, (max-width: 968px) 100vw, 968px\" \/><\/figure>\n\n\n\n<p>*Lis\u00e4ksi liittymismaksu 1500 \u20ac.<\/p>\n\n\n\n<p>*Liikevaihtoon lasketaan PIA:n s\u00e4\u00e4nt\u00f6jen mukaisesti yrityksen liikevaihto toimialoilta puolustus-, ilmailu-, avaruus- ja\/tai turvallisuus. Jos yrityksen kokonaisliikevaihto on yli 60 miljoonaa euroa, m\u00e4\u00e4r\u00e4ytyy sen j\u00e4senmaksu ylimm\u00e4n maksukategorian mukaisesti. Pienemmill\u00e4 yrityksill\u00e4 liikevaihto lasketaan vain PIA:n toimialoilta.&nbsp;<\/p>\n\n\n\n<p>*Asiantuntijaj\u00e4senyys on tarkoitettu korkeakouluille ja tutkimuslaitoksille.<\/p>\n","protected":false},"excerpt":{"rendered":"<p>J\u00e4senyyden hakeminen PIA ry:n j\u00e4senyytt\u00e4 voi hakea t\u00e4ytt\u00e4m\u00e4ll\u00e4 ja palauttamalla j\u00e4senhakemuksen.Yhdistyksen hallitus hyv\u00e4ksyy uudet j\u00e4senet kokouksessaan. T\u00e4yt\u00e4 j\u00e4senhakemuslomake Lyytiss\u00e4. Hakemukseen tarvittavat liitteet1. Oikeaksi vahvennetut tiedot omistajasta ja\/tai osakasluettelo. Jos omistajissa on yrityksi\u00e4, joiden omistusosuus on yli 10 %, tulee liitteeksi liitt\u00e4\u00e4 vastaavat tiedot ko. yritysten omistajista.\u00a02. Viimeiset tilinp\u00e4\u00e4t\u00f6stiedot3. Yrityksen yritysvastuuohjelma (compliance), jos sellainen on.4. Yrityksen [&hellip;]<\/p>\n","protected":false},"author":355,"featured_media":0,"parent":123,"menu_order":0,"comment_status":"closed","ping_status":"closed","template":"","meta":{"_acf_changed":false,"_relevanssi_hide_post":"","_relevanssi_hide_content":"","_relevanssi_pin_for_all":"","_relevanssi_pin_keywords":"","_relevanssi_unpin_keywords":"","_relevanssi_related_keywords":"","_relevanssi_related_include_ids":"","_relevanssi_related_exclude_ids":"","_relevanssi_related_no_append":"","_relevanssi_related_not_related":"","_relevanssi_related_posts":"48,54,53","_relevanssi_noindex_reason":"","inline_featured_image":false,"footnotes":""},"class_list":["post-414","page","type-page","status-publish","hentry"],"acf":[],"yoast_head":"<!-- This site is optimized with the Yoast SEO Premium plugin v27.1 (Yoast SEO v27.3) - https:\/\/yoast.com\/product\/yoast-seo-premium-wordpress\/ -->\n<title>J\u00e4senyys - Pia-ry.fi<\/title>\n<meta name=\"robots\" content=\"index, follow, max-snippet:-1, max-image-preview:large, max-video-preview:-1\" \/>\n<link rel=\"canonical\" href=\"https:\/\/teknologiateollisuus.fi\/pia\/tietoa_piasta\/jasenyys\/\" \/>\n<meta property=\"og:locale\" content=\"fi_FI\" \/>\n<meta property=\"og:type\" content=\"article\" \/>\n<meta property=\"og:title\" content=\"J\u00e4senyys\" \/>\n<meta property=\"og:description\" content=\"J\u00e4senyyden hakeminen PIA ry:n j\u00e4senyytt\u00e4 voi hakea t\u00e4ytt\u00e4m\u00e4ll\u00e4 ja palauttamalla j\u00e4senhakemuksen.Yhdistyksen hallitus hyv\u00e4ksyy uudet j\u00e4senet kokouksessaan. T\u00e4yt\u00e4 j\u00e4senhakemuslomake Lyytiss\u00e4. Hakemukseen tarvittavat liitteet1. Oikeaksi vahvennetut tiedot omistajasta ja\/tai osakasluettelo. Jos omistajissa on yrityksi\u00e4, joiden omistusosuus on yli 10 %, tulee liitteeksi liitt\u00e4\u00e4 vastaavat tiedot ko. yritysten omistajista.\u00a02. Viimeiset tilinp\u00e4\u00e4t\u00f6stiedot3. Yrityksen yritysvastuuohjelma (compliance), jos sellainen on.4. Yrityksen [&hellip;]\" \/>\n<meta property=\"og:url\" content=\"https:\/\/teknologiateollisuus.fi\/pia\/tietoa_piasta\/jasenyys\/\" \/>\n<meta property=\"og:site_name\" content=\"Pia-ry.fi\" \/>\n<meta property=\"article:modified_time\" content=\"2025-08-29T12:27:56+00:00\" \/>\n<meta property=\"og:image\" content=\"https:\/\/teknologiateollisuus.fi\/pia\/wp-content\/uploads\/sites\/13\/2025\/02\/image.png\" \/>\n\t<meta property=\"og:image:width\" content=\"1934\" \/>\n\t<meta property=\"og:image:height\" content=\"528\" \/>\n\t<meta property=\"og:image:type\" content=\"image\/png\" \/>\n<meta name=\"twitter:card\" content=\"summary_large_image\" \/>\n<meta name=\"twitter:label1\" content=\"Arvioitu lukuaika\" \/>\n\t<meta name=\"twitter:data1\" content=\"2 minuuttia\" \/>\n<script type=\"application\/ld+json\" class=\"yoast-schema-graph\">{\"@context\":\"https:\\\/\\\/schema.org\",\"@graph\":[{\"@type\":\"WebPage\",\"@id\":\"https:\\\/\\\/teknologiateollisuus.fi\\\/pia\\\/tietoa_piasta\\\/jasenyys\\\/\",\"url\":\"https:\\\/\\\/teknologiateollisuus.fi\\\/pia\\\/tietoa_piasta\\\/jasenyys\\\/\",\"name\":\"J\u00e4senyys - Pia-ry.fi\",\"isPartOf\":{\"@id\":\"https:\\\/\\\/teknologiateollisuus.fi\\\/pia\\\/#website\"},\"primaryImageOfPage\":{\"@id\":\"https:\\\/\\\/teknologiateollisuus.fi\\\/pia\\\/tietoa_piasta\\\/jasenyys\\\/#primaryimage\"},\"image\":{\"@id\":\"https:\\\/\\\/teknologiateollisuus.fi\\\/pia\\\/tietoa_piasta\\\/jasenyys\\\/#primaryimage\"},\"thumbnailUrl\":\"https:\\\/\\\/teknologiateollisuus.fi\\\/pia\\\/wp-content\\\/uploads\\\/sites\\\/13\\\/2025\\\/02\\\/image-968x264.png\",\"datePublished\":\"2024-11-27T14:14:54+00:00\",\"dateModified\":\"2025-08-29T12:27:56+00:00\",\"breadcrumb\":{\"@id\":\"https:\\\/\\\/teknologiateollisuus.fi\\\/pia\\\/tietoa_piasta\\\/jasenyys\\\/#breadcrumb\"},\"inLanguage\":\"fi\",\"potentialAction\":[{\"@type\":\"ReadAction\",\"target\":[\"https:\\\/\\\/teknologiateollisuus.fi\\\/pia\\\/tietoa_piasta\\\/jasenyys\\\/\"]}]},{\"@type\":\"ImageObject\",\"inLanguage\":\"fi\",\"@id\":\"https:\\\/\\\/teknologiateollisuus.fi\\\/pia\\\/tietoa_piasta\\\/jasenyys\\\/#primaryimage\",\"url\":\"https:\\\/\\\/teknologiateollisuus.fi\\\/pia\\\/wp-content\\\/uploads\\\/sites\\\/13\\\/2025\\\/02\\\/image.png\",\"contentUrl\":\"https:\\\/\\\/teknologiateollisuus.fi\\\/pia\\\/wp-content\\\/uploads\\\/sites\\\/13\\\/2025\\\/02\\\/image.png\",\"width\":1934,\"height\":528},{\"@type\":\"BreadcrumbList\",\"@id\":\"https:\\\/\\\/teknologiateollisuus.fi\\\/pia\\\/tietoa_piasta\\\/jasenyys\\\/#breadcrumb\",\"itemListElement\":[{\"@type\":\"ListItem\",\"position\":1,\"name\":\"Etusivu\",\"item\":\"https:\\\/\\\/teknologiateollisuus.fi\\\/pia\\\/\"},{\"@type\":\"ListItem\",\"position\":2,\"name\":\"PIA\",\"item\":\"https:\\\/\\\/teknologiateollisuus.fi\\\/pia\\\/tietoa_piasta\\\/\"},{\"@type\":\"ListItem\",\"position\":3,\"name\":\"J\u00e4senyys\"}]},{\"@type\":\"WebSite\",\"@id\":\"https:\\\/\\\/teknologiateollisuus.fi\\\/pia\\\/#website\",\"url\":\"https:\\\/\\\/teknologiateollisuus.fi\\\/pia\\\/\",\"name\":\"Pia-ry.fi\",\"description\":\"\",\"potentialAction\":[{\"@type\":\"SearchAction\",\"target\":{\"@type\":\"EntryPoint\",\"urlTemplate\":\"https:\\\/\\\/teknologiateollisuus.fi\\\/pia\\\/?s={search_term_string}\"},\"query-input\":{\"@type\":\"PropertyValueSpecification\",\"valueRequired\":true,\"valueName\":\"search_term_string\"}}],\"inLanguage\":\"fi\"}]}<\/script>\n<!-- \/ Yoast SEO Premium plugin. -->","yoast_head_json":{"title":"J\u00e4senyys - Pia-ry.fi","robots":{"index":"index","follow":"follow","max-snippet":"max-snippet:-1","max-image-preview":"max-image-preview:large","max-video-preview":"max-video-preview:-1"},"canonical":"https:\/\/teknologiateollisuus.fi\/pia\/tietoa_piasta\/jasenyys\/","og_locale":"fi_FI","og_type":"article","og_title":"J\u00e4senyys","og_description":"J\u00e4senyyden hakeminen PIA ry:n j\u00e4senyytt\u00e4 voi hakea t\u00e4ytt\u00e4m\u00e4ll\u00e4 ja palauttamalla j\u00e4senhakemuksen.Yhdistyksen hallitus hyv\u00e4ksyy uudet j\u00e4senet kokouksessaan. T\u00e4yt\u00e4 j\u00e4senhakemuslomake Lyytiss\u00e4. Hakemukseen tarvittavat liitteet1. Oikeaksi vahvennetut tiedot omistajasta ja\/tai osakasluettelo. Jos omistajissa on yrityksi\u00e4, joiden omistusosuus on yli 10 %, tulee liitteeksi liitt\u00e4\u00e4 vastaavat tiedot ko. yritysten omistajista.\u00a02. Viimeiset tilinp\u00e4\u00e4t\u00f6stiedot3. Yrityksen yritysvastuuohjelma (compliance), jos sellainen on.4. Yrityksen [&hellip;]","og_url":"https:\/\/teknologiateollisuus.fi\/pia\/tietoa_piasta\/jasenyys\/","og_site_name":"Pia-ry.fi","article_modified_time":"2025-08-29T12:27:56+00:00","og_image":[{"width":1934,"height":528,"url":"https:\/\/teknologiateollisuus.fi\/pia\/wp-content\/uploads\/sites\/13\/2025\/02\/image.png","type":"image\/png"}],"twitter_card":"summary_large_image","twitter_misc":{"Arvioitu lukuaika":"2 minuuttia"},"schema":{"@context":"https:\/\/schema.org","@graph":[{"@type":"WebPage","@id":"https:\/\/teknologiateollisuus.fi\/pia\/tietoa_piasta\/jasenyys\/","url":"https:\/\/teknologiateollisuus.fi\/pia\/tietoa_piasta\/jasenyys\/","name":"J\u00e4senyys - Pia-ry.fi","isPartOf":{"@id":"https:\/\/teknologiateollisuus.fi\/pia\/#website"},"primaryImageOfPage":{"@id":"https:\/\/teknologiateollisuus.fi\/pia\/tietoa_piasta\/jasenyys\/#primaryimage"},"image":{"@id":"https:\/\/teknologiateollisuus.fi\/pia\/tietoa_piasta\/jasenyys\/#primaryimage"},"thumbnailUrl":"https:\/\/teknologiateollisuus.fi\/pia\/wp-content\/uploads\/sites\/13\/2025\/02\/image-968x264.png","datePublished":"2024-11-27T14:14:54+00:00","dateModified":"2025-08-29T12:27:56+00:00","breadcrumb":{"@id":"https:\/\/teknologiateollisuus.fi\/pia\/tietoa_piasta\/jasenyys\/#breadcrumb"},"inLanguage":"fi","potentialAction":[{"@type":"ReadAction","target":["https:\/\/teknologiateollisuus.fi\/pia\/tietoa_piasta\/jasenyys\/"]}]},{"@type":"ImageObject","inLanguage":"fi","@id":"https:\/\/teknologiateollisuus.fi\/pia\/tietoa_piasta\/jasenyys\/#primaryimage","url":"https:\/\/teknologiateollisuus.fi\/pia\/wp-content\/uploads\/sites\/13\/2025\/02\/image.png","contentUrl":"https:\/\/teknologiateollisuus.fi\/pia\/wp-content\/uploads\/sites\/13\/2025\/02\/image.png","width":1934,"height":528},{"@type":"BreadcrumbList","@id":"https:\/\/teknologiateollisuus.fi\/pia\/tietoa_piasta\/jasenyys\/#breadcrumb","itemListElement":[{"@type":"ListItem","position":1,"name":"Etusivu","item":"https:\/\/teknologiateollisuus.fi\/pia\/"},{"@type":"ListItem","position":2,"name":"PIA","item":"https:\/\/teknologiateollisuus.fi\/pia\/tietoa_piasta\/"},{"@type":"ListItem","position":3,"name":"J\u00e4senyys"}]},{"@type":"WebSite","@id":"https:\/\/teknologiateollisuus.fi\/pia\/#website","url":"https:\/\/teknologiateollisuus.fi\/pia\/","name":"Pia-ry.fi","description":"","potentialAction":[{"@type":"SearchAction","target":{"@type":"EntryPoint","urlTemplate":"https:\/\/teknologiateollisuus.fi\/pia\/?s={search_term_string}"},"query-input":{"@type":"PropertyValueSpecification","valueRequired":true,"valueName":"search_term_string"}}],"inLanguage":"fi"}]}},"lang":"fi","translations":{"fi":414},"pll_sync_post":[],"_links":{"self":[{"href":"https:\/\/teknologiateollisuus.fi\/pia\/wp-json\/wp\/v2\/pages\/414","targetHints":{"allow":["GET"]}}],"collection":[{"href":"https:\/\/teknologiateollisuus.fi\/pia\/wp-json\/wp\/v2\/pages"}],"about":[{"href":"https:\/\/teknologiateollisuus.fi\/pia\/wp-json\/wp\/v2\/types\/page"}],"author":[{"embeddable":true,"href":"https:\/\/teknologiateollisuus.fi\/pia\/wp-json\/wp\/v2\/users\/355"}],"replies":[{"embeddable":true,"href":"https:\/\/teknologiateollisuus.fi\/pia\/wp-json\/wp\/v2\/comments?post=414"}],"version-history":[{"count":25,"href":"https:\/\/teknologiateollisuus.fi\/pia\/wp-json\/wp\/v2\/pages\/414\/revisions"}],"predecessor-version":[{"id":999,"href":"https:\/\/teknologiateollisuus.fi\/pia\/wp-json\/wp\/v2\/pages\/414\/revisions\/999"}],"up":[{"embeddable":true,"href":"https:\/\/teknologiateollisuus.fi\/pia\/wp-json\/wp\/v2\/pages\/123"}],"wp:attachment":[{"href":"https:\/\/teknologiateollisuus.fi\/pia\/wp-json\/wp\/v2\/media?parent=414"}],"curies":[{"name":"wp","href":"https:\/\/api.w.org\/{rel}","templated":true}]}}