{"id":261,"date":"2024-07-30T12:08:17","date_gmt":"2024-07-30T09:08:17","guid":{"rendered":"https:\/\/teknologiateollisuus.fi\/skol\/?page_id=261"},"modified":"2025-03-13T10:01:51","modified_gmt":"2025-03-13T08:01:51","slug":"fidicin-eettiset-saannot","status":"publish","type":"page","link":"https:\/\/teknologiateollisuus.fi\/skol\/tietoa-meista\/fidicin-eettiset-saannot\/","title":{"rendered":"FIDICin eettiset s\u00e4\u00e4nn\u00f6t"},"content":{"rendered":"\n<div class=\"em-block-hero hero-has-background-color has-background has-violet-background-color collapse media-position-right \">\n\t<div class=\"em-block-hero__container\">\n\t\t<div class=\"em-block-hero__content\">\n\t\t\t<div class=\"yoast-breadcrumbs\"><span><span><a href=\"https:\/\/teknologiateollisuus.fi\/skol\/\">Etusivu<\/a><\/span> <span class=\"separator\"><\/span> <span><a href=\"https:\/\/teknologiateollisuus.fi\/skol\/tietoa-meista\/\">Tietoa meist\u00e4<\/a><\/span> <span class=\"separator\"><\/span> <span class=\"breadcrumb_last\" aria-current=\"page\">FIDICin eettiset s\u00e4\u00e4nn\u00f6t<\/span><\/span><\/div>\t\t\t\n<h1 class=\"wp-block-heading\" id=\"fidicin-eettiset-saannot\">FIDICin eettiset s\u00e4\u00e4nn\u00f6t<\/h1>\n\n<p><\/p>\n\t\t\t<div class=\"em-block-hero__modified-date\"> P\u00e4ivitetty 13.03.2025 klo 10:01<\/div>\t\t<\/div>\n\t\t\t\t\t<figure class=\"em-block-hero__image\">\n\t\t\t\t\t\t\t<\/figure>\n\t\t\t<\/div>\n<\/div>\n\n\n\n<h2 class=\"wp-block-heading\" id=\"skol-yritykset-noudattavat-kansainvalisen-konsulttijarjesto-fidicin-eettisia-saantoja\">SKOL -yritykset noudattavat kansainv\u00e4lisen konsulttij\u00e4rjest\u00f6 FIDICin eettisi\u00e4 s\u00e4\u00e4nt\u00f6j\u00e4<\/h2>\n\n\n\n<p>FIDIC (International Federation of Consulting Engineers) korostaa, ett\u00e4 konsulttien ty\u00f6ll\u00e4 on keskeinen merkitys yhteiskunnan ja ymp\u00e4rist\u00f6n kest\u00e4v\u00e4n kehityksen aikaansaamisessa. Konsulttien tulee osaltaan jatkuvasti kehitt\u00e4\u00e4 ammattitaitoaan. My\u00f6s yhteiskunnan tulee osaltaan kunnioittaa ja luottaa heid\u00e4n arvostelukykyyns\u00e4 ja ammattitaitoonsa sek\u00e4 palkita ne oikein. FIDICin koko j\u00e4senkunta on seuraavien, yhteiskunnan luottamuksen arvoisten perusperiaatteiden takana.<\/p>\n\n\n\n<p>Konsultin tulee:<\/p>\n\n\n\n<p><strong>Yhteiskunnalliset ja ammatilliset velvollisuudet<\/strong><\/p>\n\n\n\n<p>1. Hyv\u00e4ksy\u00e4 ammatillinen vastuu yhteiskunnalle<br>2. Etsi\u00e4 toiminnassaan kest\u00e4v\u00e4n kehityksen periaatteiden mukaisia ratkaisuja<br>3. Jatkuvasti yll\u00e4pit\u00e4\u00e4 konsulttialan arvostusta ja mainetta<\/p>\n\n\n\n<p><strong>P\u00e4tevyys<\/strong><\/p>\n\n\n\n<p>4. Yll\u00e4pit\u00e4\u00e4 ammattitaitoaan erityisesti teknologian kehityksen, lains\u00e4\u00e4d\u00e4nn\u00f6n ja liikkeenjohdon aloilla sek\u00e4 palvella tilaajia huolellisesti, ahkerasti ja parhaalla mahdollisella taidolla<br>5. Pid\u00e4tty\u00e4 tarjoamasta sellaisia palveluita, joihin ei omaa riitt\u00e4v\u00e4\u00e4 p\u00e4tevyytt\u00e4<\/p>\n\n\n\n<p><strong>Rehellisyys<\/strong><\/p>\n\n\n\n<p>6. Toimia tilaajan laillisten tavoitteiden toteuttamiseksi sek\u00e4 suorittaa toimeksiannot rehellisesti ja uskollisesti<\/p>\n\n\n\n<p><strong>Puolueettomuus<\/strong><\/p>\n\n\n\n<p>7. Olla puolueeton antamissaan neuvoissa, arvioinneissa ja tekemiss\u00e4\u00e4n p\u00e4\u00e4t\u00f6ksiss\u00e4<br>8. Tiedottaa tilaajalle kaikista toimeksiannon suorittamisessa ilmenevist\u00e4 ristiriidoista<br>9. Olla tarjoamatta ja kielt\u00e4yty\u00e4 vastaanottamasta palkkiota, joka<br>a) vaikuttaa konsultin valintaprosessiin tai<br>b) vaikuttaa konsultin riippumattomaan toimintaan<\/p>\n\n\n\n<p><strong>Oikeudenmukaisuus<\/strong><\/p>\n\n\n\n<p>10. Edist\u00e4\u00e4 p\u00e4tevyyden perusteella tapahtuvaa konsultin valintaperiaatetta<br>11. Olla vahingossa tai tahallaan h\u00e4iritsem\u00e4tt\u00e4 muiden osapuolten liiketoimintaa tai vahingoittamatta heid\u00e4n mainettaan<br>12. Olla suoraan tai v\u00e4lillisesti pyrkim\u00e4tt\u00e4 syrj\u00e4ytt\u00e4m\u00e4\u00e4n toista samaa toimeksiantoa suorittavaa konsulttia<br>13. Olla ottamatta toiselle konsultille annettua toimeksiantoa ilman yhteydenottoa kyseiseen konsulttiin ja ennen tilaajan p\u00e4\u00e4t\u00f6st\u00e4 ja ilmoitusta toimeksiannon siirt\u00e4misest\u00e4<br>14. Tarkastaessaan toisten ty\u00f6suorituksia suorittaa teht\u00e4v\u00e4ns\u00e4 ammattitaitoisesti ja oikeudenmukaisesti<br>15. Toimia hyv\u00e4ss\u00e4 yhteisty\u00f6ss\u00e4 viranomaisten kanssa n\u00e4iden selvitt\u00e4ess\u00e4 mahdollisia v\u00e4\u00e4rink\u00e4yt\u00f6ksi\u00e4.<\/p>\n\n\n\n<p>Hyv\u00e4ksytty 1993\/1996<\/p>\n\n\n\n<p>Suunnittelu- ja konsultointiyritykset SKOL ry<\/p>\n","protected":false},"excerpt":{"rendered":"<p>SKOL -yritykset noudattavat kansainv\u00e4lisen konsulttij\u00e4rjest\u00f6 FIDICin eettisi\u00e4 s\u00e4\u00e4nt\u00f6j\u00e4 FIDIC (International Federation of Consulting Engineers) korostaa, ett\u00e4 konsulttien ty\u00f6ll\u00e4 on keskeinen merkitys yhteiskunnan ja ymp\u00e4rist\u00f6n kest\u00e4v\u00e4n kehityksen aikaansaamisessa. Konsulttien tulee osaltaan jatkuvasti kehitt\u00e4\u00e4 ammattitaitoaan. My\u00f6s yhteiskunnan tulee osaltaan kunnioittaa ja luottaa heid\u00e4n arvostelukykyyns\u00e4 ja ammattitaitoonsa sek\u00e4 palkita ne oikein. FIDICin koko j\u00e4senkunta on seuraavien, yhteiskunnan luottamuksen [&hellip;]<\/p>\n","protected":false},"author":50,"featured_media":0,"parent":120,"menu_order":4,"comment_status":"closed","ping_status":"closed","template":"","meta":{"_acf_changed":false,"_relevanssi_hide_post":"","_relevanssi_hide_content":"","_relevanssi_pin_for_all":"","_relevanssi_pin_keywords":"","_relevanssi_unpin_keywords":"","_relevanssi_related_keywords":"","_relevanssi_related_include_ids":"","_relevanssi_related_exclude_ids":"","_relevanssi_related_no_append":"","_relevanssi_related_not_related":"","_relevanssi_related_posts":"56,53,54,57,48,55","_relevanssi_noindex_reason":"","inline_featured_image":false,"footnotes":""},"class_list":["post-261","page","type-page","status-publish","hentry"],"acf":[],"yoast_head":"<!-- This site is optimized with the Yoast SEO Premium plugin v27.1 (Yoast SEO v27.4) - https:\/\/yoast.com\/product\/yoast-seo-premium-wordpress\/ -->\n<title>FIDICin eettiset s\u00e4\u00e4nn\u00f6t - Skol<\/title>\n<meta name=\"robots\" content=\"index, follow, max-snippet:-1, max-image-preview:large, max-video-preview:-1\" \/>\n<link rel=\"canonical\" href=\"https:\/\/teknologiateollisuus.fi\/skol\/tietoa-meista\/fidicin-eettiset-saannot\/\" \/>\n<meta property=\"og:locale\" content=\"fi_FI\" \/>\n<meta property=\"og:type\" content=\"article\" \/>\n<meta property=\"og:title\" content=\"FIDICin eettiset s\u00e4\u00e4nn\u00f6t\" \/>\n<meta property=\"og:description\" content=\"SKOL -yritykset noudattavat kansainv\u00e4lisen konsulttij\u00e4rjest\u00f6 FIDICin eettisi\u00e4 s\u00e4\u00e4nt\u00f6j\u00e4 FIDIC (International Federation of Consulting Engineers) korostaa, ett\u00e4 konsulttien ty\u00f6ll\u00e4 on keskeinen merkitys yhteiskunnan ja ymp\u00e4rist\u00f6n kest\u00e4v\u00e4n kehityksen aikaansaamisessa. Konsulttien tulee osaltaan jatkuvasti kehitt\u00e4\u00e4 ammattitaitoaan. My\u00f6s yhteiskunnan tulee osaltaan kunnioittaa ja luottaa heid\u00e4n arvostelukykyyns\u00e4 ja ammattitaitoonsa sek\u00e4 palkita ne oikein. FIDICin koko j\u00e4senkunta on seuraavien, yhteiskunnan luottamuksen [&hellip;]\" \/>\n<meta property=\"og:url\" content=\"https:\/\/teknologiateollisuus.fi\/skol\/tietoa-meista\/fidicin-eettiset-saannot\/\" \/>\n<meta property=\"og:site_name\" content=\"Skol\" \/>\n<meta property=\"article:modified_time\" content=\"2025-03-13T08:01:51+00:00\" \/>\n<meta name=\"twitter:card\" content=\"summary_large_image\" \/>\n<meta name=\"twitter:label1\" content=\"Arvioitu lukuaika\" \/>\n\t<meta name=\"twitter:data1\" content=\"2 minuuttia\" \/>\n<script type=\"application\/ld+json\" class=\"yoast-schema-graph\">{\"@context\":\"https:\\\/\\\/schema.org\",\"@graph\":[{\"@type\":\"WebPage\",\"@id\":\"https:\\\/\\\/teknologiateollisuus.fi\\\/skol\\\/tietoa-meista\\\/fidicin-eettiset-saannot\\\/\",\"url\":\"https:\\\/\\\/teknologiateollisuus.fi\\\/skol\\\/tietoa-meista\\\/fidicin-eettiset-saannot\\\/\",\"name\":\"FIDICin eettiset s\u00e4\u00e4nn\u00f6t - Skol\",\"isPartOf\":{\"@id\":\"https:\\\/\\\/teknologiateollisuus.fi\\\/skol\\\/#website\"},\"datePublished\":\"2024-07-30T09:08:17+00:00\",\"dateModified\":\"2025-03-13T08:01:51+00:00\",\"breadcrumb\":{\"@id\":\"https:\\\/\\\/teknologiateollisuus.fi\\\/skol\\\/tietoa-meista\\\/fidicin-eettiset-saannot\\\/#breadcrumb\"},\"inLanguage\":\"fi\",\"potentialAction\":[{\"@type\":\"ReadAction\",\"target\":[\"https:\\\/\\\/teknologiateollisuus.fi\\\/skol\\\/tietoa-meista\\\/fidicin-eettiset-saannot\\\/\"]}]},{\"@type\":\"BreadcrumbList\",\"@id\":\"https:\\\/\\\/teknologiateollisuus.fi\\\/skol\\\/tietoa-meista\\\/fidicin-eettiset-saannot\\\/#breadcrumb\",\"itemListElement\":[{\"@type\":\"ListItem\",\"position\":1,\"name\":\"Etusivu\",\"item\":\"https:\\\/\\\/teknologiateollisuus.fi\\\/skol\\\/\"},{\"@type\":\"ListItem\",\"position\":2,\"name\":\"Tietoa meist\u00e4\",\"item\":\"https:\\\/\\\/teknologiateollisuus.fi\\\/skol\\\/tietoa-meista\\\/\"},{\"@type\":\"ListItem\",\"position\":3,\"name\":\"FIDICin eettiset s\u00e4\u00e4nn\u00f6t\"}]},{\"@type\":\"WebSite\",\"@id\":\"https:\\\/\\\/teknologiateollisuus.fi\\\/skol\\\/#website\",\"url\":\"https:\\\/\\\/teknologiateollisuus.fi\\\/skol\\\/\",\"name\":\"Skol\",\"description\":\"\",\"potentialAction\":[{\"@type\":\"SearchAction\",\"target\":{\"@type\":\"EntryPoint\",\"urlTemplate\":\"https:\\\/\\\/teknologiateollisuus.fi\\\/skol\\\/?s={search_term_string}\"},\"query-input\":{\"@type\":\"PropertyValueSpecification\",\"valueRequired\":true,\"valueName\":\"search_term_string\"}}],\"inLanguage\":\"fi\"}]}<\/script>\n<!-- \/ Yoast SEO Premium plugin. -->","yoast_head_json":{"title":"FIDICin eettiset s\u00e4\u00e4nn\u00f6t - Skol","robots":{"index":"index","follow":"follow","max-snippet":"max-snippet:-1","max-image-preview":"max-image-preview:large","max-video-preview":"max-video-preview:-1"},"canonical":"https:\/\/teknologiateollisuus.fi\/skol\/tietoa-meista\/fidicin-eettiset-saannot\/","og_locale":"fi_FI","og_type":"article","og_title":"FIDICin eettiset s\u00e4\u00e4nn\u00f6t","og_description":"SKOL -yritykset noudattavat kansainv\u00e4lisen konsulttij\u00e4rjest\u00f6 FIDICin eettisi\u00e4 s\u00e4\u00e4nt\u00f6j\u00e4 FIDIC (International Federation of Consulting Engineers) korostaa, ett\u00e4 konsulttien ty\u00f6ll\u00e4 on keskeinen merkitys yhteiskunnan ja ymp\u00e4rist\u00f6n kest\u00e4v\u00e4n kehityksen aikaansaamisessa. Konsulttien tulee osaltaan jatkuvasti kehitt\u00e4\u00e4 ammattitaitoaan. My\u00f6s yhteiskunnan tulee osaltaan kunnioittaa ja luottaa heid\u00e4n arvostelukykyyns\u00e4 ja ammattitaitoonsa sek\u00e4 palkita ne oikein. FIDICin koko j\u00e4senkunta on seuraavien, yhteiskunnan luottamuksen [&hellip;]","og_url":"https:\/\/teknologiateollisuus.fi\/skol\/tietoa-meista\/fidicin-eettiset-saannot\/","og_site_name":"Skol","article_modified_time":"2025-03-13T08:01:51+00:00","twitter_card":"summary_large_image","twitter_misc":{"Arvioitu lukuaika":"2 minuuttia"},"schema":{"@context":"https:\/\/schema.org","@graph":[{"@type":"WebPage","@id":"https:\/\/teknologiateollisuus.fi\/skol\/tietoa-meista\/fidicin-eettiset-saannot\/","url":"https:\/\/teknologiateollisuus.fi\/skol\/tietoa-meista\/fidicin-eettiset-saannot\/","name":"FIDICin eettiset s\u00e4\u00e4nn\u00f6t - Skol","isPartOf":{"@id":"https:\/\/teknologiateollisuus.fi\/skol\/#website"},"datePublished":"2024-07-30T09:08:17+00:00","dateModified":"2025-03-13T08:01:51+00:00","breadcrumb":{"@id":"https:\/\/teknologiateollisuus.fi\/skol\/tietoa-meista\/fidicin-eettiset-saannot\/#breadcrumb"},"inLanguage":"fi","potentialAction":[{"@type":"ReadAction","target":["https:\/\/teknologiateollisuus.fi\/skol\/tietoa-meista\/fidicin-eettiset-saannot\/"]}]},{"@type":"BreadcrumbList","@id":"https:\/\/teknologiateollisuus.fi\/skol\/tietoa-meista\/fidicin-eettiset-saannot\/#breadcrumb","itemListElement":[{"@type":"ListItem","position":1,"name":"Etusivu","item":"https:\/\/teknologiateollisuus.fi\/skol\/"},{"@type":"ListItem","position":2,"name":"Tietoa meist\u00e4","item":"https:\/\/teknologiateollisuus.fi\/skol\/tietoa-meista\/"},{"@type":"ListItem","position":3,"name":"FIDICin eettiset s\u00e4\u00e4nn\u00f6t"}]},{"@type":"WebSite","@id":"https:\/\/teknologiateollisuus.fi\/skol\/#website","url":"https:\/\/teknologiateollisuus.fi\/skol\/","name":"Skol","description":"","potentialAction":[{"@type":"SearchAction","target":{"@type":"EntryPoint","urlTemplate":"https:\/\/teknologiateollisuus.fi\/skol\/?s={search_term_string}"},"query-input":{"@type":"PropertyValueSpecification","valueRequired":true,"valueName":"search_term_string"}}],"inLanguage":"fi"}]}},"lang":"fi","translations":{"fi":261},"pll_sync_post":[],"_links":{"self":[{"href":"https:\/\/teknologiateollisuus.fi\/skol\/wp-json\/wp\/v2\/pages\/261","targetHints":{"allow":["GET"]}}],"collection":[{"href":"https:\/\/teknologiateollisuus.fi\/skol\/wp-json\/wp\/v2\/pages"}],"about":[{"href":"https:\/\/teknologiateollisuus.fi\/skol\/wp-json\/wp\/v2\/types\/page"}],"author":[{"embeddable":true,"href":"https:\/\/teknologiateollisuus.fi\/skol\/wp-json\/wp\/v2\/users\/50"}],"replies":[{"embeddable":true,"href":"https:\/\/teknologiateollisuus.fi\/skol\/wp-json\/wp\/v2\/comments?post=261"}],"version-history":[{"count":1,"href":"https:\/\/teknologiateollisuus.fi\/skol\/wp-json\/wp\/v2\/pages\/261\/revisions"}],"predecessor-version":[{"id":262,"href":"https:\/\/teknologiateollisuus.fi\/skol\/wp-json\/wp\/v2\/pages\/261\/revisions\/262"}],"up":[{"embeddable":true,"href":"https:\/\/teknologiateollisuus.fi\/skol\/wp-json\/wp\/v2\/pages\/120"}],"wp:attachment":[{"href":"https:\/\/teknologiateollisuus.fi\/skol\/wp-json\/wp\/v2\/media?parent=261"}],"curies":[{"name":"wp","href":"https:\/\/api.w.org\/{rel}","templated":true}]}}