{"id":263,"date":"2024-07-30T12:12:17","date_gmt":"2024-07-30T09:12:17","guid":{"rendered":"https:\/\/teknologiateollisuus.fi\/skol\/?page_id=263"},"modified":"2026-03-12T09:42:53","modified_gmt":"2026-03-12T07:42:53","slug":"jasenet","status":"publish","type":"page","link":"https:\/\/teknologiateollisuus.fi\/skol\/tietoa-meista\/jasenet\/","title":{"rendered":"J\u00e4senet"},"content":{"rendered":"\n<div class=\"em-block-hero hero-has-background-color has-background has-violet-background-color collapse media-position-right \">\n\t<div class=\"em-block-hero__container\">\n\t\t<div class=\"em-block-hero__content\">\n\t\t\t<div class=\"yoast-breadcrumbs\"><span><span><a href=\"https:\/\/teknologiateollisuus.fi\/skol\/\">Etusivu<\/a><\/span> <span class=\"separator\"><\/span> <span><a href=\"https:\/\/teknologiateollisuus.fi\/skol\/tietoa-meista\/\">Tietoa meist\u00e4<\/a><\/span> <span class=\"separator\"><\/span> <span class=\"breadcrumb_last\" aria-current=\"page\">J\u00e4senet<\/span><\/span><\/div>\t\t\t\n<h1 class=\"wp-block-heading\" id=\"h-jasenet\">J\u00e4senet<\/h1>\n\n<p><\/p>\n\t\t\t<div class=\"em-block-hero__modified-date\"> P\u00e4ivitetty 12.03.2026 klo 09:42<\/div>\t\t<\/div>\n\t\t\t\t\t<figure class=\"em-block-hero__image\">\n\t\t\t\t\t\t\t<\/figure>\n\t\t\t<\/div>\n<\/div>\n\n\n\n<h2 class=\"wp-block-heading\" id=\"h-skol-ry-n-jasenyritykset\" id=\"skol-ryn-jasenyritykset\">SKOL ry:n j\u00e4senyritykset:<\/h2>\n\n\n\n<p><strong>A<\/strong><\/p>\n\n\n\n<p>AFRY Finland Oy<\/p>\n\n\n\n<p>AH Elens Oy <\/p>\n\n\n\n<p>Ahma insin\u00f6\u00f6rit Oy<\/p>\n\n\n\n<p>Ailecon Oy<\/p>\n\n\n\n<p> A-Insin\u00f6\u00f6rit Oy<\/p>\n\n\n\n<p> Akukon Oy<\/p>\n\n\n\n<p> Aluetaito Oy <\/p>\n\n\n\n<p>Ampner Oy<\/p>\n\n\n\n<p>APT-Enertel Oy<\/p>\n\n\n\n<p>Arkion Oy<\/p>\n\n\n\n<p> Arkkitehtipalvelu Oy<\/p>\n\n\n\n<p> Arkkitehtitoimisto Olla Oy<\/p>\n\n\n\n<p> Arkkitehtitoimisto T\u00e4hti-Set Oy<\/p>\n\n\n\n<p> Aurora Construction Consultancy Oy<\/p>\n\n\n\n<p><strong>C<\/strong><\/p>\n\n\n\n<p>Contria Oy<\/p>\n\n\n\n<p>Cowater International Finland Oy <\/p>\n\n\n\n<p>Cyient Oy Ab <\/p>\n\n\n\n<p><strong>D<\/strong><\/p>\n\n\n\n<p>DEKRA Industrial Oy <\/p>\n\n\n\n<p>Deltamarin Oy<\/p>\n\n\n\n<p>Destia Oy <\/p>\n\n\n\n<p>DUCO Rakennuttaja Oy <\/p>\n\n\n\n<p><strong>E<\/strong><\/p>\n\n\n\n<p>EJT-Rakennusinsin\u00f6\u00f6rit Oy <\/p>\n\n\n\n<p>Elomatic Oy <\/p>\n\n\n\n<p>Entop Oy <\/p>\n\n\n\n<p>EP-Logistics Oy <\/p>\n\n\n\n<p>Etteplan Finland Oy <\/p>\n\n\n\n<p>Eurofins Ahma Oy <\/p>\n\n\n\n<p>Eurofins Environment Testing Finland Oy <\/p>\n\n\n\n<p>Exact AIP-Mittaus Oy <\/p>\n\n\n\n<p><strong>F<\/strong><\/p>\n\n\n\n<p>FCG Finnish Consulting Group Oy <\/p>\n\n\n\n<p><strong>G<\/strong><\/p>\n\n\n\n<p>Geobotnia Oy <\/p>\n\n\n\n<p>Geounion Oy <\/p>\n\n\n\n<p>Granlund Oy <\/p>\n\n\n\n<p><strong>H<\/strong><\/p>\n\n\n\n<p>Hepacon Oy <\/p>\n\n\n\n<p>Hifab Oy <\/p>\n\n\n\n<p>HP insin\u00f6\u00f6rit Oy <\/p>\n\n\n\n<p><strong>I<\/strong><\/p>\n\n\n\n<p>Ideastructura Oy <\/p>\n\n\n\n<p>Indufor Oy <\/p>\n\n\n\n<p>INHUS Engineering Oy <\/p>\n\n\n\n<p>Innogeo Oy <\/p>\n\n\n\n<p>Insin\u00f6\u00f6ritoimisto Aalto-Set\u00e4l\u00e4 Oy <\/p>\n\n\n\n<p>Insin\u00f6\u00f6ritoimisto Duopoint Oy <\/p>\n\n\n\n<p>Insin\u00f6\u00f6ritoimisto Erkki Leskinen Oy <\/p>\n\n\n\n<p>Insin\u00f6\u00f6ritoimisto J. A. Karjalainen Oy <\/p>\n\n\n\n<p>Insin\u00f6\u00f6ritoimisto Jonecon Oy <\/p>\n\n\n\n<p>Insin\u00f6\u00f6ritoimisto Konstru Oy <\/p>\n\n\n\n<p>Insin\u00f6\u00f6ritoimisto LaRa Oy<\/p>\n\n\n\n<p>Insin\u00f6\u00f6ritoimisto Lauri Mehto Oy<\/p>\n\n\n\n<p>Insin\u00f6\u00f6ritoimisto Leo Maaskola Oy <\/p>\n\n\n\n<p>Insin\u00f6\u00f6ritoimisto Matti Hallasaari Oy <\/p>\n\n\n\n<p>Insin\u00f6\u00f6ritoimisto Matti Kynt\u00e4j\u00e4 Oy <\/p>\n\n\n\n<p>Insin\u00f6\u00f6ritoimisto Matti Pitk\u00e4l\u00e4 Oy<\/p>\n\n\n\n<p>Insin\u00f6\u00f6ritoimisto Mittaty\u00f6 Timo Holopainen Ky <\/p>\n\n\n\n<p>Insin\u00f6\u00f6ritoimisto M\u00e4kel\u00e4inen Oy<\/p>\n\n\n\n<p>Insin\u00f6\u00f6ritoimisto Pitk\u00e4l\u00e4 Oy<\/p>\n\n\n\n<p>Insin\u00f6\u00f6ritoimisto Pohjatekniikka Oy<\/p>\n\n\n\n<p>Insin\u00f6\u00f6ritoimisto Saniera Oy <\/p>\n\n\n\n<p>Insin\u00f6\u00f6ritoimisto Savolainen Oy <\/p>\n\n\n\n<p>Insin\u00f6\u00f6ritoimisto SIR-S\u00e4hk\u00f6 Oy <\/p>\n\n\n\n<p>Insin\u00f6\u00f6ritoimisto SRT Oy <\/p>\n\n\n\n<p>Insin\u00f6\u00f6ritoimisto Tasoplan Oy <\/p>\n\n\n\n<p>Insin\u00f6\u00f6ritoimisto Tauno Nissinen Oy <\/p>\n\n\n\n<p>Insin\u00f6\u00f6ritoimisto W. Zenner Oy <\/p>\n\n\n\n<p>Insta Automation Oy <\/p>\n\n\n\n<p><strong>K<\/strong><\/p>\n\n\n\n<p>KK-Palokonsultti Oy <\/p>\n\n\n\n<p>Konsultointi KAREG Oy <\/p>\n\n\n\n<p><strong>L<\/strong><\/p>\n\n\n\n<p>Linea Konsultit Oy <\/p>\n\n\n\n<p>LINK design and development Oy <\/p>\n\n\n\n<p>LVI-Insin\u00f6\u00f6ritoimisto Vahvacon Oy <\/p>\n\n\n\n<p>Lvi-Suunnittelu Amplan Oy <\/p>\n\n\n\n<p><strong>M<\/strong><\/p>\n\n\n\n<p>Maanmittauspalvelu Kallio Oy<\/p>\n\n\n\n<p>Maveplan Oy <\/p>\n\n\n\n<p>Mittauspalvelu Merida <\/p>\n\n\n\n<p><strong>N<\/strong><\/p>\n\n\n\n<p>Niemi Energy Oy <\/p>\n\n\n\n<p>Niras Finland Oy <\/p>\n\n\n\n<p><strong>O<\/strong><\/p>\n\n\n\n<p>Orbion Consulting Oy <\/p>\n\n\n\n<p>Oy PQR Consult AB <\/p>\n\n\n\n<p><strong>P<\/strong><\/p>\n\n\n\n<p>ProLeader Oy <\/p>\n\n\n\n<p>P\u00e4ij\u00e4t-Suunnittelu Oy<\/p>\n\n\n\n<p><strong>R<\/strong><\/p>\n\n\n\n<p>Rakennuttajatoimisto HTJ Oy <\/p>\n\n\n\n<p>Rakennuttajatoimisto Venttiseiska Oy <\/p>\n\n\n\n<p>Ramboll Finland Oy <\/p>\n\n\n\n<p>Rejlers Finland Oy <\/p>\n\n\n\n<p>RE-Suunnittelu Oy &#8211; RE-Engineering LTD <\/p>\n\n\n\n<p>Roadscanners Oy <\/p>\n\n\n\n<p><strong>S<\/strong><\/p>\n\n\n\n<p>Sipti Oy <\/p>\n\n\n\n<p>Sitowise Oy<\/p>\n\n\n\n<p>Solwers Oyj <\/p>\n\n\n\n<p>Suomen INFRA Palvelu Oy <\/p>\n\n\n\n<p>Sweco Finland Oy <\/p>\n\n\n\n<p>Sweco PM Oy <\/p>\n\n\n\n<p>S\u00e4hk\u00f6insin\u00f6\u00f6ritoimisto Esko Laakso Oy <\/p>\n\n\n\n<p>S\u00e4hk\u00f6insin\u00f6\u00f6ritoimisto Oy Niemist\u00f6 <\/p>\n\n\n\n<p>S\u00e4hk\u00f6insin\u00f6\u00f6ritoimisto SHS Oy <\/p>\n\n\n\n<p>S\u00e4hk\u00f6tekniikka Oy Kari Sir\u00e9n <\/p>\n\n\n\n<p><strong>T<\/strong><\/p>\n\n\n\n<p>Teleconsulto Tsutsunen Oy <\/p>\n\n\n\n<p>Tengbom Oy <\/p>\n\n\n\n<p>TL-InfRa Oy <\/p>\n\n\n\n<p>Traficon Oy <\/p>\n\n\n\n<p>Turkoosi 11 Oy <\/p>\n\n\n\n<p><strong>U<\/strong><\/p>\n\n\n\n<p>Urbanity D&amp;M Oy <\/p>\n\n\n\n<p>Uudenmaan Pohjatutkimus Oy <\/p>\n\n\n\n<p><strong>V, W<\/strong><\/p>\n\n\n\n<p>VALOA design rhs Oy <\/p>\n\n\n\n<p>Veloce Consulting Oy<\/p>\n\n\n\n<p>Vison Oy<\/p>\n\n\n\n<p>Welado Oy <\/p>\n\n\n\n<p>WSP Finland Oy <\/p>\n\n\n\n<p><strong>Y<\/strong><\/p>\n\n\n\n<p>Ymp\u00e4rist\u00f6nsuunnittelu Oy Pirkanmaa <\/p>\n\n\n\n<p><strong>\u00c4<\/strong><\/p>\n\n\n\n<p>\u00c4yr\u00e4v\u00e4inen Oy<\/p>\n","protected":false},"excerpt":{"rendered":"<p>SKOL ry:n j\u00e4senyritykset: A AFRY Finland Oy AH Elens Oy Ahma insin\u00f6\u00f6rit Oy Ailecon Oy A-Insin\u00f6\u00f6rit Oy Akukon Oy Aluetaito Oy Ampner Oy APT-Enertel Oy Arkion Oy Arkkitehtipalvelu Oy Arkkitehtitoimisto Olla Oy Arkkitehtitoimisto T\u00e4hti-Set Oy Aurora Construction Consultancy Oy C Contria Oy Cowater International Finland Oy Cyient Oy Ab D DEKRA Industrial Oy Deltamarin Oy [&hellip;]<\/p>\n","protected":false},"author":50,"featured_media":0,"parent":120,"menu_order":6,"comment_status":"closed","ping_status":"closed","template":"","meta":{"_acf_changed":false,"_relevanssi_hide_post":"","_relevanssi_hide_content":"","_relevanssi_pin_for_all":"","_relevanssi_pin_keywords":"","_relevanssi_unpin_keywords":"","_relevanssi_related_keywords":"","_relevanssi_related_include_ids":"","_relevanssi_related_exclude_ids":"","_relevanssi_related_no_append":"","_relevanssi_related_not_related":"","_relevanssi_related_posts":"53,57,55,48,56,54","_relevanssi_noindex_reason":"","inline_featured_image":false,"footnotes":""},"class_list":["post-263","page","type-page","status-publish","hentry"],"acf":[],"yoast_head":"<!-- This site is optimized with the Yoast SEO Premium plugin v27.1 (Yoast SEO v27.3) - https:\/\/yoast.com\/product\/yoast-seo-premium-wordpress\/ -->\n<title>J\u00e4senet - Skol<\/title>\n<meta name=\"robots\" content=\"index, follow, max-snippet:-1, max-image-preview:large, max-video-preview:-1\" \/>\n<link rel=\"canonical\" href=\"https:\/\/teknologiateollisuus.fi\/skol\/tietoa-meista\/jasenet\/\" \/>\n<meta property=\"og:locale\" content=\"fi_FI\" \/>\n<meta property=\"og:type\" content=\"article\" \/>\n<meta property=\"og:title\" content=\"J\u00e4senet\" \/>\n<meta property=\"og:description\" content=\"SKOL ry:n j\u00e4senyritykset: A AFRY Finland Oy AH Elens Oy Ahma insin\u00f6\u00f6rit Oy Ailecon Oy A-Insin\u00f6\u00f6rit Oy Akukon Oy Aluetaito Oy Ampner Oy APT-Enertel Oy Arkion Oy Arkkitehtipalvelu Oy Arkkitehtitoimisto Olla Oy Arkkitehtitoimisto T\u00e4hti-Set Oy Aurora Construction Consultancy Oy C Contria Oy Cowater International Finland Oy Cyient Oy Ab D DEKRA Industrial Oy Deltamarin Oy [&hellip;]\" \/>\n<meta property=\"og:url\" content=\"https:\/\/teknologiateollisuus.fi\/skol\/tietoa-meista\/jasenet\/\" \/>\n<meta property=\"og:site_name\" content=\"Skol\" \/>\n<meta property=\"article:modified_time\" content=\"2026-03-12T07:42:53+00:00\" \/>\n<meta name=\"twitter:card\" content=\"summary_large_image\" \/>\n<meta name=\"twitter:label1\" content=\"Arvioitu lukuaika\" \/>\n\t<meta name=\"twitter:data1\" content=\"3 minuuttia\" \/>\n<script type=\"application\/ld+json\" class=\"yoast-schema-graph\">{\"@context\":\"https:\\\/\\\/schema.org\",\"@graph\":[{\"@type\":\"WebPage\",\"@id\":\"https:\\\/\\\/teknologiateollisuus.fi\\\/skol\\\/tietoa-meista\\\/jasenet\\\/\",\"url\":\"https:\\\/\\\/teknologiateollisuus.fi\\\/skol\\\/tietoa-meista\\\/jasenet\\\/\",\"name\":\"J\u00e4senet - Skol\",\"isPartOf\":{\"@id\":\"https:\\\/\\\/teknologiateollisuus.fi\\\/skol\\\/#website\"},\"datePublished\":\"2024-07-30T09:12:17+00:00\",\"dateModified\":\"2026-03-12T07:42:53+00:00\",\"breadcrumb\":{\"@id\":\"https:\\\/\\\/teknologiateollisuus.fi\\\/skol\\\/tietoa-meista\\\/jasenet\\\/#breadcrumb\"},\"inLanguage\":\"fi\",\"potentialAction\":[{\"@type\":\"ReadAction\",\"target\":[\"https:\\\/\\\/teknologiateollisuus.fi\\\/skol\\\/tietoa-meista\\\/jasenet\\\/\"]}]},{\"@type\":\"BreadcrumbList\",\"@id\":\"https:\\\/\\\/teknologiateollisuus.fi\\\/skol\\\/tietoa-meista\\\/jasenet\\\/#breadcrumb\",\"itemListElement\":[{\"@type\":\"ListItem\",\"position\":1,\"name\":\"Etusivu\",\"item\":\"https:\\\/\\\/teknologiateollisuus.fi\\\/skol\\\/\"},{\"@type\":\"ListItem\",\"position\":2,\"name\":\"Tietoa meist\u00e4\",\"item\":\"https:\\\/\\\/teknologiateollisuus.fi\\\/skol\\\/tietoa-meista\\\/\"},{\"@type\":\"ListItem\",\"position\":3,\"name\":\"J\u00e4senet\"}]},{\"@type\":\"WebSite\",\"@id\":\"https:\\\/\\\/teknologiateollisuus.fi\\\/skol\\\/#website\",\"url\":\"https:\\\/\\\/teknologiateollisuus.fi\\\/skol\\\/\",\"name\":\"Skol\",\"description\":\"\",\"potentialAction\":[{\"@type\":\"SearchAction\",\"target\":{\"@type\":\"EntryPoint\",\"urlTemplate\":\"https:\\\/\\\/teknologiateollisuus.fi\\\/skol\\\/?s={search_term_string}\"},\"query-input\":{\"@type\":\"PropertyValueSpecification\",\"valueRequired\":true,\"valueName\":\"search_term_string\"}}],\"inLanguage\":\"fi\"}]}<\/script>\n<!-- \/ Yoast SEO Premium plugin. -->","yoast_head_json":{"title":"J\u00e4senet - Skol","robots":{"index":"index","follow":"follow","max-snippet":"max-snippet:-1","max-image-preview":"max-image-preview:large","max-video-preview":"max-video-preview:-1"},"canonical":"https:\/\/teknologiateollisuus.fi\/skol\/tietoa-meista\/jasenet\/","og_locale":"fi_FI","og_type":"article","og_title":"J\u00e4senet","og_description":"SKOL ry:n j\u00e4senyritykset: A AFRY Finland Oy AH Elens Oy Ahma insin\u00f6\u00f6rit Oy Ailecon Oy A-Insin\u00f6\u00f6rit Oy Akukon Oy Aluetaito Oy Ampner Oy APT-Enertel Oy Arkion Oy Arkkitehtipalvelu Oy Arkkitehtitoimisto Olla Oy Arkkitehtitoimisto T\u00e4hti-Set Oy Aurora Construction Consultancy Oy C Contria Oy Cowater International Finland Oy Cyient Oy Ab D DEKRA Industrial Oy Deltamarin Oy [&hellip;]","og_url":"https:\/\/teknologiateollisuus.fi\/skol\/tietoa-meista\/jasenet\/","og_site_name":"Skol","article_modified_time":"2026-03-12T07:42:53+00:00","twitter_card":"summary_large_image","twitter_misc":{"Arvioitu lukuaika":"3 minuuttia"},"schema":{"@context":"https:\/\/schema.org","@graph":[{"@type":"WebPage","@id":"https:\/\/teknologiateollisuus.fi\/skol\/tietoa-meista\/jasenet\/","url":"https:\/\/teknologiateollisuus.fi\/skol\/tietoa-meista\/jasenet\/","name":"J\u00e4senet - Skol","isPartOf":{"@id":"https:\/\/teknologiateollisuus.fi\/skol\/#website"},"datePublished":"2024-07-30T09:12:17+00:00","dateModified":"2026-03-12T07:42:53+00:00","breadcrumb":{"@id":"https:\/\/teknologiateollisuus.fi\/skol\/tietoa-meista\/jasenet\/#breadcrumb"},"inLanguage":"fi","potentialAction":[{"@type":"ReadAction","target":["https:\/\/teknologiateollisuus.fi\/skol\/tietoa-meista\/jasenet\/"]}]},{"@type":"BreadcrumbList","@id":"https:\/\/teknologiateollisuus.fi\/skol\/tietoa-meista\/jasenet\/#breadcrumb","itemListElement":[{"@type":"ListItem","position":1,"name":"Etusivu","item":"https:\/\/teknologiateollisuus.fi\/skol\/"},{"@type":"ListItem","position":2,"name":"Tietoa meist\u00e4","item":"https:\/\/teknologiateollisuus.fi\/skol\/tietoa-meista\/"},{"@type":"ListItem","position":3,"name":"J\u00e4senet"}]},{"@type":"WebSite","@id":"https:\/\/teknologiateollisuus.fi\/skol\/#website","url":"https:\/\/teknologiateollisuus.fi\/skol\/","name":"Skol","description":"","potentialAction":[{"@type":"SearchAction","target":{"@type":"EntryPoint","urlTemplate":"https:\/\/teknologiateollisuus.fi\/skol\/?s={search_term_string}"},"query-input":{"@type":"PropertyValueSpecification","valueRequired":true,"valueName":"search_term_string"}}],"inLanguage":"fi"}]}},"lang":"fi","translations":{"fi":263},"pll_sync_post":[],"_links":{"self":[{"href":"https:\/\/teknologiateollisuus.fi\/skol\/wp-json\/wp\/v2\/pages\/263","targetHints":{"allow":["GET"]}}],"collection":[{"href":"https:\/\/teknologiateollisuus.fi\/skol\/wp-json\/wp\/v2\/pages"}],"about":[{"href":"https:\/\/teknologiateollisuus.fi\/skol\/wp-json\/wp\/v2\/types\/page"}],"author":[{"embeddable":true,"href":"https:\/\/teknologiateollisuus.fi\/skol\/wp-json\/wp\/v2\/users\/50"}],"replies":[{"embeddable":true,"href":"https:\/\/teknologiateollisuus.fi\/skol\/wp-json\/wp\/v2\/comments?post=263"}],"version-history":[{"count":9,"href":"https:\/\/teknologiateollisuus.fi\/skol\/wp-json\/wp\/v2\/pages\/263\/revisions"}],"predecessor-version":[{"id":3321,"href":"https:\/\/teknologiateollisuus.fi\/skol\/wp-json\/wp\/v2\/pages\/263\/revisions\/3321"}],"up":[{"embeddable":true,"href":"https:\/\/teknologiateollisuus.fi\/skol\/wp-json\/wp\/v2\/pages\/120"}],"wp:attachment":[{"href":"https:\/\/teknologiateollisuus.fi\/skol\/wp-json\/wp\/v2\/media?parent=263"}],"curies":[{"name":"wp","href":"https:\/\/api.w.org\/{rel}","templated":true}]}}