{"id":269,"date":"2024-07-30T12:54:02","date_gmt":"2024-07-30T09:54:02","guid":{"rendered":"https:\/\/teknologiateollisuus.fi\/skol\/?page_id=269"},"modified":"2024-10-01T16:24:56","modified_gmt":"2024-10-01T13:24:56","slug":"kansainvalinen-yhteistyo","status":"publish","type":"page","link":"https:\/\/teknologiateollisuus.fi\/skol\/tietoa-meista\/kansainvalinen-yhteistyo\/","title":{"rendered":"Kansainv\u00e4linen yhteisty\u00f6"},"content":{"rendered":"\n<div class=\"em-block-hero hero-has-background-color has-background has-violet-background-color collapse media-position-right \">\n\t<div class=\"em-block-hero__container\">\n\t\t<div class=\"em-block-hero__content\">\n\t\t\t<div class=\"yoast-breadcrumbs\"><span><span><a href=\"https:\/\/teknologiateollisuus.fi\/skol\/\">Etusivu<\/a><\/span> <span class=\"separator\"><\/span> <span><a href=\"https:\/\/teknologiateollisuus.fi\/skol\/tietoa-meista\/\">Tietoa meist\u00e4<\/a><\/span> <span class=\"separator\"><\/span> <span class=\"breadcrumb_last\" aria-current=\"page\">Kansainv\u00e4linen yhteisty\u00f6<\/span><\/span><\/div>\t\t\t\n<h1 class=\"wp-block-heading\" id=\"kansainvalinen-yhteistyo\">Kansainv\u00e4linen yhteisty\u00f6<\/h1>\n\t\t\t<div class=\"em-block-hero__modified-date\"> P\u00e4ivitetty 01.10.2024 klo 16:24<\/div>\t\t<\/div>\n\t\t\t\t\t<figure class=\"em-block-hero__image\">\n\t\t\t\t\t\t\t<\/figure>\n\t\t\t<\/div>\n<\/div>\n\n\n\n<h2 class=\"wp-block-heading\" id=\"kansainvalinen-sidosryhmayhteistyo\">Kansainv\u00e4linen sidosryhm\u00e4yhteisty\u00f6<\/h2>\n\n\n\n<p>SKOL on j\u00e4senen\u00e4 ja vaikuttaa aktiivisesti my\u00f6s kansainv\u00e4lisesti. Euroopan tasolla yhteisty\u00f6j\u00e4rjest\u00f6 on\u00a0<a href=\"http:\/\/www.efcanet.org\/\" target=\"_blank\" rel=\"noreferrer noopener\">EFCA &#8211; European Federation of Engineering Consultancy Associations<\/a>\u00a0ja globaalisti\u00a0<a href=\"http:\/\/fidic.org\/\" target=\"_blank\" rel=\"noreferrer noopener\">FIDIC &#8211; International Federation of Consulting Engineers<\/a>.\u00a0<\/p>\n\n\n\n<p>Pohjoismaisella tasolla yhteisty\u00f6t\u00e4 tehd\u00e4\u00e4n RINORDin puitteissa. Toimintaan kuuluvat s\u00e4\u00e4nn\u00f6lliset tapaamiset sek\u00e4 vuosittain&nbsp;eri Pohjoismaassa vuorotellen j\u00e4rjestett\u00e4v\u00e4&nbsp;j\u00e4senyritysten ja j\u00e4rjest\u00f6jen yhteinen konferenssi. Tarpeen mukaan j\u00e4rjestet\u00e4\u00e4n my\u00f6s webinaareja, laadintaan yhteisi\u00e4 kannanottoja ja toteutetaan kehityshankkeita ajankohtaisista aiheista.<\/p>\n\n\n\n<h2 class=\"wp-block-heading\" id=\"sector-review-pohjoismainen-konsulttiyritysten-toimialakatsaus\">Sector Review, Pohjoismainen konsulttiyritysten toimialakatsaus<\/h2>\n\n\n\n<p>Sector Review on SKOLin ruotsalaisen sisarj\u00e4rjest\u00f6n&nbsp;Federation of Swedish Innovation Companies \u2013 FSIC (Swedish: Innovationsf\u00f6retagen) johdolla pohjoismaisena yhteisty\u00f6n\u00e4 laadittu toimialan yhteenveto suurimmista pohjoismaisista ja eurooppalaisista konsulttiyrityksist\u00e4 sek\u00e4 alan n\u00e4kymist\u00e4.&nbsp;<\/p>\n\n\n\n<p>Vuodesta 2020 eteenp\u00e4in ei ole koottu erillist\u00e4 pohjoismaista raporttia, vaan tiedot on esitetty osana EFCAn julkaisemaa\u00a0<a href=\"https:\/\/www.efcanet.org\/publications\/efca-barometer-reports\" target=\"_blank\" rel=\"noreferrer noopener\">koko Euroopan kattavaa markkinabarometria<\/a>.<\/p>\n\n\n\n<p>Aiemmat pohjoismaiset raportit on koottu <a href=\"https:\/\/teknologiateollisuus.fi\/skol\/tietoa-alasta\/julkaisut\/kansainvaliset-julkaisut\/\">t\u00e4nne<\/a>.<\/p>\n","protected":false},"excerpt":{"rendered":"<p>Kansainv\u00e4linen sidosryhm\u00e4yhteisty\u00f6 SKOL on j\u00e4senen\u00e4 ja vaikuttaa aktiivisesti my\u00f6s kansainv\u00e4lisesti. Euroopan tasolla yhteisty\u00f6j\u00e4rjest\u00f6 on\u00a0EFCA &#8211; European Federation of Engineering Consultancy Associations\u00a0ja globaalisti\u00a0FIDIC &#8211; International Federation of Consulting Engineers.\u00a0 Pohjoismaisella tasolla yhteisty\u00f6t\u00e4 tehd\u00e4\u00e4n RINORDin puitteissa. Toimintaan kuuluvat s\u00e4\u00e4nn\u00f6lliset tapaamiset sek\u00e4 vuosittain&nbsp;eri Pohjoismaassa vuorotellen j\u00e4rjestett\u00e4v\u00e4&nbsp;j\u00e4senyritysten ja j\u00e4rjest\u00f6jen yhteinen konferenssi. Tarpeen mukaan j\u00e4rjestet\u00e4\u00e4n my\u00f6s webinaareja, laadintaan yhteisi\u00e4 kannanottoja [&hellip;]<\/p>\n","protected":false},"author":50,"featured_media":25,"parent":120,"menu_order":9,"comment_status":"closed","ping_status":"closed","template":"","meta":{"_acf_changed":false,"_relevanssi_hide_post":"","_relevanssi_hide_content":"","_relevanssi_pin_for_all":"","_relevanssi_pin_keywords":"","_relevanssi_unpin_keywords":"","_relevanssi_related_keywords":"","_relevanssi_related_include_ids":"","_relevanssi_related_exclude_ids":"","_relevanssi_related_no_append":"","_relevanssi_related_not_related":"","_relevanssi_related_posts":"1","_relevanssi_noindex_reason":"","inline_featured_image":false,"footnotes":""},"class_list":["post-269","page","type-page","status-publish","has-post-thumbnail","hentry"],"acf":[],"yoast_head":"<!-- This site is optimized with the Yoast SEO Premium plugin v27.1 (Yoast SEO v27.4) - https:\/\/yoast.com\/product\/yoast-seo-premium-wordpress\/ -->\n<title>Kansainv\u00e4linen yhteisty\u00f6 - Skol<\/title>\n<meta name=\"robots\" content=\"index, follow, max-snippet:-1, max-image-preview:large, max-video-preview:-1\" \/>\n<link rel=\"canonical\" href=\"https:\/\/teknologiateollisuus.fi\/skol\/tietoa-meista\/kansainvalinen-yhteistyo\/\" \/>\n<meta property=\"og:locale\" content=\"fi_FI\" \/>\n<meta property=\"og:type\" content=\"article\" \/>\n<meta property=\"og:title\" content=\"Kansainv\u00e4linen yhteisty\u00f6\" \/>\n<meta property=\"og:description\" content=\"Kansainv\u00e4linen sidosryhm\u00e4yhteisty\u00f6 SKOL on j\u00e4senen\u00e4 ja vaikuttaa aktiivisesti my\u00f6s kansainv\u00e4lisesti. Euroopan tasolla yhteisty\u00f6j\u00e4rjest\u00f6 on\u00a0EFCA &#8211; European Federation of Engineering Consultancy Associations\u00a0ja globaalisti\u00a0FIDIC &#8211; International Federation of Consulting Engineers.\u00a0 Pohjoismaisella tasolla yhteisty\u00f6t\u00e4 tehd\u00e4\u00e4n RINORDin puitteissa. Toimintaan kuuluvat s\u00e4\u00e4nn\u00f6lliset tapaamiset sek\u00e4 vuosittain&nbsp;eri Pohjoismaassa vuorotellen j\u00e4rjestett\u00e4v\u00e4&nbsp;j\u00e4senyritysten ja j\u00e4rjest\u00f6jen yhteinen konferenssi. Tarpeen mukaan j\u00e4rjestet\u00e4\u00e4n my\u00f6s webinaareja, laadintaan yhteisi\u00e4 kannanottoja [&hellip;]\" \/>\n<meta property=\"og:url\" content=\"https:\/\/teknologiateollisuus.fi\/skol\/tietoa-meista\/kansainvalinen-yhteistyo\/\" \/>\n<meta property=\"og:site_name\" content=\"Skol\" \/>\n<meta property=\"article:modified_time\" content=\"2024-10-01T13:24:56+00:00\" \/>\n<meta property=\"og:image\" content=\"https:\/\/teknologiateollisuus.fi\/skol\/wp-content\/uploads\/sites\/6\/2024\/06\/tekno-fallback.png\" \/>\n\t<meta property=\"og:image:width\" content=\"1300\" \/>\n\t<meta property=\"og:image:height\" content=\"975\" \/>\n\t<meta property=\"og:image:type\" content=\"image\/png\" \/>\n<meta name=\"twitter:card\" content=\"summary_large_image\" \/>\n<meta name=\"twitter:label1\" content=\"Arvioitu lukuaika\" \/>\n\t<meta name=\"twitter:data1\" content=\"1 minuutti\" \/>\n<script type=\"application\/ld+json\" class=\"yoast-schema-graph\">{\"@context\":\"https:\\\/\\\/schema.org\",\"@graph\":[{\"@type\":\"WebPage\",\"@id\":\"https:\\\/\\\/teknologiateollisuus.fi\\\/skol\\\/tietoa-meista\\\/kansainvalinen-yhteistyo\\\/\",\"url\":\"https:\\\/\\\/teknologiateollisuus.fi\\\/skol\\\/tietoa-meista\\\/kansainvalinen-yhteistyo\\\/\",\"name\":\"Kansainv\u00e4linen yhteisty\u00f6 - Skol\",\"isPartOf\":{\"@id\":\"https:\\\/\\\/teknologiateollisuus.fi\\\/skol\\\/#website\"},\"primaryImageOfPage\":{\"@id\":\"https:\\\/\\\/teknologiateollisuus.fi\\\/skol\\\/tietoa-meista\\\/kansainvalinen-yhteistyo\\\/#primaryimage\"},\"image\":{\"@id\":\"https:\\\/\\\/teknologiateollisuus.fi\\\/skol\\\/tietoa-meista\\\/kansainvalinen-yhteistyo\\\/#primaryimage\"},\"thumbnailUrl\":\"https:\\\/\\\/teknologiateollisuus.fi\\\/skol\\\/wp-content\\\/uploads\\\/sites\\\/6\\\/2024\\\/06\\\/tekno-fallback.png\",\"datePublished\":\"2024-07-30T09:54:02+00:00\",\"dateModified\":\"2024-10-01T13:24:56+00:00\",\"breadcrumb\":{\"@id\":\"https:\\\/\\\/teknologiateollisuus.fi\\\/skol\\\/tietoa-meista\\\/kansainvalinen-yhteistyo\\\/#breadcrumb\"},\"inLanguage\":\"fi\",\"potentialAction\":[{\"@type\":\"ReadAction\",\"target\":[\"https:\\\/\\\/teknologiateollisuus.fi\\\/skol\\\/tietoa-meista\\\/kansainvalinen-yhteistyo\\\/\"]}]},{\"@type\":\"ImageObject\",\"inLanguage\":\"fi\",\"@id\":\"https:\\\/\\\/teknologiateollisuus.fi\\\/skol\\\/tietoa-meista\\\/kansainvalinen-yhteistyo\\\/#primaryimage\",\"url\":\"https:\\\/\\\/teknologiateollisuus.fi\\\/skol\\\/wp-content\\\/uploads\\\/sites\\\/6\\\/2024\\\/06\\\/tekno-fallback.png\",\"contentUrl\":\"https:\\\/\\\/teknologiateollisuus.fi\\\/skol\\\/wp-content\\\/uploads\\\/sites\\\/6\\\/2024\\\/06\\\/tekno-fallback.png\",\"width\":1300,\"height\":975},{\"@type\":\"BreadcrumbList\",\"@id\":\"https:\\\/\\\/teknologiateollisuus.fi\\\/skol\\\/tietoa-meista\\\/kansainvalinen-yhteistyo\\\/#breadcrumb\",\"itemListElement\":[{\"@type\":\"ListItem\",\"position\":1,\"name\":\"Etusivu\",\"item\":\"https:\\\/\\\/teknologiateollisuus.fi\\\/skol\\\/\"},{\"@type\":\"ListItem\",\"position\":2,\"name\":\"Tietoa meist\u00e4\",\"item\":\"https:\\\/\\\/teknologiateollisuus.fi\\\/skol\\\/tietoa-meista\\\/\"},{\"@type\":\"ListItem\",\"position\":3,\"name\":\"Kansainv\u00e4linen yhteisty\u00f6\"}]},{\"@type\":\"WebSite\",\"@id\":\"https:\\\/\\\/teknologiateollisuus.fi\\\/skol\\\/#website\",\"url\":\"https:\\\/\\\/teknologiateollisuus.fi\\\/skol\\\/\",\"name\":\"Skol\",\"description\":\"\",\"potentialAction\":[{\"@type\":\"SearchAction\",\"target\":{\"@type\":\"EntryPoint\",\"urlTemplate\":\"https:\\\/\\\/teknologiateollisuus.fi\\\/skol\\\/?s={search_term_string}\"},\"query-input\":{\"@type\":\"PropertyValueSpecification\",\"valueRequired\":true,\"valueName\":\"search_term_string\"}}],\"inLanguage\":\"fi\"}]}<\/script>\n<!-- \/ Yoast SEO Premium plugin. -->","yoast_head_json":{"title":"Kansainv\u00e4linen yhteisty\u00f6 - Skol","robots":{"index":"index","follow":"follow","max-snippet":"max-snippet:-1","max-image-preview":"max-image-preview:large","max-video-preview":"max-video-preview:-1"},"canonical":"https:\/\/teknologiateollisuus.fi\/skol\/tietoa-meista\/kansainvalinen-yhteistyo\/","og_locale":"fi_FI","og_type":"article","og_title":"Kansainv\u00e4linen yhteisty\u00f6","og_description":"Kansainv\u00e4linen sidosryhm\u00e4yhteisty\u00f6 SKOL on j\u00e4senen\u00e4 ja vaikuttaa aktiivisesti my\u00f6s kansainv\u00e4lisesti. Euroopan tasolla yhteisty\u00f6j\u00e4rjest\u00f6 on\u00a0EFCA &#8211; European Federation of Engineering Consultancy Associations\u00a0ja globaalisti\u00a0FIDIC &#8211; International Federation of Consulting Engineers.\u00a0 Pohjoismaisella tasolla yhteisty\u00f6t\u00e4 tehd\u00e4\u00e4n RINORDin puitteissa. Toimintaan kuuluvat s\u00e4\u00e4nn\u00f6lliset tapaamiset sek\u00e4 vuosittain&nbsp;eri Pohjoismaassa vuorotellen j\u00e4rjestett\u00e4v\u00e4&nbsp;j\u00e4senyritysten ja j\u00e4rjest\u00f6jen yhteinen konferenssi. Tarpeen mukaan j\u00e4rjestet\u00e4\u00e4n my\u00f6s webinaareja, laadintaan yhteisi\u00e4 kannanottoja [&hellip;]","og_url":"https:\/\/teknologiateollisuus.fi\/skol\/tietoa-meista\/kansainvalinen-yhteistyo\/","og_site_name":"Skol","article_modified_time":"2024-10-01T13:24:56+00:00","og_image":[{"width":1300,"height":975,"url":"https:\/\/teknologiateollisuus.fi\/skol\/wp-content\/uploads\/sites\/6\/2024\/06\/tekno-fallback.png","type":"image\/png"}],"twitter_card":"summary_large_image","twitter_misc":{"Arvioitu lukuaika":"1 minuutti"},"schema":{"@context":"https:\/\/schema.org","@graph":[{"@type":"WebPage","@id":"https:\/\/teknologiateollisuus.fi\/skol\/tietoa-meista\/kansainvalinen-yhteistyo\/","url":"https:\/\/teknologiateollisuus.fi\/skol\/tietoa-meista\/kansainvalinen-yhteistyo\/","name":"Kansainv\u00e4linen yhteisty\u00f6 - Skol","isPartOf":{"@id":"https:\/\/teknologiateollisuus.fi\/skol\/#website"},"primaryImageOfPage":{"@id":"https:\/\/teknologiateollisuus.fi\/skol\/tietoa-meista\/kansainvalinen-yhteistyo\/#primaryimage"},"image":{"@id":"https:\/\/teknologiateollisuus.fi\/skol\/tietoa-meista\/kansainvalinen-yhteistyo\/#primaryimage"},"thumbnailUrl":"https:\/\/teknologiateollisuus.fi\/skol\/wp-content\/uploads\/sites\/6\/2024\/06\/tekno-fallback.png","datePublished":"2024-07-30T09:54:02+00:00","dateModified":"2024-10-01T13:24:56+00:00","breadcrumb":{"@id":"https:\/\/teknologiateollisuus.fi\/skol\/tietoa-meista\/kansainvalinen-yhteistyo\/#breadcrumb"},"inLanguage":"fi","potentialAction":[{"@type":"ReadAction","target":["https:\/\/teknologiateollisuus.fi\/skol\/tietoa-meista\/kansainvalinen-yhteistyo\/"]}]},{"@type":"ImageObject","inLanguage":"fi","@id":"https:\/\/teknologiateollisuus.fi\/skol\/tietoa-meista\/kansainvalinen-yhteistyo\/#primaryimage","url":"https:\/\/teknologiateollisuus.fi\/skol\/wp-content\/uploads\/sites\/6\/2024\/06\/tekno-fallback.png","contentUrl":"https:\/\/teknologiateollisuus.fi\/skol\/wp-content\/uploads\/sites\/6\/2024\/06\/tekno-fallback.png","width":1300,"height":975},{"@type":"BreadcrumbList","@id":"https:\/\/teknologiateollisuus.fi\/skol\/tietoa-meista\/kansainvalinen-yhteistyo\/#breadcrumb","itemListElement":[{"@type":"ListItem","position":1,"name":"Etusivu","item":"https:\/\/teknologiateollisuus.fi\/skol\/"},{"@type":"ListItem","position":2,"name":"Tietoa meist\u00e4","item":"https:\/\/teknologiateollisuus.fi\/skol\/tietoa-meista\/"},{"@type":"ListItem","position":3,"name":"Kansainv\u00e4linen yhteisty\u00f6"}]},{"@type":"WebSite","@id":"https:\/\/teknologiateollisuus.fi\/skol\/#website","url":"https:\/\/teknologiateollisuus.fi\/skol\/","name":"Skol","description":"","potentialAction":[{"@type":"SearchAction","target":{"@type":"EntryPoint","urlTemplate":"https:\/\/teknologiateollisuus.fi\/skol\/?s={search_term_string}"},"query-input":{"@type":"PropertyValueSpecification","valueRequired":true,"valueName":"search_term_string"}}],"inLanguage":"fi"}]}},"lang":"fi","translations":{"fi":269},"pll_sync_post":[],"_links":{"self":[{"href":"https:\/\/teknologiateollisuus.fi\/skol\/wp-json\/wp\/v2\/pages\/269","targetHints":{"allow":["GET"]}}],"collection":[{"href":"https:\/\/teknologiateollisuus.fi\/skol\/wp-json\/wp\/v2\/pages"}],"about":[{"href":"https:\/\/teknologiateollisuus.fi\/skol\/wp-json\/wp\/v2\/types\/page"}],"author":[{"embeddable":true,"href":"https:\/\/teknologiateollisuus.fi\/skol\/wp-json\/wp\/v2\/users\/50"}],"replies":[{"embeddable":true,"href":"https:\/\/teknologiateollisuus.fi\/skol\/wp-json\/wp\/v2\/comments?post=269"}],"version-history":[{"count":7,"href":"https:\/\/teknologiateollisuus.fi\/skol\/wp-json\/wp\/v2\/pages\/269\/revisions"}],"predecessor-version":[{"id":2003,"href":"https:\/\/teknologiateollisuus.fi\/skol\/wp-json\/wp\/v2\/pages\/269\/revisions\/2003"}],"up":[{"embeddable":true,"href":"https:\/\/teknologiateollisuus.fi\/skol\/wp-json\/wp\/v2\/pages\/120"}],"wp:featuredmedia":[{"embeddable":true,"href":"https:\/\/teknologiateollisuus.fi\/skol\/wp-json\/wp\/v2\/media\/25"}],"wp:attachment":[{"href":"https:\/\/teknologiateollisuus.fi\/skol\/wp-json\/wp\/v2\/media?parent=269"}],"curies":[{"name":"wp","href":"https:\/\/api.w.org\/{rel}","templated":true}]}}