{"id":271,"date":"2024-07-30T13:04:57","date_gmt":"2024-07-30T10:04:57","guid":{"rendered":"https:\/\/teknologiateollisuus.fi\/skol\/?page_id=271"},"modified":"2026-02-02T13:37:13","modified_gmt":"2026-02-02T11:37:13","slug":"missio-visio-strategia","status":"publish","type":"page","link":"https:\/\/teknologiateollisuus.fi\/skol\/tietoa-meista\/missio-visio-strategia\/","title":{"rendered":"Missio, visio &amp; strategia"},"content":{"rendered":"\n<div class=\"em-block-hero hero-has-background-color has-background has-violet-background-color collapse media-position-right \">\n\t<div class=\"em-block-hero__container\">\n\t\t<div class=\"em-block-hero__content\">\n\t\t\t<div class=\"yoast-breadcrumbs\"><span><span><a href=\"https:\/\/teknologiateollisuus.fi\/skol\/\">Etusivu<\/a><\/span> <span class=\"separator\"><\/span> <span><a href=\"https:\/\/teknologiateollisuus.fi\/skol\/tietoa-meista\/\">Tietoa meist\u00e4<\/a><\/span> <span class=\"separator\"><\/span> <span class=\"breadcrumb_last\" aria-current=\"page\">Missio, visio &amp; strategia<\/span><\/span><\/div>\t\t\t\n<h1 class=\"wp-block-heading\" id=\"h-missio-visio-amp-strategia\">Missio, visio &amp; strategia<\/h1>\n\t\t\t<div class=\"em-block-hero__modified-date\"> P\u00e4ivitetty 02.02.2026 klo 13:37<\/div>\t\t<\/div>\n\t\t\t\t\t<figure class=\"em-block-hero__image\">\n\t\t\t\t\t\t\t<\/figure>\n\t\t\t<\/div>\n<\/div>\n\n\n\n<h2 class=\"wp-block-heading\" id=\"h-missio\" id=\"missio\">Missio<\/h2>\n\n\n\n<p>Edist\u00e4mme suomalaista hyv\u00e4\u00e4 suunnittelua ja konsultointia, joka ratkaisee yhteiskunnan ja elinkeinoel\u00e4m\u00e4n merkitt\u00e4vi\u00e4 tulevaisuuden haasteita.<\/p>\n\n\n\n<h2 class=\"wp-block-heading\" id=\"h-visio\" id=\"visio\">Visio<\/h2>\n\n\n\n<p>Yhteiskunnallisesti merkitt\u00e4v\u00e4 suunnittelu- ja konsultointiala menestyy luomalla kest\u00e4v\u00e4sti arvoa asiakkaille.<\/p>\n\n\n\n<h2 class=\"wp-block-heading\" id=\"h-strategiakauden-2022-2030-teemat-tavoitteet-ja-avaintulokset\" id=\"strategiakauden-2022-2030-teemat-tavoitteet-ja-avaintulokset\">Strategiakauden 2022\u20132030 teemat, tavoitteet ja avaintulokset<\/h2>\n\n\n\n<p><strong>(O = Objective ja KR = Key result)<\/strong><\/p>\n\n\n\n<p><strong>1. Kest\u00e4v\u00e4 kehitys kasvattaa liiketoimintaa<\/strong><\/p>\n\n\n\n<p><em>O: Panostamme alana vastuulliseen ja kest\u00e4v\u00e4\u00e4 kehityst\u00e4 tukevaan liiketoimintaan.<\/em><\/p>\n\n\n\n<p><em>KR: Olemme alan oman toiminnan (<\/em><em>scope<\/em><em>&nbsp;1 ja 2) osalta hiilineutraali ja tuplaamme hiilik\u00e4denj\u00e4lkemme vuoteen 2030 menness\u00e4.<\/em><\/p>\n\n\n\n<p><strong>2. Ty\u00f6el\u00e4m\u00e4n kehitt\u00e4minen luo veto- ja pitovoimaa<\/strong><\/p>\n\n\n\n<p><em>O: Tarjoamme monipuolisesti merkityksellist\u00e4 ty\u00f6t\u00e4, huolehdimme osaamisen jatkuvasta kehitt\u00e4misest\u00e4 ja olemme ty\u00f6el\u00e4m\u00e4n kehitt\u00e4misen edell\u00e4k\u00e4vij\u00f6it\u00e4, mink\u00e4 ansiosta ty\u00f6ntekij\u00e4kokemus alan yrityksiss\u00e4 on Suomen parhaimmistoa.<\/em><\/p>\n\n\n\n<p><em>KR: Ala on nuorten osaajien halutuin ty\u00f6nantaja.<\/em><\/p>\n\n\n\n<p><strong>3. Toimintatapojen yhteiskehitt\u00e4minen parantaa laatua<\/strong><\/p>\n\n\n\n<p><em>O: Kehit\u00e4mme jatkuvasti hankintamenettelyit\u00e4 ja toimintatapoja yhdess\u00e4 tilaajien ja sidosryhmien kanssa laadun parantamiseksi ja asiakastyytyv\u00e4isyyden kasvattamiseksi.<\/em><\/p>\n\n\n\n<p><em>KR: Alan maine on erinomainen kaikkien sidosryhmien keskuudessa.<\/em><\/p>\n\n\n\n<p><strong>4. Fiksut pelis\u00e4\u00e4nn\u00f6t jakavat hy\u00f6dyt reilusti<\/strong><\/p>\n\n\n\n<p><em>O: Kehit\u00e4mme aktiivisesti alan ty\u00f6kaluja, toimintaprosesseja ja yhteisi\u00e4 pelis\u00e4\u00e4nt\u00f6j\u00e4 niin, ett\u00e4 suunnittelun synnytt\u00e4m\u00e4 arvo tunnistetaan kattavasti ja sen hy\u00f6dyt jakautuvat reilusti koko arvoketjussa.<\/em><\/p>\n\n\n\n<p><em>KR: Alan sopimusehdot ja muut pelis\u00e4\u00e4nn\u00f6t on p\u00e4ivitetty vastaamaan uudistuvaa toimintaymp\u00e4rist\u00f6\u00e4 ja kehittyvi\u00e4 liiketoimintamalleja.<\/em><\/p>\n","protected":false},"excerpt":{"rendered":"<p>Missio Edist\u00e4mme suomalaista hyv\u00e4\u00e4 suunnittelua ja konsultointia, joka ratkaisee yhteiskunnan ja elinkeinoel\u00e4m\u00e4n merkitt\u00e4vi\u00e4 tulevaisuuden haasteita. Visio Yhteiskunnallisesti merkitt\u00e4v\u00e4 suunnittelu- ja konsultointiala menestyy luomalla kest\u00e4v\u00e4sti arvoa asiakkaille. Strategiakauden 2022\u20132030 teemat, tavoitteet ja avaintulokset (O = Objective ja KR = Key result) 1. Kest\u00e4v\u00e4 kehitys kasvattaa liiketoimintaa O: Panostamme alana vastuulliseen ja kest\u00e4v\u00e4\u00e4 kehityst\u00e4 tukevaan liiketoimintaan. KR: [&hellip;]<\/p>\n","protected":false},"author":50,"featured_media":0,"parent":120,"menu_order":2,"comment_status":"closed","ping_status":"closed","template":"","meta":{"_acf_changed":false,"_relevanssi_hide_post":"","_relevanssi_hide_content":"","_relevanssi_pin_for_all":"","_relevanssi_pin_keywords":"","_relevanssi_unpin_keywords":"","_relevanssi_related_keywords":"","_relevanssi_related_include_ids":"","_relevanssi_related_exclude_ids":"","_relevanssi_related_no_append":"","_relevanssi_related_not_related":"","_relevanssi_related_posts":"54,55,48,57,53,56","_relevanssi_noindex_reason":"","inline_featured_image":false,"footnotes":""},"class_list":["post-271","page","type-page","status-publish","hentry"],"acf":[],"yoast_head":"<!-- This site is optimized with the Yoast SEO Premium plugin v27.1 (Yoast SEO v27.4) - https:\/\/yoast.com\/product\/yoast-seo-premium-wordpress\/ -->\n<title>Missio, visio &amp; strategia - Skol<\/title>\n<meta name=\"robots\" content=\"index, follow, max-snippet:-1, max-image-preview:large, max-video-preview:-1\" \/>\n<link rel=\"canonical\" href=\"https:\/\/teknologiateollisuus.fi\/skol\/tietoa-meista\/missio-visio-strategia\/\" \/>\n<meta property=\"og:locale\" content=\"fi_FI\" \/>\n<meta property=\"og:type\" content=\"article\" \/>\n<meta property=\"og:title\" content=\"Missio, visio &amp; strategia\" \/>\n<meta property=\"og:description\" content=\"Missio Edist\u00e4mme suomalaista hyv\u00e4\u00e4 suunnittelua ja konsultointia, joka ratkaisee yhteiskunnan ja elinkeinoel\u00e4m\u00e4n merkitt\u00e4vi\u00e4 tulevaisuuden haasteita. Visio Yhteiskunnallisesti merkitt\u00e4v\u00e4 suunnittelu- ja konsultointiala menestyy luomalla kest\u00e4v\u00e4sti arvoa asiakkaille. Strategiakauden 2022\u20132030 teemat, tavoitteet ja avaintulokset (O = Objective ja KR = Key result) 1. Kest\u00e4v\u00e4 kehitys kasvattaa liiketoimintaa O: Panostamme alana vastuulliseen ja kest\u00e4v\u00e4\u00e4 kehityst\u00e4 tukevaan liiketoimintaan. KR: [&hellip;]\" \/>\n<meta property=\"og:url\" content=\"https:\/\/teknologiateollisuus.fi\/skol\/tietoa-meista\/missio-visio-strategia\/\" \/>\n<meta property=\"og:site_name\" content=\"Skol\" \/>\n<meta property=\"article:modified_time\" content=\"2026-02-02T11:37:13+00:00\" \/>\n<meta name=\"twitter:card\" content=\"summary_large_image\" \/>\n<meta name=\"twitter:label1\" content=\"Arvioitu lukuaika\" \/>\n\t<meta name=\"twitter:data1\" content=\"2 minuuttia\" \/>\n<script type=\"application\/ld+json\" class=\"yoast-schema-graph\">{\"@context\":\"https:\\\/\\\/schema.org\",\"@graph\":[{\"@type\":\"WebPage\",\"@id\":\"https:\\\/\\\/teknologiateollisuus.fi\\\/skol\\\/tietoa-meista\\\/missio-visio-strategia\\\/\",\"url\":\"https:\\\/\\\/teknologiateollisuus.fi\\\/skol\\\/tietoa-meista\\\/missio-visio-strategia\\\/\",\"name\":\"Missio, visio &amp; strategia - Skol\",\"isPartOf\":{\"@id\":\"https:\\\/\\\/teknologiateollisuus.fi\\\/skol\\\/#website\"},\"datePublished\":\"2024-07-30T10:04:57+00:00\",\"dateModified\":\"2026-02-02T11:37:13+00:00\",\"breadcrumb\":{\"@id\":\"https:\\\/\\\/teknologiateollisuus.fi\\\/skol\\\/tietoa-meista\\\/missio-visio-strategia\\\/#breadcrumb\"},\"inLanguage\":\"fi\",\"potentialAction\":[{\"@type\":\"ReadAction\",\"target\":[\"https:\\\/\\\/teknologiateollisuus.fi\\\/skol\\\/tietoa-meista\\\/missio-visio-strategia\\\/\"]}]},{\"@type\":\"BreadcrumbList\",\"@id\":\"https:\\\/\\\/teknologiateollisuus.fi\\\/skol\\\/tietoa-meista\\\/missio-visio-strategia\\\/#breadcrumb\",\"itemListElement\":[{\"@type\":\"ListItem\",\"position\":1,\"name\":\"Etusivu\",\"item\":\"https:\\\/\\\/teknologiateollisuus.fi\\\/skol\\\/\"},{\"@type\":\"ListItem\",\"position\":2,\"name\":\"Tietoa meist\u00e4\",\"item\":\"https:\\\/\\\/teknologiateollisuus.fi\\\/skol\\\/tietoa-meista\\\/\"},{\"@type\":\"ListItem\",\"position\":3,\"name\":\"Missio, visio &amp; strategia\"}]},{\"@type\":\"WebSite\",\"@id\":\"https:\\\/\\\/teknologiateollisuus.fi\\\/skol\\\/#website\",\"url\":\"https:\\\/\\\/teknologiateollisuus.fi\\\/skol\\\/\",\"name\":\"Skol\",\"description\":\"\",\"potentialAction\":[{\"@type\":\"SearchAction\",\"target\":{\"@type\":\"EntryPoint\",\"urlTemplate\":\"https:\\\/\\\/teknologiateollisuus.fi\\\/skol\\\/?s={search_term_string}\"},\"query-input\":{\"@type\":\"PropertyValueSpecification\",\"valueRequired\":true,\"valueName\":\"search_term_string\"}}],\"inLanguage\":\"fi\"}]}<\/script>\n<!-- \/ Yoast SEO Premium plugin. -->","yoast_head_json":{"title":"Missio, visio &amp; strategia - Skol","robots":{"index":"index","follow":"follow","max-snippet":"max-snippet:-1","max-image-preview":"max-image-preview:large","max-video-preview":"max-video-preview:-1"},"canonical":"https:\/\/teknologiateollisuus.fi\/skol\/tietoa-meista\/missio-visio-strategia\/","og_locale":"fi_FI","og_type":"article","og_title":"Missio, visio &amp; strategia","og_description":"Missio Edist\u00e4mme suomalaista hyv\u00e4\u00e4 suunnittelua ja konsultointia, joka ratkaisee yhteiskunnan ja elinkeinoel\u00e4m\u00e4n merkitt\u00e4vi\u00e4 tulevaisuuden haasteita. Visio Yhteiskunnallisesti merkitt\u00e4v\u00e4 suunnittelu- ja konsultointiala menestyy luomalla kest\u00e4v\u00e4sti arvoa asiakkaille. Strategiakauden 2022\u20132030 teemat, tavoitteet ja avaintulokset (O = Objective ja KR = Key result) 1. Kest\u00e4v\u00e4 kehitys kasvattaa liiketoimintaa O: Panostamme alana vastuulliseen ja kest\u00e4v\u00e4\u00e4 kehityst\u00e4 tukevaan liiketoimintaan. KR: [&hellip;]","og_url":"https:\/\/teknologiateollisuus.fi\/skol\/tietoa-meista\/missio-visio-strategia\/","og_site_name":"Skol","article_modified_time":"2026-02-02T11:37:13+00:00","twitter_card":"summary_large_image","twitter_misc":{"Arvioitu lukuaika":"2 minuuttia"},"schema":{"@context":"https:\/\/schema.org","@graph":[{"@type":"WebPage","@id":"https:\/\/teknologiateollisuus.fi\/skol\/tietoa-meista\/missio-visio-strategia\/","url":"https:\/\/teknologiateollisuus.fi\/skol\/tietoa-meista\/missio-visio-strategia\/","name":"Missio, visio &amp; strategia - Skol","isPartOf":{"@id":"https:\/\/teknologiateollisuus.fi\/skol\/#website"},"datePublished":"2024-07-30T10:04:57+00:00","dateModified":"2026-02-02T11:37:13+00:00","breadcrumb":{"@id":"https:\/\/teknologiateollisuus.fi\/skol\/tietoa-meista\/missio-visio-strategia\/#breadcrumb"},"inLanguage":"fi","potentialAction":[{"@type":"ReadAction","target":["https:\/\/teknologiateollisuus.fi\/skol\/tietoa-meista\/missio-visio-strategia\/"]}]},{"@type":"BreadcrumbList","@id":"https:\/\/teknologiateollisuus.fi\/skol\/tietoa-meista\/missio-visio-strategia\/#breadcrumb","itemListElement":[{"@type":"ListItem","position":1,"name":"Etusivu","item":"https:\/\/teknologiateollisuus.fi\/skol\/"},{"@type":"ListItem","position":2,"name":"Tietoa meist\u00e4","item":"https:\/\/teknologiateollisuus.fi\/skol\/tietoa-meista\/"},{"@type":"ListItem","position":3,"name":"Missio, visio &amp; strategia"}]},{"@type":"WebSite","@id":"https:\/\/teknologiateollisuus.fi\/skol\/#website","url":"https:\/\/teknologiateollisuus.fi\/skol\/","name":"Skol","description":"","potentialAction":[{"@type":"SearchAction","target":{"@type":"EntryPoint","urlTemplate":"https:\/\/teknologiateollisuus.fi\/skol\/?s={search_term_string}"},"query-input":{"@type":"PropertyValueSpecification","valueRequired":true,"valueName":"search_term_string"}}],"inLanguage":"fi"}]}},"lang":"fi","translations":{"fi":271},"pll_sync_post":[],"_links":{"self":[{"href":"https:\/\/teknologiateollisuus.fi\/skol\/wp-json\/wp\/v2\/pages\/271","targetHints":{"allow":["GET"]}}],"collection":[{"href":"https:\/\/teknologiateollisuus.fi\/skol\/wp-json\/wp\/v2\/pages"}],"about":[{"href":"https:\/\/teknologiateollisuus.fi\/skol\/wp-json\/wp\/v2\/types\/page"}],"author":[{"embeddable":true,"href":"https:\/\/teknologiateollisuus.fi\/skol\/wp-json\/wp\/v2\/users\/50"}],"replies":[{"embeddable":true,"href":"https:\/\/teknologiateollisuus.fi\/skol\/wp-json\/wp\/v2\/comments?post=271"}],"version-history":[{"count":4,"href":"https:\/\/teknologiateollisuus.fi\/skol\/wp-json\/wp\/v2\/pages\/271\/revisions"}],"predecessor-version":[{"id":3237,"href":"https:\/\/teknologiateollisuus.fi\/skol\/wp-json\/wp\/v2\/pages\/271\/revisions\/3237"}],"up":[{"embeddable":true,"href":"https:\/\/teknologiateollisuus.fi\/skol\/wp-json\/wp\/v2\/pages\/120"}],"wp:attachment":[{"href":"https:\/\/teknologiateollisuus.fi\/skol\/wp-json\/wp\/v2\/media?parent=271"}],"curies":[{"name":"wp","href":"https:\/\/api.w.org\/{rel}","templated":true}]}}