{"id":285,"date":"2024-07-30T15:02:56","date_gmt":"2024-07-30T12:02:56","guid":{"rendered":"https:\/\/teknologiateollisuus.fi\/skol\/?page_id=285"},"modified":"2026-03-04T14:11:57","modified_gmt":"2026-03-04T12:11:57","slug":"medialle","status":"publish","type":"page","link":"https:\/\/teknologiateollisuus.fi\/skol\/tietoa-meista\/medialle\/","title":{"rendered":"Medialle"},"content":{"rendered":"\n<div class=\"em-block-hero hero-has-background-color has-background has-violet-background-color collapse media-position-right \">\n\t<div class=\"em-block-hero__container\">\n\t\t<div class=\"em-block-hero__content\">\n\t\t\t<div class=\"yoast-breadcrumbs\"><span><span><a href=\"https:\/\/teknologiateollisuus.fi\/skol\/\">Etusivu<\/a><\/span> <span class=\"separator\"><\/span> <span><a href=\"https:\/\/teknologiateollisuus.fi\/skol\/tietoa-meista\/\">Tietoa meist\u00e4<\/a><\/span> <span class=\"separator\"><\/span> <span class=\"breadcrumb_last\" aria-current=\"page\">Medialle<\/span><\/span><\/div>\t\t\t\n<h1 class=\"wp-block-heading\" id=\"h-medialle\">Medialle<\/h1>\n\t\t\t<div class=\"em-block-hero__modified-date\"> P\u00e4ivitetty 04.03.2026 klo 14:11<\/div>\t\t<\/div>\n\t\t\t\t\t<figure class=\"em-block-hero__image\">\n\t\t\t\t\t\t\t<\/figure>\n\t\t\t<\/div>\n<\/div>\n\n\n\n<p>SKOL palvelee mielell\u00e4\u00e4n mediaa suunnittelu- ja konsultointialan toimintaan liittyviss\u00e4 kysymyksiss\u00e4 ja toimittaa alaa koskevaa aineistoa.<\/p>\n\n\n\n<h2 class=\"wp-block-heading\" id=\"h-yhteyshenkilomme\" id=\"yhteyshenkilomme\">Yhteyshenkil\u00f6mme<\/h2>\n\n\n\n<article class=\"em-block-contact-card is-style-list\">\n\n\t<div class=\"em-block-contact-card__image\">\n\t\t\t\t\t<img loading=\"lazy\" decoding=\"async\" width=\"300\" height=\"400\" src=\"https:\/\/teknologiateollisuus.fi\/skol\/wp-content\/uploads\/sites\/6\/2025\/11\/JK_7966-300x400.jpg\" class=\"attachment-portrait size-portrait\" alt=\"\" \/>\t\t\t<\/div>\n\t<div class=\"em-block-contact-card__content-wrapper\">\n\t\t<div class=\"em-block-contact-card__content\">\n\t\t\t\t\t\t<h3 class=\"em-block-contact-card__title\"><a target=\"_self\" href=\"https:\/\/teknologiateollisuus.fi\/skol\/contacts\/jessica-karhu\/\">Jessica Karhu<\/a><\/h3>\n\t\t\t\t\t\t\t<span class=\"em-block-contact-card__job_title\">Toimitusjohtaja<\/span>\n\t\t\t\t\t\t<span class=\"em-block-contact-card__organisation\">SKOL ry<\/span>\n\t\t<\/div>\n\t\t<div class=\"em-block-contact-card__content\">\n\t\t\t\t\t\t<address class=\"em-block-contact-card__contact-details\">\n\t\t\t\t<span class=\"em-block-contact-card__phone\">\n\t\t\t\t\t<a href=\"tel:+358 40 675 8899\">+358 40 675 8899<\/a>\n\t\t\t\t<\/span>\n\t\t\t\t<span class=\"em-block-contact-card__email\">\n\t\t\t\t\t<a href=\"mailto:jessica.karhu@teknologiateollisuus.fi\">jessica.karhu@teknologiateollisuus.fi<\/a>\n\t\t\t\t<\/span>\n\t\t\t<\/address>\n\t\t\t\t\t<\/div>\n\t<\/div>\n\n<\/article>\n\n\n\n<h2 class=\"wp-block-heading\" id=\"h-tyoryhmien-nbsp-puheenjohtajat-yhteyshenkilot\" id=\"tyoryhmien-puheenjohtajat-yhteyshenkilot\">Ty\u00f6ryhmien&nbsp;puheenjohtajat\/yhteyshenkil\u00f6t<\/h2>\n\n\n\n<p><strong>Arvonluonti ja innovaatiot:<\/strong>&nbsp;Markku S Lehtinen, Elomatic Oy, 040-8338959<\/p>\n\n\n\n<p><strong>Geotekniikka<\/strong>: Marko Laurila, AFRY Finland Oy, 010 33 26513<\/p>\n\n\n\n<p><strong>Infra ja ymp\u00e4rist\u00f6<\/strong>: Jannis Mikkola, Sitowise Oy, 040-7479670<\/p>\n\n\n\n<p><strong>Rakennetekniikka<\/strong>: Aki Vuolio, Ramboll Finland Oy, 041-5102105<\/p>\n\n\n\n<p><strong>Energia ja talotekniikka<\/strong>: Topi Volama, Granlund Oy, 040-5479199<\/p>\n\n\n\n<p><strong>Ty\u00f6markkinat<\/strong>: Matti Andersson, Dekra Industrial Oy, 0400-454 888<\/p>\n\n\n\n<p><strong>Viestint\u00e4 ja vaikuttaminen<\/strong>: Mira Iso-Markku, WSP Finland Oy, 0400-416662<\/p>\n\n\n\n<h2 class=\"wp-block-heading\" id=\"h-skolin-logo\" id=\"skolin-logo\">SKOLin logo<\/h2>\n\n\n\n<div class=\"wp-block-buttons is-layout-flex wp-block-buttons-is-layout-flex\">\n<div class=\"wp-block-button  icon-right\"><a class=\"wp-block-button__link wp-element-button\" href=\"https:\/\/teknologiateollisuus.fi\/skol\/wp-content\/uploads\/sites\/6\/2024\/08\/skol_logo_rgb_white_2.png\">Valkoinen, png-tiedosto<\/a><\/div>\n\n\n\n<div class=\"wp-block-button  icon-right\"><a class=\"wp-block-button__link wp-element-button\" href=\"https:\/\/teknologiateollisuus.fi\/skol\/wp-content\/uploads\/sites\/6\/2024\/08\/SKOL_Logo_RGB_Black-e1723017229330.png\">Musta, png-tiedosto<\/a><\/div>\n<\/div>\n","protected":false},"excerpt":{"rendered":"<p>SKOL palvelee mielell\u00e4\u00e4n mediaa suunnittelu- ja konsultointialan toimintaan liittyviss\u00e4 kysymyksiss\u00e4 ja toimittaa alaa koskevaa aineistoa. Yhteyshenkil\u00f6mme Ty\u00f6ryhmien&nbsp;puheenjohtajat\/yhteyshenkil\u00f6t Arvonluonti ja innovaatiot:&nbsp;Markku S Lehtinen, Elomatic Oy, 040-8338959 Geotekniikka: Marko Laurila, AFRY Finland Oy, 010 33 26513 Infra ja ymp\u00e4rist\u00f6: Jannis Mikkola, Sitowise Oy, 040-7479670 Rakennetekniikka: Aki Vuolio, Ramboll Finland Oy, 041-5102105 Energia ja talotekniikka: Topi Volama, Granlund [&hellip;]<\/p>\n","protected":false},"author":50,"featured_media":0,"parent":120,"menu_order":8,"comment_status":"closed","ping_status":"closed","template":"","meta":{"_acf_changed":false,"_relevanssi_hide_post":"","_relevanssi_hide_content":"","_relevanssi_pin_for_all":"","_relevanssi_pin_keywords":"","_relevanssi_unpin_keywords":"","_relevanssi_related_keywords":"","_relevanssi_related_include_ids":"","_relevanssi_related_exclude_ids":"","_relevanssi_related_no_append":"","_relevanssi_related_not_related":"","_relevanssi_related_posts":"56,53,55,57,54,48","_relevanssi_noindex_reason":"","inline_featured_image":false,"footnotes":""},"class_list":["post-285","page","type-page","status-publish","hentry"],"acf":[],"yoast_head":"<!-- This site is optimized with the Yoast SEO Premium plugin v27.1 (Yoast SEO v27.4) - https:\/\/yoast.com\/product\/yoast-seo-premium-wordpress\/ -->\n<title>Medialle - Skol<\/title>\n<meta name=\"robots\" content=\"index, follow, max-snippet:-1, max-image-preview:large, max-video-preview:-1\" \/>\n<link rel=\"canonical\" href=\"https:\/\/teknologiateollisuus.fi\/skol\/tietoa-meista\/medialle\/\" \/>\n<meta property=\"og:locale\" content=\"fi_FI\" \/>\n<meta property=\"og:type\" content=\"article\" \/>\n<meta property=\"og:title\" content=\"Medialle\" \/>\n<meta property=\"og:description\" content=\"SKOL palvelee mielell\u00e4\u00e4n mediaa suunnittelu- ja konsultointialan toimintaan liittyviss\u00e4 kysymyksiss\u00e4 ja toimittaa alaa koskevaa aineistoa. Yhteyshenkil\u00f6mme Ty\u00f6ryhmien&nbsp;puheenjohtajat\/yhteyshenkil\u00f6t Arvonluonti ja innovaatiot:&nbsp;Markku S Lehtinen, Elomatic Oy, 040-8338959 Geotekniikka: Marko Laurila, AFRY Finland Oy, 010 33 26513 Infra ja ymp\u00e4rist\u00f6: Jannis Mikkola, Sitowise Oy, 040-7479670 Rakennetekniikka: Aki Vuolio, Ramboll Finland Oy, 041-5102105 Energia ja talotekniikka: Topi Volama, Granlund [&hellip;]\" \/>\n<meta property=\"og:url\" content=\"https:\/\/teknologiateollisuus.fi\/skol\/tietoa-meista\/medialle\/\" \/>\n<meta property=\"og:site_name\" content=\"Skol\" \/>\n<meta property=\"article:modified_time\" content=\"2026-03-04T12:11:57+00:00\" \/>\n<meta name=\"twitter:card\" content=\"summary_large_image\" \/>\n<meta name=\"twitter:label1\" content=\"Arvioitu lukuaika\" \/>\n\t<meta name=\"twitter:data1\" content=\"1 minuutti\" \/>\n<script type=\"application\/ld+json\" class=\"yoast-schema-graph\">{\"@context\":\"https:\\\/\\\/schema.org\",\"@graph\":[{\"@type\":\"WebPage\",\"@id\":\"https:\\\/\\\/teknologiateollisuus.fi\\\/skol\\\/tietoa-meista\\\/medialle\\\/\",\"url\":\"https:\\\/\\\/teknologiateollisuus.fi\\\/skol\\\/tietoa-meista\\\/medialle\\\/\",\"name\":\"Medialle - Skol\",\"isPartOf\":{\"@id\":\"https:\\\/\\\/teknologiateollisuus.fi\\\/skol\\\/#website\"},\"datePublished\":\"2024-07-30T12:02:56+00:00\",\"dateModified\":\"2026-03-04T12:11:57+00:00\",\"breadcrumb\":{\"@id\":\"https:\\\/\\\/teknologiateollisuus.fi\\\/skol\\\/tietoa-meista\\\/medialle\\\/#breadcrumb\"},\"inLanguage\":\"fi\",\"potentialAction\":[{\"@type\":\"ReadAction\",\"target\":[\"https:\\\/\\\/teknologiateollisuus.fi\\\/skol\\\/tietoa-meista\\\/medialle\\\/\"]}]},{\"@type\":\"BreadcrumbList\",\"@id\":\"https:\\\/\\\/teknologiateollisuus.fi\\\/skol\\\/tietoa-meista\\\/medialle\\\/#breadcrumb\",\"itemListElement\":[{\"@type\":\"ListItem\",\"position\":1,\"name\":\"Etusivu\",\"item\":\"https:\\\/\\\/teknologiateollisuus.fi\\\/skol\\\/\"},{\"@type\":\"ListItem\",\"position\":2,\"name\":\"Tietoa meist\u00e4\",\"item\":\"https:\\\/\\\/teknologiateollisuus.fi\\\/skol\\\/tietoa-meista\\\/\"},{\"@type\":\"ListItem\",\"position\":3,\"name\":\"Medialle\"}]},{\"@type\":\"WebSite\",\"@id\":\"https:\\\/\\\/teknologiateollisuus.fi\\\/skol\\\/#website\",\"url\":\"https:\\\/\\\/teknologiateollisuus.fi\\\/skol\\\/\",\"name\":\"Skol\",\"description\":\"\",\"potentialAction\":[{\"@type\":\"SearchAction\",\"target\":{\"@type\":\"EntryPoint\",\"urlTemplate\":\"https:\\\/\\\/teknologiateollisuus.fi\\\/skol\\\/?s={search_term_string}\"},\"query-input\":{\"@type\":\"PropertyValueSpecification\",\"valueRequired\":true,\"valueName\":\"search_term_string\"}}],\"inLanguage\":\"fi\"}]}<\/script>\n<!-- \/ Yoast SEO Premium plugin. -->","yoast_head_json":{"title":"Medialle - Skol","robots":{"index":"index","follow":"follow","max-snippet":"max-snippet:-1","max-image-preview":"max-image-preview:large","max-video-preview":"max-video-preview:-1"},"canonical":"https:\/\/teknologiateollisuus.fi\/skol\/tietoa-meista\/medialle\/","og_locale":"fi_FI","og_type":"article","og_title":"Medialle","og_description":"SKOL palvelee mielell\u00e4\u00e4n mediaa suunnittelu- ja konsultointialan toimintaan liittyviss\u00e4 kysymyksiss\u00e4 ja toimittaa alaa koskevaa aineistoa. Yhteyshenkil\u00f6mme Ty\u00f6ryhmien&nbsp;puheenjohtajat\/yhteyshenkil\u00f6t Arvonluonti ja innovaatiot:&nbsp;Markku S Lehtinen, Elomatic Oy, 040-8338959 Geotekniikka: Marko Laurila, AFRY Finland Oy, 010 33 26513 Infra ja ymp\u00e4rist\u00f6: Jannis Mikkola, Sitowise Oy, 040-7479670 Rakennetekniikka: Aki Vuolio, Ramboll Finland Oy, 041-5102105 Energia ja talotekniikka: Topi Volama, Granlund [&hellip;]","og_url":"https:\/\/teknologiateollisuus.fi\/skol\/tietoa-meista\/medialle\/","og_site_name":"Skol","article_modified_time":"2026-03-04T12:11:57+00:00","twitter_card":"summary_large_image","twitter_misc":{"Arvioitu lukuaika":"1 minuutti"},"schema":{"@context":"https:\/\/schema.org","@graph":[{"@type":"WebPage","@id":"https:\/\/teknologiateollisuus.fi\/skol\/tietoa-meista\/medialle\/","url":"https:\/\/teknologiateollisuus.fi\/skol\/tietoa-meista\/medialle\/","name":"Medialle - Skol","isPartOf":{"@id":"https:\/\/teknologiateollisuus.fi\/skol\/#website"},"datePublished":"2024-07-30T12:02:56+00:00","dateModified":"2026-03-04T12:11:57+00:00","breadcrumb":{"@id":"https:\/\/teknologiateollisuus.fi\/skol\/tietoa-meista\/medialle\/#breadcrumb"},"inLanguage":"fi","potentialAction":[{"@type":"ReadAction","target":["https:\/\/teknologiateollisuus.fi\/skol\/tietoa-meista\/medialle\/"]}]},{"@type":"BreadcrumbList","@id":"https:\/\/teknologiateollisuus.fi\/skol\/tietoa-meista\/medialle\/#breadcrumb","itemListElement":[{"@type":"ListItem","position":1,"name":"Etusivu","item":"https:\/\/teknologiateollisuus.fi\/skol\/"},{"@type":"ListItem","position":2,"name":"Tietoa meist\u00e4","item":"https:\/\/teknologiateollisuus.fi\/skol\/tietoa-meista\/"},{"@type":"ListItem","position":3,"name":"Medialle"}]},{"@type":"WebSite","@id":"https:\/\/teknologiateollisuus.fi\/skol\/#website","url":"https:\/\/teknologiateollisuus.fi\/skol\/","name":"Skol","description":"","potentialAction":[{"@type":"SearchAction","target":{"@type":"EntryPoint","urlTemplate":"https:\/\/teknologiateollisuus.fi\/skol\/?s={search_term_string}"},"query-input":{"@type":"PropertyValueSpecification","valueRequired":true,"valueName":"search_term_string"}}],"inLanguage":"fi"}]}},"lang":"fi","translations":{"fi":285},"pll_sync_post":[],"_links":{"self":[{"href":"https:\/\/teknologiateollisuus.fi\/skol\/wp-json\/wp\/v2\/pages\/285","targetHints":{"allow":["GET"]}}],"collection":[{"href":"https:\/\/teknologiateollisuus.fi\/skol\/wp-json\/wp\/v2\/pages"}],"about":[{"href":"https:\/\/teknologiateollisuus.fi\/skol\/wp-json\/wp\/v2\/types\/page"}],"author":[{"embeddable":true,"href":"https:\/\/teknologiateollisuus.fi\/skol\/wp-json\/wp\/v2\/users\/50"}],"replies":[{"embeddable":true,"href":"https:\/\/teknologiateollisuus.fi\/skol\/wp-json\/wp\/v2\/comments?post=285"}],"version-history":[{"count":7,"href":"https:\/\/teknologiateollisuus.fi\/skol\/wp-json\/wp\/v2\/pages\/285\/revisions"}],"predecessor-version":[{"id":3304,"href":"https:\/\/teknologiateollisuus.fi\/skol\/wp-json\/wp\/v2\/pages\/285\/revisions\/3304"}],"up":[{"embeddable":true,"href":"https:\/\/teknologiateollisuus.fi\/skol\/wp-json\/wp\/v2\/pages\/120"}],"wp:attachment":[{"href":"https:\/\/teknologiateollisuus.fi\/skol\/wp-json\/wp\/v2\/media?parent=285"}],"curies":[{"name":"wp","href":"https:\/\/api.w.org\/{rel}","templated":true}]}}