{"id":411,"date":"2024-08-06T15:07:23","date_gmt":"2024-08-06T12:07:23","guid":{"rendered":"https:\/\/teknologiateollisuus.fi\/skol\/?page_id=411"},"modified":"2024-09-16T16:45:02","modified_gmt":"2024-09-16T13:45:02","slug":"skol-osaamistarveselvitys","status":"publish","type":"page","link":"https:\/\/teknologiateollisuus.fi\/skol\/osaaminen\/skol-osaamistarveselvitys\/","title":{"rendered":"SKOL osaamistarveselvitys"},"content":{"rendered":"\n<div class=\"em-block-hero hero-has-background-color has-background has-violet-background-color collapse media-position-right \">\n\t<div class=\"em-block-hero__container\">\n\t\t<div class=\"em-block-hero__content\">\n\t\t\t<div class=\"yoast-breadcrumbs\"><span><span><a href=\"https:\/\/teknologiateollisuus.fi\/skol\/\">Etusivu<\/a><\/span> <span class=\"separator\"><\/span> <span><a href=\"https:\/\/teknologiateollisuus.fi\/skol\/osaaminen\/\">Osaaminen ja vetovoima<\/a><\/span> <span class=\"separator\"><\/span> <span class=\"breadcrumb_last\" aria-current=\"page\">SKOL osaamistarveselvitys<\/span><\/span><\/div>\t\t\t\n<h1 class=\"wp-block-heading\" id=\"skol-osaamistarveselvitys\">SKOL osaamistarveselvitys<\/h1>\n\n<p><\/p>\n\t\t\t<div class=\"em-block-hero__modified-date\"> P\u00e4ivitetty 16.09.2024 klo 16:45<\/div>\t\t<\/div>\n\t\t\t\t\t<figure class=\"em-block-hero__image\">\n\t\t\t\t\t\t\t<\/figure>\n\t\t\t<\/div>\n<\/div>\n\n\n\n<p>Suunnittelu- ja konsultointiala ty\u00f6llist\u00e4\u00e4 Suomessa noin 55 000 henkil\u00f6\u00e4. Alan etuj\u00e4rjest\u00f6n SKOL ry:n teett\u00e4m\u00e4ss\u00e4 osaamisselvityksess\u00e4 tarkastellaan tekniikan aloihin liittyvi\u00e4 korkeakoulutuksen koulutusm\u00e4\u00e4ri\u00e4 ja yritysten m\u00e4\u00e4r\u00e4llisi\u00e4 ja laadullisia osaamistarpeita tilastojen, aiempien selvitysten ja yrityshaastattelujen kautta.<\/p>\n\n\n\n<h2 class=\"wp-block-heading\" id=\"korkeakoulutetuista-200-osaajan-vuosittainen-vaje\">Korkeakoulutetuista 200 osaajan vuosittainen vaje<\/h2>\n\n\n\n<p>Niin tekniikan alan korkeakoulujen aloituspaikkojen kuin hakijoiden m\u00e4\u00e4r\u00e4t ovat olleet viime vuosina kasvussa. Vuonna 2023 tekniikan aloilla oli yhteens\u00e4 noin 20&nbsp;000 aloituspaikkaa, joihin oli yli 44&nbsp;000 ensisijaista hakijaa.<\/p>\n\n\n\n<p>Suunnittelu- ja konsultointialan ty\u00f6llisten keskim\u00e4\u00e4r\u00e4isen osaajavajeen on arvioitu kasvavan vuosittain l\u00e4hes 200 osaajalla seuraavien viiden vuoden aikana (2025\u20132029) ennen suunnan k\u00e4\u00e4ntymist\u00e4. Selvityksen ennusteen mukaan alan ty\u00f6llisten tarve indikoi pahimmillaan jopa 1 000 ty\u00f6ntekij\u00e4n hetkellist\u00e4 osaajavajetta.<\/p>\n\n\n\n<p>Osaajavajeen ennustetaan kohdistuvan erityisesti rakennus- ja yhdyskuntatekniikan, s\u00e4hk\u00f6- ja automaatiotekniikan sek\u00e4 konetekniikan aloille. Todellisuudessa useita teht\u00e4vi\u00e4 voidaan kuitenkin toteuttaa eri koulutustaustoilla.<\/p>\n\n\n\n<h2 class=\"wp-block-heading\" id=\"vihrea-siirtyma-ja-kansainvalistyminen-muovaavat-osaamistarpeita\">Vihre\u00e4 siirtym\u00e4 ja kansainv\u00e4listyminen muovaavat osaamistarpeita<\/h2>\n\n\n\n<p>Muuttuva toimintaymp\u00e4rist\u00f6 edellytt\u00e4\u00e4 entist\u00e4 laajempaa ja poikkitieteellist\u00e4 osaamista asiakastarpeisiin vastaamiseksi. Ty\u00f6ntekij\u00f6ilt\u00e4 kaivataan kokonaisvaltaista n\u00e4k\u00f6kulmaa sek\u00e4 kyky\u00e4 erikoistumiseen, erityisesti teko\u00e4lyn ja digitalisaation myllert\u00e4ess\u00e4 kentt\u00e4\u00e4. My\u00f6s vihre\u00e4 siirtym\u00e4 ja vastuullisuus m\u00e4\u00e4ritt\u00e4v\u00e4t toimintaymp\u00e4rist\u00f6n reunaehtoja.<\/p>\n\n\n\n<p>Kansainv\u00e4lisen toiminnan n\u00e4hd\u00e4\u00e4n yrityksiss\u00e4 tuovan paitsi helpotusta suhdanteisiin, my\u00f6s merkitt\u00e4vi\u00e4 kasvumahdollisuuksia. Suomalaista osaamispohjaa olisikin kasvatettava nykyist\u00e4 kilpailukykyisemm\u00e4ksi panostamalla kansainv\u00e4liseen osaamiseen opetuksen sis\u00e4ll\u00f6iss\u00e4.<\/p>\n\n\n\n<p>My\u00f6s kansainv\u00e4listen erityisosaajien tarve korostuu. T\u00e4ss\u00e4 yrityksill\u00e4 ja asiakkailla on suora mahdollisuus vaikuttaa suomalaisten ty\u00f6paikkojen houkuttelevuuteen esimerkiksi mahdollistamalla ty\u00f6skentely my\u00f6s muilla kuin suomen kielell\u00e4.\u00a0\u00a0<\/p>\n\n\n\n<div class=\"wp-block-buttons is-layout-flex wp-block-buttons-is-layout-flex\">\n<div class=\"wp-block-button icon-right\"><a class=\"wp-block-button__link wp-element-button\" href=\"https:\/\/teknologiateollisuus.fi\/skol\/wp-content\/uploads\/sites\/6\/2024\/08\/SKOL-ry-osaamisselvitys-24.4.2024-Samuel-1.pdf\">SKOL osaamistarveselvitys<\/a><\/div>\n\n\n\n<div class=\"wp-block-button icon-right\"><a class=\"wp-block-button__link wp-element-button\" href=\"https:\/\/teknologiateollisuus.fi\/skol\/wp-content\/uploads\/sites\/6\/2024\/08\/SKOL_osaamisselvitys_tiivistelma_19.4.2024.pdf\">Selvityksen tiivistelm\u00e4<\/a><\/div>\n\n\n\n<div class=\"wp-block-button icon-right\"><a class=\"wp-block-button__link wp-element-button\" href=\"https:\/\/teknologiateollisuus.fi\/skol\/wp-content\/uploads\/sites\/6\/2024\/08\/SKOL_Skills-Study_Summary_19.4.2024_0.pdf\">Summary of the study in English<\/a><\/div>\n<\/div>\n","protected":false},"excerpt":{"rendered":"<p>Suunnittelu- ja konsultointiala ty\u00f6llist\u00e4\u00e4 Suomessa noin 55 000 henkil\u00f6\u00e4. Alan etuj\u00e4rjest\u00f6n SKOL ry:n teett\u00e4m\u00e4ss\u00e4 osaamisselvityksess\u00e4 tarkastellaan tekniikan aloihin liittyvi\u00e4 korkeakoulutuksen koulutusm\u00e4\u00e4ri\u00e4 ja yritysten m\u00e4\u00e4r\u00e4llisi\u00e4 ja laadullisia osaamistarpeita tilastojen, aiempien selvitysten ja yrityshaastattelujen kautta. Korkeakoulutetuista 200 osaajan vuosittainen vaje Niin tekniikan alan korkeakoulujen aloituspaikkojen kuin hakijoiden m\u00e4\u00e4r\u00e4t ovat olleet viime vuosina kasvussa. Vuonna 2023 tekniikan aloilla [&hellip;]<\/p>\n","protected":false},"author":50,"featured_media":0,"parent":407,"menu_order":1,"comment_status":"closed","ping_status":"closed","template":"","meta":{"_acf_changed":false,"_relevanssi_hide_post":"","_relevanssi_hide_content":"","_relevanssi_pin_for_all":"","_relevanssi_pin_keywords":"","_relevanssi_unpin_keywords":"","_relevanssi_related_keywords":"","_relevanssi_related_include_ids":"","_relevanssi_related_exclude_ids":"","_relevanssi_related_no_append":"","_relevanssi_related_not_related":"","_relevanssi_related_posts":"53,56,54,48,57,55","_relevanssi_noindex_reason":"","inline_featured_image":false,"footnotes":""},"class_list":["post-411","page","type-page","status-publish","hentry"],"acf":[],"yoast_head":"<!-- This site is optimized with the Yoast SEO Premium plugin v27.1 (Yoast SEO v27.4) - https:\/\/yoast.com\/product\/yoast-seo-premium-wordpress\/ -->\n<title>SKOL osaamistarveselvitys - Skol<\/title>\n<meta name=\"robots\" content=\"index, follow, max-snippet:-1, max-image-preview:large, max-video-preview:-1\" \/>\n<link rel=\"canonical\" href=\"https:\/\/teknologiateollisuus.fi\/skol\/osaaminen\/skol-osaamistarveselvitys\/\" \/>\n<meta property=\"og:locale\" content=\"fi_FI\" \/>\n<meta property=\"og:type\" content=\"article\" \/>\n<meta property=\"og:title\" content=\"SKOL osaamistarveselvitys\" \/>\n<meta property=\"og:description\" content=\"Suunnittelu- ja konsultointiala ty\u00f6llist\u00e4\u00e4 Suomessa noin 55 000 henkil\u00f6\u00e4. Alan etuj\u00e4rjest\u00f6n SKOL ry:n teett\u00e4m\u00e4ss\u00e4 osaamisselvityksess\u00e4 tarkastellaan tekniikan aloihin liittyvi\u00e4 korkeakoulutuksen koulutusm\u00e4\u00e4ri\u00e4 ja yritysten m\u00e4\u00e4r\u00e4llisi\u00e4 ja laadullisia osaamistarpeita tilastojen, aiempien selvitysten ja yrityshaastattelujen kautta. Korkeakoulutetuista 200 osaajan vuosittainen vaje Niin tekniikan alan korkeakoulujen aloituspaikkojen kuin hakijoiden m\u00e4\u00e4r\u00e4t ovat olleet viime vuosina kasvussa. Vuonna 2023 tekniikan aloilla [&hellip;]\" \/>\n<meta property=\"og:url\" content=\"https:\/\/teknologiateollisuus.fi\/skol\/osaaminen\/skol-osaamistarveselvitys\/\" \/>\n<meta property=\"og:site_name\" content=\"Skol\" \/>\n<meta property=\"article:modified_time\" content=\"2024-09-16T13:45:02+00:00\" \/>\n<meta name=\"twitter:card\" content=\"summary_large_image\" \/>\n<meta name=\"twitter:label1\" content=\"Arvioitu lukuaika\" \/>\n\t<meta name=\"twitter:data1\" content=\"2 minuuttia\" \/>\n<script type=\"application\/ld+json\" class=\"yoast-schema-graph\">{\"@context\":\"https:\\\/\\\/schema.org\",\"@graph\":[{\"@type\":\"WebPage\",\"@id\":\"https:\\\/\\\/teknologiateollisuus.fi\\\/skol\\\/osaaminen\\\/skol-osaamistarveselvitys\\\/\",\"url\":\"https:\\\/\\\/teknologiateollisuus.fi\\\/skol\\\/osaaminen\\\/skol-osaamistarveselvitys\\\/\",\"name\":\"SKOL osaamistarveselvitys - Skol\",\"isPartOf\":{\"@id\":\"https:\\\/\\\/teknologiateollisuus.fi\\\/skol\\\/#website\"},\"datePublished\":\"2024-08-06T12:07:23+00:00\",\"dateModified\":\"2024-09-16T13:45:02+00:00\",\"breadcrumb\":{\"@id\":\"https:\\\/\\\/teknologiateollisuus.fi\\\/skol\\\/osaaminen\\\/skol-osaamistarveselvitys\\\/#breadcrumb\"},\"inLanguage\":\"fi\",\"potentialAction\":[{\"@type\":\"ReadAction\",\"target\":[\"https:\\\/\\\/teknologiateollisuus.fi\\\/skol\\\/osaaminen\\\/skol-osaamistarveselvitys\\\/\"]}]},{\"@type\":\"BreadcrumbList\",\"@id\":\"https:\\\/\\\/teknologiateollisuus.fi\\\/skol\\\/osaaminen\\\/skol-osaamistarveselvitys\\\/#breadcrumb\",\"itemListElement\":[{\"@type\":\"ListItem\",\"position\":1,\"name\":\"Etusivu\",\"item\":\"https:\\\/\\\/teknologiateollisuus.fi\\\/skol\\\/\"},{\"@type\":\"ListItem\",\"position\":2,\"name\":\"Osaaminen ja vetovoima\",\"item\":\"https:\\\/\\\/teknologiateollisuus.fi\\\/skol\\\/osaaminen\\\/\"},{\"@type\":\"ListItem\",\"position\":3,\"name\":\"SKOL osaamistarveselvitys\"}]},{\"@type\":\"WebSite\",\"@id\":\"https:\\\/\\\/teknologiateollisuus.fi\\\/skol\\\/#website\",\"url\":\"https:\\\/\\\/teknologiateollisuus.fi\\\/skol\\\/\",\"name\":\"Skol\",\"description\":\"\",\"potentialAction\":[{\"@type\":\"SearchAction\",\"target\":{\"@type\":\"EntryPoint\",\"urlTemplate\":\"https:\\\/\\\/teknologiateollisuus.fi\\\/skol\\\/?s={search_term_string}\"},\"query-input\":{\"@type\":\"PropertyValueSpecification\",\"valueRequired\":true,\"valueName\":\"search_term_string\"}}],\"inLanguage\":\"fi\"}]}<\/script>\n<!-- \/ Yoast SEO Premium plugin. -->","yoast_head_json":{"title":"SKOL osaamistarveselvitys - Skol","robots":{"index":"index","follow":"follow","max-snippet":"max-snippet:-1","max-image-preview":"max-image-preview:large","max-video-preview":"max-video-preview:-1"},"canonical":"https:\/\/teknologiateollisuus.fi\/skol\/osaaminen\/skol-osaamistarveselvitys\/","og_locale":"fi_FI","og_type":"article","og_title":"SKOL osaamistarveselvitys","og_description":"Suunnittelu- ja konsultointiala ty\u00f6llist\u00e4\u00e4 Suomessa noin 55 000 henkil\u00f6\u00e4. Alan etuj\u00e4rjest\u00f6n SKOL ry:n teett\u00e4m\u00e4ss\u00e4 osaamisselvityksess\u00e4 tarkastellaan tekniikan aloihin liittyvi\u00e4 korkeakoulutuksen koulutusm\u00e4\u00e4ri\u00e4 ja yritysten m\u00e4\u00e4r\u00e4llisi\u00e4 ja laadullisia osaamistarpeita tilastojen, aiempien selvitysten ja yrityshaastattelujen kautta. Korkeakoulutetuista 200 osaajan vuosittainen vaje Niin tekniikan alan korkeakoulujen aloituspaikkojen kuin hakijoiden m\u00e4\u00e4r\u00e4t ovat olleet viime vuosina kasvussa. Vuonna 2023 tekniikan aloilla [&hellip;]","og_url":"https:\/\/teknologiateollisuus.fi\/skol\/osaaminen\/skol-osaamistarveselvitys\/","og_site_name":"Skol","article_modified_time":"2024-09-16T13:45:02+00:00","twitter_card":"summary_large_image","twitter_misc":{"Arvioitu lukuaika":"2 minuuttia"},"schema":{"@context":"https:\/\/schema.org","@graph":[{"@type":"WebPage","@id":"https:\/\/teknologiateollisuus.fi\/skol\/osaaminen\/skol-osaamistarveselvitys\/","url":"https:\/\/teknologiateollisuus.fi\/skol\/osaaminen\/skol-osaamistarveselvitys\/","name":"SKOL osaamistarveselvitys - Skol","isPartOf":{"@id":"https:\/\/teknologiateollisuus.fi\/skol\/#website"},"datePublished":"2024-08-06T12:07:23+00:00","dateModified":"2024-09-16T13:45:02+00:00","breadcrumb":{"@id":"https:\/\/teknologiateollisuus.fi\/skol\/osaaminen\/skol-osaamistarveselvitys\/#breadcrumb"},"inLanguage":"fi","potentialAction":[{"@type":"ReadAction","target":["https:\/\/teknologiateollisuus.fi\/skol\/osaaminen\/skol-osaamistarveselvitys\/"]}]},{"@type":"BreadcrumbList","@id":"https:\/\/teknologiateollisuus.fi\/skol\/osaaminen\/skol-osaamistarveselvitys\/#breadcrumb","itemListElement":[{"@type":"ListItem","position":1,"name":"Etusivu","item":"https:\/\/teknologiateollisuus.fi\/skol\/"},{"@type":"ListItem","position":2,"name":"Osaaminen ja vetovoima","item":"https:\/\/teknologiateollisuus.fi\/skol\/osaaminen\/"},{"@type":"ListItem","position":3,"name":"SKOL osaamistarveselvitys"}]},{"@type":"WebSite","@id":"https:\/\/teknologiateollisuus.fi\/skol\/#website","url":"https:\/\/teknologiateollisuus.fi\/skol\/","name":"Skol","description":"","potentialAction":[{"@type":"SearchAction","target":{"@type":"EntryPoint","urlTemplate":"https:\/\/teknologiateollisuus.fi\/skol\/?s={search_term_string}"},"query-input":{"@type":"PropertyValueSpecification","valueRequired":true,"valueName":"search_term_string"}}],"inLanguage":"fi"}]}},"lang":"fi","translations":{"fi":411},"pll_sync_post":[],"_links":{"self":[{"href":"https:\/\/teknologiateollisuus.fi\/skol\/wp-json\/wp\/v2\/pages\/411","targetHints":{"allow":["GET"]}}],"collection":[{"href":"https:\/\/teknologiateollisuus.fi\/skol\/wp-json\/wp\/v2\/pages"}],"about":[{"href":"https:\/\/teknologiateollisuus.fi\/skol\/wp-json\/wp\/v2\/types\/page"}],"author":[{"embeddable":true,"href":"https:\/\/teknologiateollisuus.fi\/skol\/wp-json\/wp\/v2\/users\/50"}],"replies":[{"embeddable":true,"href":"https:\/\/teknologiateollisuus.fi\/skol\/wp-json\/wp\/v2\/comments?post=411"}],"version-history":[{"count":2,"href":"https:\/\/teknologiateollisuus.fi\/skol\/wp-json\/wp\/v2\/pages\/411\/revisions"}],"predecessor-version":[{"id":1503,"href":"https:\/\/teknologiateollisuus.fi\/skol\/wp-json\/wp\/v2\/pages\/411\/revisions\/1503"}],"up":[{"embeddable":true,"href":"https:\/\/teknologiateollisuus.fi\/skol\/wp-json\/wp\/v2\/pages\/407"}],"wp:attachment":[{"href":"https:\/\/teknologiateollisuus.fi\/skol\/wp-json\/wp\/v2\/media?parent=411"}],"curies":[{"name":"wp","href":"https:\/\/api.w.org\/{rel}","templated":true}]}}