{"id":473,"date":"2024-08-07T14:55:35","date_gmt":"2024-08-07T11:55:35","guid":{"rendered":"https:\/\/teknologiateollisuus.fi\/skol\/?page_id=473"},"modified":"2025-02-21T10:58:45","modified_gmt":"2025-02-21T08:58:45","slug":"teollisuuden-supersuunnittelija","status":"publish","type":"page","link":"https:\/\/teknologiateollisuus.fi\/skol\/osaaminen\/tule-muotoilemaan-tulevaisuus\/teollisuuden-supersuunnittelija\/","title":{"rendered":"Teollisuuden Supersuunnittelija"},"content":{"rendered":"\n<div class=\"em-block-hero hero-has-background-color has-background has-violet-background-color collapse media-position-right \">\n\t<div class=\"em-block-hero__container\">\n\t\t<div class=\"em-block-hero__content\">\n\t\t\t<div class=\"yoast-breadcrumbs\"><span><span><a href=\"https:\/\/teknologiateollisuus.fi\/skol\/\">Etusivu<\/a><\/span> <span class=\"separator\"><\/span> <span><a href=\"https:\/\/teknologiateollisuus.fi\/skol\/osaaminen\/\">Osaaminen ja vetovoima<\/a><\/span> <span class=\"separator\"><\/span> <span><a href=\"https:\/\/teknologiateollisuus.fi\/skol\/osaaminen\/tule-muotoilemaan-tulevaisuus\/\">Tule muotoilemaan tulevaisuus<\/a><\/span> <span class=\"separator\"><\/span> <span class=\"breadcrumb_last\" aria-current=\"page\">Teollisuuden Supersuunnittelija<\/span><\/span><\/div>\t\t\t\n<h1 class=\"wp-block-heading\" id=\"h-teollisuuden-supersuunnittelija\">Teollisuuden Supersuunnittelija<\/h1>\n\t\t\t<div class=\"em-block-hero__modified-date\"> P\u00e4ivitetty 21.02.2025 klo 10:58<\/div>\t\t<\/div>\n\t\t\t\t\t<figure class=\"em-block-hero__image\">\n\t\t\t\t\t\t\t<\/figure>\n\t\t\t<\/div>\n<\/div>\n\n\n\n<figure class=\"wp-block-image aligncenter size-full\"><img loading=\"lazy\" decoding=\"async\" width=\"261\" height=\"350\" src=\"https:\/\/teknologiateollisuus.fi\/skol\/wp-content\/uploads\/sites\/6\/2024\/08\/Teollisuus.jpg\" alt=\"\" class=\"wp-image-474\" \/><\/figure>\n\n\n\n<p>Sin\u00e4 voisit tulevaisuudessa olla&nbsp;<strong>Teollisuuden supersuunnittelija<\/strong>, oikea keksint\u00f6jen voimahahmo. Ei ole ihan liioiteltua sanoa, ett\u00e4 suunnittelijat ja insin\u00f6\u00f6rit ratkaisevat ilmastonmuutoksen ja monia muita kest\u00e4v\u00e4n kehityksen haasteita. Uutta teknologiaa, kiertotalouden innovaatioita ja ongelmanratkaisutaitoa tarvitaan kaikkialla arjessamme. Mihin j\u00e4tteet menev\u00e4t, mist\u00e4 vesi tulee, kuinka k\u00e4ytetyist\u00e4 raaka-aineista luodaan uutta ja ihmeellist\u00e4? Sin\u00e4 saatat tulevaisuudessa tiet\u00e4\u00e4 vastauksen.<\/p>\n\n\n\n<p>Ratkaisisit Teollisuuden superinsin\u00f6\u00f6rin\u00e4 mm. n\u00e4it\u00e4 kest\u00e4v\u00e4n kehityksen haasteita:&nbsp;<\/p>\n\n\n\n<p>1. Vastuullista kuluttamista<\/p>\n\n\n\n<p>2. Ilmastotekoja<\/p>\n\n\n\n<p>3. Kest\u00e4v\u00e4t kaupungit ja yhteis\u00f6t<\/p>\n\n\n\n<h2 class=\"wp-block-heading\" id=\"h-teollisuuden-supersuunnittelijaksi-voit-opiskella-esimerkiksi-naissa-kouluissa-ja-tulevaisuudessa-tyoskennella-naissa-ammateissa\" id=\"teollisuuden-supersuunnittelijaksi-voit-opiskella-esimerkiksi-naissa-kouluissa-ja-tulevaisuudessa-tyoskennella-naissa-ammateissa\">Teollisuuden supersuunnittelijaksi voit opiskella esimerkiksi n\u00e4iss\u00e4 kouluissa ja tulevaisuudessa ty\u00f6skennell\u00e4 n\u00e4iss\u00e4 ammateissa:<\/h2>\n\n\n\n<div class=\"wp-block-evermade-links em-block-links has-columns-1 is-style-default\">\n<a\n\tclass=\"wp-block-evermade-external-link em-block-link is-external   \"\n\thref=\"https:\/\/www.abo.fi\/fi\/koulutusohjelmat\/kemian-ja-prosessitekniikka\/\"\n\taria-label=\"Avaa uudessa v\u00e4lilehdess\u00e4\"\n\ttarget=\"_blank\"\n\trel=\"noopener noreferrer\"\n>\n\t<div class=\"em-block-link__content\">\n\t\t<span class=\"em-block-link__title\">\n\t\t\t\u00c5bo Akademi, prosessitekniikka\t\t<\/span>\n\t\t\t<\/div>\n\t<div class=\"em-block-link__arrow\"><\/div>\n\t<div class=\"em-block-link__pressable\"><\/div>\n<\/a>\n\n\n\n<a\n\tclass=\"wp-block-evermade-internal-link em-block-link is-internal   \"\n\thref=\"https:\/\/www.oulu.fi\/fi\/hae\/kandidaattiohjelmat\/prosessitekniikka\"\n\taria-label=\"Avaa samassa v\u00e4lilehdess\u00e4\"\n\ttarget=\"_self\"\n\trel=\"noopener\"\n>\n\t<div class=\"em-block-link__content\">\n\t\t<span class=\"em-block-link__title\">\n\t\t\tOulun Yliopisto, prosessitekniikka, kone- ja s\u00e4hk\u00f6tekniikka, tietotekniikka\t\t<\/span>\n\t\t\t<\/div>\n\t\t\t<div class=\"em-block-link__arrow\"><\/div>\n\t\t<div class=\"em-block-link__pressable\"><\/div>\n\t<\/a>\n\n\n\n<a\n\tclass=\"wp-block-evermade-external-link em-block-link is-external   \"\n\thref=\"https:\/\/www.vamk.fi\/hakijalle\/koulutusalat\/tekniikan-ala\"\n\taria-label=\"Avaa uudessa v\u00e4lilehdess\u00e4\"\n\ttarget=\"_blank\"\n\trel=\"noopener noreferrer\"\n>\n\t<div class=\"em-block-link__content\">\n\t\t<span class=\"em-block-link__title\">\n\t\t\tVaasan AMK, kone- ja s\u00e4hk\u00f6- ja tietotekniikka\t\t<\/span>\n\t\t\t<\/div>\n\t<div class=\"em-block-link__arrow\"><\/div>\n\t<div class=\"em-block-link__pressable\"><\/div>\n<\/a>\n\n\n\n<a\n\tclass=\"wp-block-evermade-external-link em-block-link is-external   \"\n\thref=\"https:\/\/www.tuni.fi\/fi\/tule-opiskelemaan\/hae-yliopistoon\/yhteishaku-suomenkielisiin-kandidaatti-ja-maisterikoulutuksiin\/hakukohteet\"\n\taria-label=\"Avaa uudessa v\u00e4lilehdess\u00e4\"\n\ttarget=\"_blank\"\n\trel=\"noopener noreferrer\"\n>\n\t<div class=\"em-block-link__content\">\n\t\t<span class=\"em-block-link__title\">\n\t\t\tTampereen Yliopisto, kone- ja s\u00e4hk\u00f6 &#8211; ja tietotekniikka\t\t<\/span>\n\t\t\t<\/div>\n\t<div class=\"em-block-link__arrow\"><\/div>\n\t<div class=\"em-block-link__pressable\"><\/div>\n<\/a>\n<\/div>\n\n\n\n<p><strong>Ammatteja<\/strong>: Prosessisuunnittelija, k\u00e4ytett\u00e4vyysasiantuntija, kiertotalousasiantuntija, ohjelmistoekspertti, teknisen dokumentoinnin asiantuntija, laivasuunnittelija, logistiikan asiantuntija<\/p>\n\n\n\n<h2 class=\"wp-block-heading\" id=\"h-teollisuuden-supersuunnittelijana-voit-paasta-nbsp-tekemaan-toita-muun-muassa-tallaisten-asioiden-parissa\" id=\"teollisuuden-supersuunnittelijana-voit-paasta-tekemaan-toita-muun-muassa-tallaisten-asioiden-parissa\">Teollisuuden supersuunnittelijana voit p\u00e4\u00e4st\u00e4&nbsp;tekem\u00e4\u00e4n t\u00f6it\u00e4 muun muassa t\u00e4llaisten asioiden parissa:<\/h2>\n\n\n\n<div class=\"wp-block-evermade-links em-block-links has-columns-1\">\n<a\n\tclass=\"wp-block-evermade-internal-link em-block-link is-internal   \"\n\thref=\"https:\/\/teknologiateollisuus.fi\/skol\/uusi-digipalvelu-varmistaa-viheralueiden-kunnon\/\"\n\taria-label=\"Avaa samassa v\u00e4lilehdess\u00e4\"\n\ttarget=\"_self\"\n\trel=\"noopener\"\n>\n\t<div class=\"em-block-link__content\">\n\t\t<span class=\"em-block-link__title\">\n\t\t\tUusi digipalvelu varmistaa viheralueiden kunnon\t\t<\/span>\n\t\t\t<\/div>\n\t\t\t<div class=\"em-block-link__arrow\"><\/div>\n\t\t<div class=\"em-block-link__pressable\"><\/div>\n\t<\/a>\n\n\n\n<a\n\tclass=\"wp-block-evermade-internal-link em-block-link is-internal   \"\n\thref=\"https:\/\/teknologiateollisuus.fi\/skol\/wartsilan-smart-tecnology-hub-on-ekotehokkuuden-edellakavija\/\"\n\taria-label=\"Avaa samassa v\u00e4lilehdess\u00e4\"\n\ttarget=\"_self\"\n\trel=\"noopener\"\n>\n\t<div class=\"em-block-link__content\">\n\t\t<span class=\"em-block-link__title\">\n\t\t\tW\u00e4rtsil\u00e4n Smart Tecnology Hub on ekotehokkuuden edell\u00e4k\u00e4vij\u00e4\t\t<\/span>\n\t\t\t<\/div>\n\t\t\t<div class=\"em-block-link__arrow\"><\/div>\n\t\t<div class=\"em-block-link__pressable\"><\/div>\n\t<\/a>\n\n\n\n<a\n\tclass=\"wp-block-evermade-internal-link em-block-link is-internal   \"\n\thref=\"https:\/\/teknologiateollisuus.fi\/skol\/otaniemen-circular-raw-materials-hub-yhteislaboratoriossa-ratkotaan-tulevaisuuden-kiertotaloushaasteita\/\"\n\taria-label=\"Avaa samassa v\u00e4lilehdess\u00e4\"\n\ttarget=\"_self\"\n\trel=\"noopener\"\n>\n\t<div class=\"em-block-link__content\">\n\t\t<span class=\"em-block-link__title\">\n\t\t\tOtaniemen Circular Raw Materials Hub -yhteislaboratoriossa ratkotaan tulevaisuuden kiertotaloushaasteita\t\t<\/span>\n\t\t\t<\/div>\n\t\t\t<div class=\"em-block-link__arrow\"><\/div>\n\t\t<div class=\"em-block-link__pressable\"><\/div>\n\t<\/a>\n\n\n\n<a\n\tclass=\"wp-block-evermade-internal-link em-block-link is-internal   \"\n\thref=\"https:\/\/teknologiateollisuus.fi\/skol\/sitowisen-purkki-palvelu-kannustaa-vastuulliseen-ja-kestavaan-purkamiseen\/\"\n\taria-label=\"Avaa samassa v\u00e4lilehdess\u00e4\"\n\ttarget=\"_self\"\n\trel=\"noopener\"\n>\n\t<div class=\"em-block-link__content\">\n\t\t<span class=\"em-block-link__title\">\n\t\t\tSitowisen PURKKI-palvelu kannustaa vastuulliseen ja kest\u00e4v\u00e4\u00e4n purkamiseen\t\t<\/span>\n\t\t\t<\/div>\n\t\t\t<div class=\"em-block-link__arrow\"><\/div>\n\t\t<div class=\"em-block-link__pressable\"><\/div>\n\t<\/a>\n<\/div>\n\n\n\n<p><\/p>\n","protected":false},"excerpt":{"rendered":"<p>Sin\u00e4 voisit tulevaisuudessa olla&nbsp;Teollisuuden supersuunnittelija, oikea keksint\u00f6jen voimahahmo. Ei ole ihan liioiteltua sanoa, ett\u00e4 suunnittelijat ja insin\u00f6\u00f6rit ratkaisevat ilmastonmuutoksen ja monia muita kest\u00e4v\u00e4n kehityksen haasteita. Uutta teknologiaa, kiertotalouden innovaatioita ja ongelmanratkaisutaitoa tarvitaan kaikkialla arjessamme. Mihin j\u00e4tteet menev\u00e4t, mist\u00e4 vesi tulee, kuinka k\u00e4ytetyist\u00e4 raaka-aineista luodaan uutta ja ihmeellist\u00e4? Sin\u00e4 saatat tulevaisuudessa tiet\u00e4\u00e4 vastauksen. Ratkaisisit Teollisuuden superinsin\u00f6\u00f6rin\u00e4 [&hellip;]<\/p>\n","protected":false},"author":50,"featured_media":0,"parent":456,"menu_order":6,"comment_status":"closed","ping_status":"closed","template":"","meta":{"_acf_changed":false,"_relevanssi_hide_post":"","_relevanssi_hide_content":"","_relevanssi_pin_for_all":"","_relevanssi_pin_keywords":"","_relevanssi_unpin_keywords":"","_relevanssi_related_keywords":"","_relevanssi_related_include_ids":"","_relevanssi_related_exclude_ids":"","_relevanssi_related_no_append":"","_relevanssi_related_not_related":"","_relevanssi_related_posts":"55,53,57,48,56,54","_relevanssi_noindex_reason":"","inline_featured_image":false,"footnotes":""},"class_list":["post-473","page","type-page","status-publish","hentry"],"acf":[],"yoast_head":"<!-- This site is optimized with the Yoast SEO Premium plugin v27.1 (Yoast SEO v27.3) - https:\/\/yoast.com\/product\/yoast-seo-premium-wordpress\/ -->\n<title>Teollisuuden Supersuunnittelija - Skol<\/title>\n<meta name=\"robots\" content=\"index, follow, max-snippet:-1, max-image-preview:large, max-video-preview:-1\" \/>\n<link rel=\"canonical\" href=\"https:\/\/teknologiateollisuus.fi\/skol\/osaaminen\/tule-muotoilemaan-tulevaisuus\/teollisuuden-supersuunnittelija\/\" \/>\n<meta property=\"og:locale\" content=\"fi_FI\" \/>\n<meta property=\"og:type\" content=\"article\" \/>\n<meta property=\"og:title\" content=\"Teollisuuden Supersuunnittelija\" \/>\n<meta property=\"og:description\" content=\"Sin\u00e4 voisit tulevaisuudessa olla&nbsp;Teollisuuden supersuunnittelija, oikea keksint\u00f6jen voimahahmo. Ei ole ihan liioiteltua sanoa, ett\u00e4 suunnittelijat ja insin\u00f6\u00f6rit ratkaisevat ilmastonmuutoksen ja monia muita kest\u00e4v\u00e4n kehityksen haasteita. Uutta teknologiaa, kiertotalouden innovaatioita ja ongelmanratkaisutaitoa tarvitaan kaikkialla arjessamme. Mihin j\u00e4tteet menev\u00e4t, mist\u00e4 vesi tulee, kuinka k\u00e4ytetyist\u00e4 raaka-aineista luodaan uutta ja ihmeellist\u00e4? Sin\u00e4 saatat tulevaisuudessa tiet\u00e4\u00e4 vastauksen. Ratkaisisit Teollisuuden superinsin\u00f6\u00f6rin\u00e4 [&hellip;]\" \/>\n<meta property=\"og:url\" content=\"https:\/\/teknologiateollisuus.fi\/skol\/osaaminen\/tule-muotoilemaan-tulevaisuus\/teollisuuden-supersuunnittelija\/\" \/>\n<meta property=\"og:site_name\" content=\"Skol\" \/>\n<meta property=\"article:modified_time\" content=\"2025-02-21T08:58:45+00:00\" \/>\n<meta property=\"og:image\" content=\"https:\/\/teknologiateollisuus.fi\/skol\/wp-content\/uploads\/sites\/6\/2024\/08\/Teollisuus.jpg\" \/>\n\t<meta property=\"og:image:width\" content=\"261\" \/>\n\t<meta property=\"og:image:height\" content=\"350\" \/>\n\t<meta property=\"og:image:type\" content=\"image\/jpeg\" \/>\n<meta name=\"twitter:card\" content=\"summary_large_image\" \/>\n<meta name=\"twitter:label1\" content=\"Arvioitu lukuaika\" \/>\n\t<meta name=\"twitter:data1\" content=\"1 minuutti\" \/>\n<script type=\"application\/ld+json\" class=\"yoast-schema-graph\">{\"@context\":\"https:\\\/\\\/schema.org\",\"@graph\":[{\"@type\":\"WebPage\",\"@id\":\"https:\\\/\\\/teknologiateollisuus.fi\\\/skol\\\/osaaminen\\\/tule-muotoilemaan-tulevaisuus\\\/teollisuuden-supersuunnittelija\\\/\",\"url\":\"https:\\\/\\\/teknologiateollisuus.fi\\\/skol\\\/osaaminen\\\/tule-muotoilemaan-tulevaisuus\\\/teollisuuden-supersuunnittelija\\\/\",\"name\":\"Teollisuuden Supersuunnittelija - Skol\",\"isPartOf\":{\"@id\":\"https:\\\/\\\/teknologiateollisuus.fi\\\/skol\\\/#website\"},\"primaryImageOfPage\":{\"@id\":\"https:\\\/\\\/teknologiateollisuus.fi\\\/skol\\\/osaaminen\\\/tule-muotoilemaan-tulevaisuus\\\/teollisuuden-supersuunnittelija\\\/#primaryimage\"},\"image\":{\"@id\":\"https:\\\/\\\/teknologiateollisuus.fi\\\/skol\\\/osaaminen\\\/tule-muotoilemaan-tulevaisuus\\\/teollisuuden-supersuunnittelija\\\/#primaryimage\"},\"thumbnailUrl\":\"https:\\\/\\\/teknologiateollisuus.fi\\\/skol\\\/wp-content\\\/uploads\\\/sites\\\/6\\\/2024\\\/08\\\/Teollisuus.jpg\",\"datePublished\":\"2024-08-07T11:55:35+00:00\",\"dateModified\":\"2025-02-21T08:58:45+00:00\",\"breadcrumb\":{\"@id\":\"https:\\\/\\\/teknologiateollisuus.fi\\\/skol\\\/osaaminen\\\/tule-muotoilemaan-tulevaisuus\\\/teollisuuden-supersuunnittelija\\\/#breadcrumb\"},\"inLanguage\":\"fi\",\"potentialAction\":[{\"@type\":\"ReadAction\",\"target\":[\"https:\\\/\\\/teknologiateollisuus.fi\\\/skol\\\/osaaminen\\\/tule-muotoilemaan-tulevaisuus\\\/teollisuuden-supersuunnittelija\\\/\"]}]},{\"@type\":\"ImageObject\",\"inLanguage\":\"fi\",\"@id\":\"https:\\\/\\\/teknologiateollisuus.fi\\\/skol\\\/osaaminen\\\/tule-muotoilemaan-tulevaisuus\\\/teollisuuden-supersuunnittelija\\\/#primaryimage\",\"url\":\"https:\\\/\\\/teknologiateollisuus.fi\\\/skol\\\/wp-content\\\/uploads\\\/sites\\\/6\\\/2024\\\/08\\\/Teollisuus.jpg\",\"contentUrl\":\"https:\\\/\\\/teknologiateollisuus.fi\\\/skol\\\/wp-content\\\/uploads\\\/sites\\\/6\\\/2024\\\/08\\\/Teollisuus.jpg\",\"width\":261,\"height\":350},{\"@type\":\"BreadcrumbList\",\"@id\":\"https:\\\/\\\/teknologiateollisuus.fi\\\/skol\\\/osaaminen\\\/tule-muotoilemaan-tulevaisuus\\\/teollisuuden-supersuunnittelija\\\/#breadcrumb\",\"itemListElement\":[{\"@type\":\"ListItem\",\"position\":1,\"name\":\"Etusivu\",\"item\":\"https:\\\/\\\/teknologiateollisuus.fi\\\/skol\\\/\"},{\"@type\":\"ListItem\",\"position\":2,\"name\":\"Osaaminen ja vetovoima\",\"item\":\"https:\\\/\\\/teknologiateollisuus.fi\\\/skol\\\/osaaminen\\\/\"},{\"@type\":\"ListItem\",\"position\":3,\"name\":\"Tule muotoilemaan tulevaisuus\",\"item\":\"https:\\\/\\\/teknologiateollisuus.fi\\\/skol\\\/osaaminen\\\/tule-muotoilemaan-tulevaisuus\\\/\"},{\"@type\":\"ListItem\",\"position\":4,\"name\":\"Teollisuuden Supersuunnittelija\"}]},{\"@type\":\"WebSite\",\"@id\":\"https:\\\/\\\/teknologiateollisuus.fi\\\/skol\\\/#website\",\"url\":\"https:\\\/\\\/teknologiateollisuus.fi\\\/skol\\\/\",\"name\":\"Skol\",\"description\":\"\",\"potentialAction\":[{\"@type\":\"SearchAction\",\"target\":{\"@type\":\"EntryPoint\",\"urlTemplate\":\"https:\\\/\\\/teknologiateollisuus.fi\\\/skol\\\/?s={search_term_string}\"},\"query-input\":{\"@type\":\"PropertyValueSpecification\",\"valueRequired\":true,\"valueName\":\"search_term_string\"}}],\"inLanguage\":\"fi\"}]}<\/script>\n<!-- \/ Yoast SEO Premium plugin. -->","yoast_head_json":{"title":"Teollisuuden Supersuunnittelija - Skol","robots":{"index":"index","follow":"follow","max-snippet":"max-snippet:-1","max-image-preview":"max-image-preview:large","max-video-preview":"max-video-preview:-1"},"canonical":"https:\/\/teknologiateollisuus.fi\/skol\/osaaminen\/tule-muotoilemaan-tulevaisuus\/teollisuuden-supersuunnittelija\/","og_locale":"fi_FI","og_type":"article","og_title":"Teollisuuden Supersuunnittelija","og_description":"Sin\u00e4 voisit tulevaisuudessa olla&nbsp;Teollisuuden supersuunnittelija, oikea keksint\u00f6jen voimahahmo. Ei ole ihan liioiteltua sanoa, ett\u00e4 suunnittelijat ja insin\u00f6\u00f6rit ratkaisevat ilmastonmuutoksen ja monia muita kest\u00e4v\u00e4n kehityksen haasteita. Uutta teknologiaa, kiertotalouden innovaatioita ja ongelmanratkaisutaitoa tarvitaan kaikkialla arjessamme. Mihin j\u00e4tteet menev\u00e4t, mist\u00e4 vesi tulee, kuinka k\u00e4ytetyist\u00e4 raaka-aineista luodaan uutta ja ihmeellist\u00e4? Sin\u00e4 saatat tulevaisuudessa tiet\u00e4\u00e4 vastauksen. Ratkaisisit Teollisuuden superinsin\u00f6\u00f6rin\u00e4 [&hellip;]","og_url":"https:\/\/teknologiateollisuus.fi\/skol\/osaaminen\/tule-muotoilemaan-tulevaisuus\/teollisuuden-supersuunnittelija\/","og_site_name":"Skol","article_modified_time":"2025-02-21T08:58:45+00:00","og_image":[{"width":261,"height":350,"url":"https:\/\/teknologiateollisuus.fi\/skol\/wp-content\/uploads\/sites\/6\/2024\/08\/Teollisuus.jpg","type":"image\/jpeg"}],"twitter_card":"summary_large_image","twitter_misc":{"Arvioitu lukuaika":"1 minuutti"},"schema":{"@context":"https:\/\/schema.org","@graph":[{"@type":"WebPage","@id":"https:\/\/teknologiateollisuus.fi\/skol\/osaaminen\/tule-muotoilemaan-tulevaisuus\/teollisuuden-supersuunnittelija\/","url":"https:\/\/teknologiateollisuus.fi\/skol\/osaaminen\/tule-muotoilemaan-tulevaisuus\/teollisuuden-supersuunnittelija\/","name":"Teollisuuden Supersuunnittelija - Skol","isPartOf":{"@id":"https:\/\/teknologiateollisuus.fi\/skol\/#website"},"primaryImageOfPage":{"@id":"https:\/\/teknologiateollisuus.fi\/skol\/osaaminen\/tule-muotoilemaan-tulevaisuus\/teollisuuden-supersuunnittelija\/#primaryimage"},"image":{"@id":"https:\/\/teknologiateollisuus.fi\/skol\/osaaminen\/tule-muotoilemaan-tulevaisuus\/teollisuuden-supersuunnittelija\/#primaryimage"},"thumbnailUrl":"https:\/\/teknologiateollisuus.fi\/skol\/wp-content\/uploads\/sites\/6\/2024\/08\/Teollisuus.jpg","datePublished":"2024-08-07T11:55:35+00:00","dateModified":"2025-02-21T08:58:45+00:00","breadcrumb":{"@id":"https:\/\/teknologiateollisuus.fi\/skol\/osaaminen\/tule-muotoilemaan-tulevaisuus\/teollisuuden-supersuunnittelija\/#breadcrumb"},"inLanguage":"fi","potentialAction":[{"@type":"ReadAction","target":["https:\/\/teknologiateollisuus.fi\/skol\/osaaminen\/tule-muotoilemaan-tulevaisuus\/teollisuuden-supersuunnittelija\/"]}]},{"@type":"ImageObject","inLanguage":"fi","@id":"https:\/\/teknologiateollisuus.fi\/skol\/osaaminen\/tule-muotoilemaan-tulevaisuus\/teollisuuden-supersuunnittelija\/#primaryimage","url":"https:\/\/teknologiateollisuus.fi\/skol\/wp-content\/uploads\/sites\/6\/2024\/08\/Teollisuus.jpg","contentUrl":"https:\/\/teknologiateollisuus.fi\/skol\/wp-content\/uploads\/sites\/6\/2024\/08\/Teollisuus.jpg","width":261,"height":350},{"@type":"BreadcrumbList","@id":"https:\/\/teknologiateollisuus.fi\/skol\/osaaminen\/tule-muotoilemaan-tulevaisuus\/teollisuuden-supersuunnittelija\/#breadcrumb","itemListElement":[{"@type":"ListItem","position":1,"name":"Etusivu","item":"https:\/\/teknologiateollisuus.fi\/skol\/"},{"@type":"ListItem","position":2,"name":"Osaaminen ja vetovoima","item":"https:\/\/teknologiateollisuus.fi\/skol\/osaaminen\/"},{"@type":"ListItem","position":3,"name":"Tule muotoilemaan tulevaisuus","item":"https:\/\/teknologiateollisuus.fi\/skol\/osaaminen\/tule-muotoilemaan-tulevaisuus\/"},{"@type":"ListItem","position":4,"name":"Teollisuuden Supersuunnittelija"}]},{"@type":"WebSite","@id":"https:\/\/teknologiateollisuus.fi\/skol\/#website","url":"https:\/\/teknologiateollisuus.fi\/skol\/","name":"Skol","description":"","potentialAction":[{"@type":"SearchAction","target":{"@type":"EntryPoint","urlTemplate":"https:\/\/teknologiateollisuus.fi\/skol\/?s={search_term_string}"},"query-input":{"@type":"PropertyValueSpecification","valueRequired":true,"valueName":"search_term_string"}}],"inLanguage":"fi"}]}},"lang":"fi","translations":{"fi":473},"pll_sync_post":[],"_links":{"self":[{"href":"https:\/\/teknologiateollisuus.fi\/skol\/wp-json\/wp\/v2\/pages\/473","targetHints":{"allow":["GET"]}}],"collection":[{"href":"https:\/\/teknologiateollisuus.fi\/skol\/wp-json\/wp\/v2\/pages"}],"about":[{"href":"https:\/\/teknologiateollisuus.fi\/skol\/wp-json\/wp\/v2\/types\/page"}],"author":[{"embeddable":true,"href":"https:\/\/teknologiateollisuus.fi\/skol\/wp-json\/wp\/v2\/users\/50"}],"replies":[{"embeddable":true,"href":"https:\/\/teknologiateollisuus.fi\/skol\/wp-json\/wp\/v2\/comments?post=473"}],"version-history":[{"count":6,"href":"https:\/\/teknologiateollisuus.fi\/skol\/wp-json\/wp\/v2\/pages\/473\/revisions"}],"predecessor-version":[{"id":2541,"href":"https:\/\/teknologiateollisuus.fi\/skol\/wp-json\/wp\/v2\/pages\/473\/revisions\/2541"}],"up":[{"embeddable":true,"href":"https:\/\/teknologiateollisuus.fi\/skol\/wp-json\/wp\/v2\/pages\/456"}],"wp:attachment":[{"href":"https:\/\/teknologiateollisuus.fi\/skol\/wp-json\/wp\/v2\/media?parent=473"}],"curies":[{"name":"wp","href":"https:\/\/api.w.org\/{rel}","templated":true}]}}