{"id":212,"date":"2024-07-09T13:17:25","date_gmt":"2024-07-09T10:17:25","guid":{"rendered":"https:\/\/teknologiateollisuus.fi\/teknologiatyonantajat\/?page_id=212"},"modified":"2026-01-16T08:50:41","modified_gmt":"2026-01-16T06:50:41","slug":"hallitus","status":"publish","type":"page","link":"https:\/\/teknologiateollisuus.fi\/teknologiatyonantajat\/yhdistys\/hallitus\/","title":{"rendered":"Hallitus"},"content":{"rendered":"\n<div class=\"em-block-hero hero-has-background-color has-background has-turquoise-background-color collapse media-position-right \">\n\t<div class=\"em-block-hero__container\">\n\t\t<div class=\"em-block-hero__content\">\n\t\t\t<div class=\"yoast-breadcrumbs\"><span><span><a href=\"https:\/\/teknologiateollisuus.fi\/teknologiatyonantajat\/\">Etusivu<\/a><\/span> <span class=\"separator\"><\/span> <span><a href=\"https:\/\/teknologiateollisuus.fi\/teknologiatyonantajat\/yhdistys\/\">Yhdistys<\/a><\/span> <span class=\"separator\"><\/span> <span class=\"breadcrumb_last\" aria-current=\"page\">Hallitus<\/span><\/span><\/div>\t\t\t\n<h1 class=\"wp-block-heading\" id=\"h-hallitus\">Hallitus<\/h1>\n\n<p>Teknologiateollisuuden ty\u00f6nantajat ry:n hallitus<\/p>\n\t\t\t<div class=\"em-block-hero__modified-date\"> P\u00e4ivitetty 16.01.2026 klo 08:50<\/div>\t\t<\/div>\n\t\t\t\t\t<figure class=\"em-block-hero__image\">\n\t\t\t\t\t\t\t<\/figure>\n\t\t\t<\/div>\n<\/div>\n\n\n\n<h2 class=\"wp-block-heading\" id=\"h-puheenjohtaja\" id=\"puheenjohtaja\">Puheenjohtaja<\/h2>\n\n\n\n<p>Hallituksen puheenjohtaja&nbsp;<strong>Tarja Takki-Halttunen<\/strong>, Halton Ventures Oy<\/p>\n\n\n\n<h2 class=\"wp-block-heading\" id=\"h-varapuheenjohtaja\" id=\"varapuheenjohtaja\">Varapuheenjohtaja<\/h2>\n\n\n\n<p>Toimitusjohtaja\u00a0<strong>Sami Ensio<\/strong>, Innofactor Oyj<\/p>\n\n\n\n<h2 class=\"wp-block-heading\" id=\"h-hallituksen-muut-jasenet\" id=\"hallituksen-muut-jasenet\">Hallituksen muut j\u00e4senet<\/h2>\n\n\n\n<p>Toimitusjohtaja&nbsp;<strong>Klaus Enwald<\/strong>, Ovako Imatra Oy Ab<\/p>\n\n\n\n<p>Toimitusjohtaja <strong>Mats Eriksson<\/strong>, Sandvik Mining and Construction Oy<\/p>\n\n\n\n<p>Toimitusjohtaja&nbsp;<strong>Niilo<\/strong>&nbsp;<strong>Fredrikson<\/strong>, Efecte Finland Oy<\/p>\n\n\n\n<p>Toimitusjohtaja\u00a0<strong>Heikki Zitting<\/strong>, Sacotec Components Oy<\/p>\n\n\n\n<p>Toimitusjohtaja\u00a0<strong>Kimmo M\u00e4\u00e4tt\u00e4nen<\/strong>, Entop Oy<\/p>\n\n\n\n<p>Toimitusjohtaja&nbsp;<strong>Juha N\u00e4kki<\/strong>, Etteplan Oyj<\/p>\n\n\n\n<p>Toimitusjohtaja&nbsp;<strong>Martti Sassi<\/strong>, Outokumpu Chrome Oy<\/p>\n\n\n\n<p>HR-johtaja\u00a0<strong>Pia Talonpoika<\/strong>, Nokia Oyj<\/p>\n\n\n\n<p>Toimitusjohtaja <strong>Juha Vierros, <\/strong>Skoda Transtech Oy<\/p>\n","protected":false},"excerpt":{"rendered":"<p>Puheenjohtaja Hallituksen puheenjohtaja&nbsp;Tarja Takki-Halttunen, Halton Ventures Oy Varapuheenjohtaja Toimitusjohtaja\u00a0Sami Ensio, Innofactor Oyj Hallituksen muut j\u00e4senet Toimitusjohtaja&nbsp;Klaus Enwald, Ovako Imatra Oy Ab Toimitusjohtaja Mats Eriksson, Sandvik Mining and Construction Oy Toimitusjohtaja&nbsp;Niilo&nbsp;Fredrikson, Efecte Finland Oy Toimitusjohtaja\u00a0Heikki Zitting, Sacotec Components Oy Toimitusjohtaja\u00a0Kimmo M\u00e4\u00e4tt\u00e4nen, Entop Oy Toimitusjohtaja&nbsp;Juha N\u00e4kki, Etteplan Oyj Toimitusjohtaja&nbsp;Martti Sassi, Outokumpu Chrome Oy HR-johtaja\u00a0Pia Talonpoika, Nokia Oyj [&hellip;]<\/p>\n","protected":false},"author":44,"featured_media":25,"parent":191,"menu_order":1,"comment_status":"closed","ping_status":"closed","template":"","meta":{"_acf_changed":false,"_relevanssi_hide_post":"","_relevanssi_hide_content":"","_relevanssi_pin_for_all":"","_relevanssi_pin_keywords":"","_relevanssi_unpin_keywords":"","_relevanssi_related_keywords":"","_relevanssi_related_include_ids":"","_relevanssi_related_exclude_ids":"","_relevanssi_related_no_append":"","_relevanssi_related_not_related":"","_relevanssi_related_posts":"1","_relevanssi_noindex_reason":"","inline_featured_image":false,"footnotes":""},"class_list":["post-212","page","type-page","status-publish","has-post-thumbnail","hentry"],"acf":[],"yoast_head":"<!-- This site is optimized with the Yoast SEO Premium plugin v27.5 (Yoast SEO v27.5) - https:\/\/yoast.com\/product\/yoast-seo-premium-wordpress\/ -->\n<title>Hallitus - Teknologiaty\u00f6nantajat<\/title>\n<meta name=\"robots\" content=\"index, follow, max-snippet:-1, max-image-preview:large, max-video-preview:-1\" \/>\n<link rel=\"canonical\" href=\"https:\/\/teknologiateollisuus.fi\/teknologiatyonantajat\/yhdistys\/hallitus\/\" \/>\n<meta property=\"og:locale\" content=\"fi_FI\" \/>\n<meta property=\"og:type\" content=\"article\" \/>\n<meta property=\"og:title\" content=\"Hallitus\" \/>\n<meta property=\"og:description\" content=\"Puheenjohtaja Hallituksen puheenjohtaja&nbsp;Tarja Takki-Halttunen, Halton Ventures Oy Varapuheenjohtaja Toimitusjohtaja\u00a0Sami Ensio, Innofactor Oyj Hallituksen muut j\u00e4senet Toimitusjohtaja&nbsp;Klaus Enwald, Ovako Imatra Oy Ab Toimitusjohtaja Mats Eriksson, Sandvik Mining and Construction Oy Toimitusjohtaja&nbsp;Niilo&nbsp;Fredrikson, Efecte Finland Oy Toimitusjohtaja\u00a0Heikki Zitting, Sacotec Components Oy Toimitusjohtaja\u00a0Kimmo M\u00e4\u00e4tt\u00e4nen, Entop Oy Toimitusjohtaja&nbsp;Juha N\u00e4kki, Etteplan Oyj Toimitusjohtaja&nbsp;Martti Sassi, Outokumpu Chrome Oy HR-johtaja\u00a0Pia Talonpoika, Nokia Oyj [&hellip;]\" \/>\n<meta property=\"og:url\" content=\"https:\/\/teknologiateollisuus.fi\/teknologiatyonantajat\/yhdistys\/hallitus\/\" \/>\n<meta property=\"og:site_name\" content=\"Teknologiaty\u00f6nantajat\" \/>\n<meta property=\"article:modified_time\" content=\"2026-01-16T06:50:41+00:00\" \/>\n<meta property=\"og:image\" content=\"https:\/\/teknologiateollisuus.fi\/teknologiatyonantajat\/wp-content\/uploads\/sites\/4\/2024\/06\/tekno-fallback.png\" \/>\n\t<meta property=\"og:image:width\" content=\"1300\" \/>\n\t<meta property=\"og:image:height\" content=\"975\" \/>\n\t<meta property=\"og:image:type\" content=\"image\/png\" \/>\n<meta name=\"twitter:card\" content=\"summary_large_image\" \/>\n<meta name=\"twitter:label1\" content=\"Arvioitu lukuaika\" \/>\n\t<meta name=\"twitter:data1\" content=\"1 minuutti\" \/>\n<script type=\"application\/ld+json\" class=\"yoast-schema-graph\">{\"@context\":\"https:\\\/\\\/schema.org\",\"@graph\":[{\"@type\":\"WebPage\",\"@id\":\"https:\\\/\\\/teknologiateollisuus.fi\\\/teknologiatyonantajat\\\/yhdistys\\\/hallitus\\\/\",\"url\":\"https:\\\/\\\/teknologiateollisuus.fi\\\/teknologiatyonantajat\\\/yhdistys\\\/hallitus\\\/\",\"name\":\"Hallitus - Teknologiaty\u00f6nantajat\",\"isPartOf\":{\"@id\":\"https:\\\/\\\/teknologiateollisuus.fi\\\/teknologiatyonantajat\\\/#website\"},\"primaryImageOfPage\":{\"@id\":\"https:\\\/\\\/teknologiateollisuus.fi\\\/teknologiatyonantajat\\\/yhdistys\\\/hallitus\\\/#primaryimage\"},\"image\":{\"@id\":\"https:\\\/\\\/teknologiateollisuus.fi\\\/teknologiatyonantajat\\\/yhdistys\\\/hallitus\\\/#primaryimage\"},\"thumbnailUrl\":\"https:\\\/\\\/teknologiateollisuus.fi\\\/teknologiatyonantajat\\\/wp-content\\\/uploads\\\/sites\\\/4\\\/2024\\\/06\\\/tekno-fallback.png\",\"datePublished\":\"2024-07-09T10:17:25+00:00\",\"dateModified\":\"2026-01-16T06:50:41+00:00\",\"breadcrumb\":{\"@id\":\"https:\\\/\\\/teknologiateollisuus.fi\\\/teknologiatyonantajat\\\/yhdistys\\\/hallitus\\\/#breadcrumb\"},\"inLanguage\":\"fi\",\"potentialAction\":[{\"@type\":\"ReadAction\",\"target\":[\"https:\\\/\\\/teknologiateollisuus.fi\\\/teknologiatyonantajat\\\/yhdistys\\\/hallitus\\\/\"]}]},{\"@type\":\"ImageObject\",\"inLanguage\":\"fi\",\"@id\":\"https:\\\/\\\/teknologiateollisuus.fi\\\/teknologiatyonantajat\\\/yhdistys\\\/hallitus\\\/#primaryimage\",\"url\":\"https:\\\/\\\/teknologiateollisuus.fi\\\/teknologiatyonantajat\\\/wp-content\\\/uploads\\\/sites\\\/4\\\/2024\\\/06\\\/tekno-fallback.png\",\"contentUrl\":\"https:\\\/\\\/teknologiateollisuus.fi\\\/teknologiatyonantajat\\\/wp-content\\\/uploads\\\/sites\\\/4\\\/2024\\\/06\\\/tekno-fallback.png\",\"width\":1300,\"height\":975},{\"@type\":\"BreadcrumbList\",\"@id\":\"https:\\\/\\\/teknologiateollisuus.fi\\\/teknologiatyonantajat\\\/yhdistys\\\/hallitus\\\/#breadcrumb\",\"itemListElement\":[{\"@type\":\"ListItem\",\"position\":1,\"name\":\"Etusivu\",\"item\":\"https:\\\/\\\/teknologiateollisuus.fi\\\/teknologiatyonantajat\\\/\"},{\"@type\":\"ListItem\",\"position\":2,\"name\":\"Yhdistys\",\"item\":\"https:\\\/\\\/teknologiateollisuus.fi\\\/teknologiatyonantajat\\\/yhdistys\\\/\"},{\"@type\":\"ListItem\",\"position\":3,\"name\":\"Hallitus\"}]},{\"@type\":\"WebSite\",\"@id\":\"https:\\\/\\\/teknologiateollisuus.fi\\\/teknologiatyonantajat\\\/#website\",\"url\":\"https:\\\/\\\/teknologiateollisuus.fi\\\/teknologiatyonantajat\\\/\",\"name\":\"Teknologiaty\u00f6nantajat\",\"description\":\"\",\"potentialAction\":[{\"@type\":\"SearchAction\",\"target\":{\"@type\":\"EntryPoint\",\"urlTemplate\":\"https:\\\/\\\/teknologiateollisuus.fi\\\/teknologiatyonantajat\\\/?s={search_term_string}\"},\"query-input\":{\"@type\":\"PropertyValueSpecification\",\"valueRequired\":true,\"valueName\":\"search_term_string\"}}],\"inLanguage\":\"fi\"}]}<\/script>\n<!-- \/ Yoast SEO Premium plugin. -->","yoast_head_json":{"title":"Hallitus - Teknologiaty\u00f6nantajat","robots":{"index":"index","follow":"follow","max-snippet":"max-snippet:-1","max-image-preview":"max-image-preview:large","max-video-preview":"max-video-preview:-1"},"canonical":"https:\/\/teknologiateollisuus.fi\/teknologiatyonantajat\/yhdistys\/hallitus\/","og_locale":"fi_FI","og_type":"article","og_title":"Hallitus","og_description":"Puheenjohtaja Hallituksen puheenjohtaja&nbsp;Tarja Takki-Halttunen, Halton Ventures Oy Varapuheenjohtaja Toimitusjohtaja\u00a0Sami Ensio, Innofactor Oyj Hallituksen muut j\u00e4senet Toimitusjohtaja&nbsp;Klaus Enwald, Ovako Imatra Oy Ab Toimitusjohtaja Mats Eriksson, Sandvik Mining and Construction Oy Toimitusjohtaja&nbsp;Niilo&nbsp;Fredrikson, Efecte Finland Oy Toimitusjohtaja\u00a0Heikki Zitting, Sacotec Components Oy Toimitusjohtaja\u00a0Kimmo M\u00e4\u00e4tt\u00e4nen, Entop Oy Toimitusjohtaja&nbsp;Juha N\u00e4kki, Etteplan Oyj Toimitusjohtaja&nbsp;Martti Sassi, Outokumpu Chrome Oy HR-johtaja\u00a0Pia Talonpoika, Nokia Oyj [&hellip;]","og_url":"https:\/\/teknologiateollisuus.fi\/teknologiatyonantajat\/yhdistys\/hallitus\/","og_site_name":"Teknologiaty\u00f6nantajat","article_modified_time":"2026-01-16T06:50:41+00:00","og_image":[{"width":1300,"height":975,"url":"https:\/\/teknologiateollisuus.fi\/teknologiatyonantajat\/wp-content\/uploads\/sites\/4\/2024\/06\/tekno-fallback.png","type":"image\/png"}],"twitter_card":"summary_large_image","twitter_misc":{"Arvioitu lukuaika":"1 minuutti"},"schema":{"@context":"https:\/\/schema.org","@graph":[{"@type":"WebPage","@id":"https:\/\/teknologiateollisuus.fi\/teknologiatyonantajat\/yhdistys\/hallitus\/","url":"https:\/\/teknologiateollisuus.fi\/teknologiatyonantajat\/yhdistys\/hallitus\/","name":"Hallitus - Teknologiaty\u00f6nantajat","isPartOf":{"@id":"https:\/\/teknologiateollisuus.fi\/teknologiatyonantajat\/#website"},"primaryImageOfPage":{"@id":"https:\/\/teknologiateollisuus.fi\/teknologiatyonantajat\/yhdistys\/hallitus\/#primaryimage"},"image":{"@id":"https:\/\/teknologiateollisuus.fi\/teknologiatyonantajat\/yhdistys\/hallitus\/#primaryimage"},"thumbnailUrl":"https:\/\/teknologiateollisuus.fi\/teknologiatyonantajat\/wp-content\/uploads\/sites\/4\/2024\/06\/tekno-fallback.png","datePublished":"2024-07-09T10:17:25+00:00","dateModified":"2026-01-16T06:50:41+00:00","breadcrumb":{"@id":"https:\/\/teknologiateollisuus.fi\/teknologiatyonantajat\/yhdistys\/hallitus\/#breadcrumb"},"inLanguage":"fi","potentialAction":[{"@type":"ReadAction","target":["https:\/\/teknologiateollisuus.fi\/teknologiatyonantajat\/yhdistys\/hallitus\/"]}]},{"@type":"ImageObject","inLanguage":"fi","@id":"https:\/\/teknologiateollisuus.fi\/teknologiatyonantajat\/yhdistys\/hallitus\/#primaryimage","url":"https:\/\/teknologiateollisuus.fi\/teknologiatyonantajat\/wp-content\/uploads\/sites\/4\/2024\/06\/tekno-fallback.png","contentUrl":"https:\/\/teknologiateollisuus.fi\/teknologiatyonantajat\/wp-content\/uploads\/sites\/4\/2024\/06\/tekno-fallback.png","width":1300,"height":975},{"@type":"BreadcrumbList","@id":"https:\/\/teknologiateollisuus.fi\/teknologiatyonantajat\/yhdistys\/hallitus\/#breadcrumb","itemListElement":[{"@type":"ListItem","position":1,"name":"Etusivu","item":"https:\/\/teknologiateollisuus.fi\/teknologiatyonantajat\/"},{"@type":"ListItem","position":2,"name":"Yhdistys","item":"https:\/\/teknologiateollisuus.fi\/teknologiatyonantajat\/yhdistys\/"},{"@type":"ListItem","position":3,"name":"Hallitus"}]},{"@type":"WebSite","@id":"https:\/\/teknologiateollisuus.fi\/teknologiatyonantajat\/#website","url":"https:\/\/teknologiateollisuus.fi\/teknologiatyonantajat\/","name":"Teknologiaty\u00f6nantajat","description":"","potentialAction":[{"@type":"SearchAction","target":{"@type":"EntryPoint","urlTemplate":"https:\/\/teknologiateollisuus.fi\/teknologiatyonantajat\/?s={search_term_string}"},"query-input":{"@type":"PropertyValueSpecification","valueRequired":true,"valueName":"search_term_string"}}],"inLanguage":"fi"}]}},"lang":"fi","translations":{"fi":212},"pll_sync_post":{},"_links":{"self":[{"href":"https:\/\/teknologiateollisuus.fi\/teknologiatyonantajat\/wp-json\/wp\/v2\/pages\/212","targetHints":{"allow":["GET"]}}],"collection":[{"href":"https:\/\/teknologiateollisuus.fi\/teknologiatyonantajat\/wp-json\/wp\/v2\/pages"}],"about":[{"href":"https:\/\/teknologiateollisuus.fi\/teknologiatyonantajat\/wp-json\/wp\/v2\/types\/page"}],"author":[{"embeddable":true,"href":"https:\/\/teknologiateollisuus.fi\/teknologiatyonantajat\/wp-json\/wp\/v2\/users\/44"}],"replies":[{"embeddable":true,"href":"https:\/\/teknologiateollisuus.fi\/teknologiatyonantajat\/wp-json\/wp\/v2\/comments?post=212"}],"version-history":[{"count":7,"href":"https:\/\/teknologiateollisuus.fi\/teknologiatyonantajat\/wp-json\/wp\/v2\/pages\/212\/revisions"}],"predecessor-version":[{"id":1834,"href":"https:\/\/teknologiateollisuus.fi\/teknologiatyonantajat\/wp-json\/wp\/v2\/pages\/212\/revisions\/1834"}],"up":[{"embeddable":true,"href":"https:\/\/teknologiateollisuus.fi\/teknologiatyonantajat\/wp-json\/wp\/v2\/pages\/191"}],"wp:featuredmedia":[{"embeddable":true,"href":"https:\/\/teknologiateollisuus.fi\/teknologiatyonantajat\/wp-json\/wp\/v2\/media\/25"}],"wp:attachment":[{"href":"https:\/\/teknologiateollisuus.fi\/teknologiatyonantajat\/wp-json\/wp\/v2\/media?parent=212"}],"curies":[{"name":"wp","href":"https:\/\/api.w.org\/{rel}","templated":true}]}}